{"id":2447,"date":"2021-09-14T15:28:33","date_gmt":"2021-09-14T15:28:33","guid":{"rendered":"https:\/\/blogsaverroes.juntadeandalucia.es\/ceipescritoralfonsogrosso\/?page_id=2447"},"modified":"2022-01-27T17:51:14","modified_gmt":"2022-01-27T17:51:14","slug":"protocolo-covid-19","status":"publish","type":"page","link":"https:\/\/blogsaverroes.juntadeandalucia.es\/ceipescritoralfonsogrosso\/protocolo-covid-19\/","title":{"rendered":"Protocolo COVID-19 Actualizaci\u00f3n 17-01-2022"},"content":{"rendered":"<h3>&nbsp;<\/h3>\n<h3>&nbsp; &nbsp; &nbsp; &nbsp;Aqu\u00ed pod\u00e9is encontrar el Protocolo de Actuaci\u00f3n anti Covid-19 que ha sido aprobado por el Consejo Escolar y que llevamos a cabo en nuestro centro.<\/h3>\n<p>&nbsp;<\/p>\n<p style=\"text-align: center\"><a href=\"https:\/\/blogsaverroes.juntadeandalucia.es\/ceipescritoralfonsogrosso\/files\/2022\/01\/PROTOCOLO-ACTUACI\u00d3N-COVID-19-CEIP-ESCRITOR-ALFONSO-GROSSO.-V.-7.pdf\"><img loading=\"lazy\" decoding=\"async\" class=\"alignnone wp-image-2453\" src=\"https:\/\/blogsaverroes.juntadeandalucia.es\/ceipescritoralfonsogrosso\/files\/2021\/09\/PORTADA-PROTOCOLO-COVID19-217x300.png\" alt=\"\" width=\"397\" height=\"549\" srcset=\"https:\/\/blogsaverroes.juntadeandalucia.es\/ceipescritoralfonsogrosso\/files\/2021\/09\/PORTADA-PROTOCOLO-COVID19-217x300.png 217w, https:\/\/blogsaverroes.juntadeandalucia.es\/ceipescritoralfonsogrosso\/files\/2021\/09\/PORTADA-PROTOCOLO-COVID19.png 540w\" sizes=\"(max-width: 397px) 100vw, 397px\" \/><\/a><\/p>\n<p>&nbsp;<\/p>\n","protected":false},"excerpt":{"rendered":"<p>&nbsp; &nbsp; &nbsp; &nbsp; &nbsp;Aqu\u00ed pod\u00e9is encontrar el Protocolo de Actuaci\u00f3n anti Covid-19 que ha sido aprobado por el Consejo Escolar y que llevamos a cabo en nuestro centro. &nbsp; &nbsp;<\/p>\n","protected":false},"author":10479,"featured_media":0,"parent":0,"menu_order":0,"comment_status":"closed","ping_status":"closed","template":"","meta":{"ngg_post_thumbnail":0,"footnotes":"","_mc_calendar":[]},"aioseo_notices":[],"post_mailing_queue_ids":[],"_links":{"self":[{"href":"https:\/\/blogsaverroes.juntadeandalucia.es\/ceipescritoralfonsogrosso\/wp-json\/wp\/v2\/pages\/2447"}],"collection":[{"href":"https:\/\/blogsaverroes.juntadeandalucia.es\/ceipescritoralfonsogrosso\/wp-json\/wp\/v2\/pages"}],"about":[{"href":"https:\/\/blogsaverroes.juntadeandalucia.es\/ceipescritoralfonsogrosso\/wp-json\/wp\/v2\/types\/page"}],"author":[{"embeddable":true,"href":"https:\/\/blogsaverroes.juntadeandalucia.es\/ceipescritoralfonsogrosso\/wp-json\/wp\/v2\/users\/10479"}],"replies":[{"embeddable":true,"href":"https:\/\/blogsaverroes.juntadeandalucia.es\/ceipescritoralfonsogrosso\/wp-json\/wp\/v2\/comments?post=2447"}],"version-history":[{"count":5,"href":"https:\/\/blogsaverroes.juntadeandalucia.es\/ceipescritoralfonsogrosso\/wp-json\/wp\/v2\/pages\/2447\/revisions"}],"predecessor-version":[{"id":2523,"href":"https:\/\/blogsaverroes.juntadeandalucia.es\/ceipescritoralfonsogrosso\/wp-json\/wp\/v2\/pages\/2447\/revisions\/2523"}],"wp:attachment":[{"href":"https:\/\/blogsaverroes.juntadeandalucia.es\/ceipescritoralfonsogrosso\/wp-json\/wp\/v2\/media?parent=2447"}],"curies":[{"name":"wp","href":"https:\/\/api.w.org\/{rel}","templated":true}]}}