{"id":2535,"date":"2022-01-30T09:45:48","date_gmt":"2022-01-30T09:45:48","guid":{"rendered":"https:\/\/blogsaverroes.juntadeandalucia.es\/ceipescritoralfonsogrosso\/?page_id=2535"},"modified":"2022-04-05T17:07:44","modified_gmt":"2022-04-05T17:07:44","slug":"soy-docente","status":"publish","type":"page","link":"https:\/\/blogsaverroes.juntadeandalucia.es\/ceipescritoralfonsogrosso\/soy-docente\/","title":{"rendered":"Soy docente\ud83d\udc69\u200d\ud83c\udfeb"},"content":{"rendered":"<p>&nbsp; &nbsp; &nbsp; &nbsp;En esta secci\u00f3n nos queremos dirigir al sector de profesores y profesoras del centro. Intentaremos resolver las dudas m\u00e1s usuales que nos vamos a encontrar en el uso del nuevo dominio. Si quer\u00e9is, ya pod\u00e9is ir probando con vuestra nueva direcci\u00f3n ya que est\u00e1 todo activado aunque no lo utilizaremos de manera pr\u00e1ctica en el centro hasta el siguiente curso escolar 2022-2023 por lo que no deb\u00e9is darle las direcciones a las familias para evitar posibles l\u00edos de cuentas.<\/p>\n<p>&nbsp; &nbsp; &nbsp; &nbsp;Lo primero que debemos tener claro es que nuestra direcci\u00f3n de correo para acceder a los servicios de Gsuite ha cambiado y, a `partir de ahora, va a resultar mucho m\u00e1s sencillo acceder y recordar. De este modo, utilizaremos nuestro usuario idea para entrar en el sistema. As\u00ed, si mi usuario idea es <em><strong>jcaband772<\/strong><\/em>, mi direcci\u00f3n de correo electr\u00f3nico para iniciar sesi\u00f3n en google ser\u00e1&nbsp;<em><strong>jcaband772@g.educaand.es<\/strong><\/em> y mi contrase\u00f1a de acceso ser\u00e1 la misma que utilizo para acceder a S\u00e9neca, Aula Virtual, Portal Docente, etc.&nbsp;<\/p>\n<p>&nbsp; &nbsp; &nbsp; &nbsp;Es verdad que muchos y muchas tenemos mucha documentaci\u00f3n alojada en la direcci\u00f3n que estamos utilizando actualmente en el centro (<em><strong>@ceipescritoralfonsogrosso.com)<\/strong><\/em> por eso dejaremos las cuentas activas alg\u00fan tiempo una vez iniciado el curso escolar 2022-2023 para que pod\u00e1is traspasaros aquello que necesit\u00e9is.<\/p>\n<p>&nbsp; &nbsp; &nbsp; &nbsp;Bueno, y ahora vamos a ir explicando qu\u00e9 tendremos que hacer en septiembre cuando lleguemos al cole y cosas que deberemos tener en cuenta.<\/p>\n<ul>\n<li>Deberemos entrar en classroom como hasta ahora pero desde la nueva direcci\u00f3n de correo, es decir la&nbsp;<em><strong>usuarioidea@g.educaand.es<\/strong><\/em> y con la misma contrase\u00f1a de S\u00e9neca.<\/li>\n<li>La creaci\u00f3n de las clases y la introducci\u00f3n de nuestros alumnos\/as en la misma se realiza desde S\u00e9neca y d\u00e1ndole a un solo bot\u00f3n. Para ello, lo imprescindible es que el equipo directivo haya asignado las tutor\u00edas en S\u00e9neca con sus alumnos y alumnas matriculados y tengamos el horario asignado.<\/li>\n<li>Una vez hecho esto, entramos en S\u00e9neca y vamos siguiendo la ruta <em><strong>Alumnado&gt;Alumnado&gt;Seguimiento acad\u00e9mico&gt;Mis alumnos y alumnas&gt;Mis alumnos y alumnas.&nbsp;<\/strong><\/em>Una vez aqu\u00ed, seleccionamos el <strong><em>curso acad\u00e9mico<\/em><\/strong> y <strong><em>Alumnado de tutor\u00eda<\/em><\/strong> (si quieres hacer una clase de classroom con tutor\u00eda de manera general) o <strong><em>Resto del alumnado<\/em><\/strong> (si quieres hacer una clase por cada asignatura que impartas). Ah\u00ed os aparecer\u00e1n todo el alumnado que hay\u00e1is seleccionado con sus direcciones de correo que ya est\u00e1n creadas. Ahora tan solo tenemos que pulsar la letra <em><strong>G <\/strong><\/em>may\u00fascula (de Google) que aparece en la esquina superior derecha. Con solo este gesto y tras varios segundos, vuestra clase estar\u00e1 creada en classroom autom\u00e1ticamente con vuestra nueva direcci\u00f3n de correo y todos los alumnos y alumnas ya introducidos.&nbsp;<\/li>\n<li>Como veis, es muy sencillo, ahora tan solo ten\u00e9is que entrar en classroom iniciando sesi\u00f3n con la direcci\u00f3n nueva y ah\u00ed tendr\u00e9is ya vuestra clase completa.<\/li>\n<li>Adem\u00e1s, tambi\u00e9n se pueden a\u00f1adir o quitar alumnos manualmente o meteros en otra clase de un compa\u00f1ero\/a en la que impart\u00e1is alguna asignatura mediante los procedimientos habituales.<\/li>\n<li>Y ahora viene la parte en la que los alumnos\/as entren en classroom. Muy f\u00e1cil tambi\u00e9n ya que S\u00e9neca les tiene creado una direcci\u00f3n de correo para trabajar y los mismos tutores legales pueden crearse las claves a trav\u00e9s de Ipasen. No obstante, en septiembre se realizar\u00e1 un listado con todas las direcciones por clase para que los padres y madres puedan entrar.<\/li>\n<li>Para aquellos maestros y maestras interinos\/as que llegan al centro en mitad del curso o bien se van a otro no hay ning\u00fan problema ya que su direcci\u00f3n de correo y claves ser\u00e1n las mismas est\u00e9 en el centro en el que est\u00e9. As\u00ed, S\u00e9neca se actualiza cada 24 horas para sincronizar su cuenta con el otro centro.<\/li>\n<\/ul>\n<p style=\"text-align: center\">&nbsp;<\/p>\n","protected":false},"excerpt":{"rendered":"<p>&nbsp; &nbsp; &nbsp; &nbsp;En esta secci\u00f3n nos queremos dirigir al sector de profesores y profesoras del centro. Intentaremos resolver las dudas m\u00e1s usuales que nos vamos a encontrar en el uso del nuevo dominio.&#46;&#46;&#46;<\/p>\n","protected":false},"author":10479,"featured_media":0,"parent":0,"menu_order":0,"comment_status":"closed","ping_status":"closed","template":"","meta":{"ngg_post_thumbnail":0,"footnotes":"","_mc_calendar":[]},"aioseo_notices":[],"post_mailing_queue_ids":[],"_links":{"self":[{"href":"https:\/\/blogsaverroes.juntadeandalucia.es\/ceipescritoralfonsogrosso\/wp-json\/wp\/v2\/pages\/2535"}],"collection":[{"href":"https:\/\/blogsaverroes.juntadeandalucia.es\/ceipescritoralfonsogrosso\/wp-json\/wp\/v2\/pages"}],"about":[{"href":"https:\/\/blogsaverroes.juntadeandalucia.es\/ceipescritoralfonsogrosso\/wp-json\/wp\/v2\/types\/page"}],"author":[{"embeddable":true,"href":"https:\/\/blogsaverroes.juntadeandalucia.es\/ceipescritoralfonsogrosso\/wp-json\/wp\/v2\/users\/10479"}],"replies":[{"embeddable":true,"href":"https:\/\/blogsaverroes.juntadeandalucia.es\/ceipescritoralfonsogrosso\/wp-json\/wp\/v2\/comments?post=2535"}],"version-history":[{"count":5,"href":"https:\/\/blogsaverroes.juntadeandalucia.es\/ceipescritoralfonsogrosso\/wp-json\/wp\/v2\/pages\/2535\/revisions"}],"predecessor-version":[{"id":2636,"href":"https:\/\/blogsaverroes.juntadeandalucia.es\/ceipescritoralfonsogrosso\/wp-json\/wp\/v2\/pages\/2535\/revisions\/2636"}],"wp:attachment":[{"href":"https:\/\/blogsaverroes.juntadeandalucia.es\/ceipescritoralfonsogrosso\/wp-json\/wp\/v2\/media?parent=2535"}],"curies":[{"name":"wp","href":"https:\/\/api.w.org\/{rel}","templated":true}]}}

<p>&nbsp; &nbsp; &nbsp; &nbsp;En esta sección nos queremos dirigir al sector de profesores y profesoras del centro. Intentaremos resolver las dudas más usuales que nos vamos a encontrar en el uso del nuevo dominio. Si queréis, ya podéis ir probando con vuestra nueva dirección ya que está todo activado aunque no lo utilizaremos de manera práctica en el centro hasta el siguiente curso escolar 2022-2023 por lo que no debéis darle las direcciones a las familias para evitar posibles líos de cuentas.</p>
<p>&nbsp; &nbsp; &nbsp; &nbsp;Lo primero que debemos tener claro es que nuestra dirección de correo para acceder a los servicios de Gsuite ha cambiado y, a `partir de ahora, va a resultar mucho más sencillo acceder y recordar. De este modo, utilizaremos nuestro usuario idea para entrar en el sistema. Así, si mi usuario idea es <em><strong>jcaband772</strong></em>, mi dirección de correo electrónico para iniciar sesión en google será&nbsp;<em><strong>jcaband772@g.educaand.es</strong></em> y mi contraseña de acceso será la misma que utilizo para acceder a Séneca, Aula Virtual, Portal Docente, etc.&nbsp;</p>
<p>&nbsp; &nbsp; &nbsp; &nbsp;Es verdad que muchos y muchas tenemos mucha documentación alojada en la dirección que estamos utilizando actualmente en el centro (<em><strong>@ceipescritoralfonsogrosso.com)</strong></em> por eso dejaremos las cuentas activas algún tiempo una vez iniciado el curso escolar 2022-2023 para que podáis traspasaros aquello que necesitéis.</p>
<p>&nbsp; &nbsp; &nbsp; &nbsp;Bueno, y ahora vamos a ir explicando qué tendremos que hacer en septiembre cuando lleguemos al cole y cosas que deberemos tener en cuenta.</p>
<ul>
<li>Deberemos entrar en classroom como hasta ahora pero desde la nueva dirección de correo, es decir la&nbsp;<em><strong>usuarioidea@g.educaand.es</strong></em> y con la misma contraseña de Séneca.</li>
<li>La creación de las clases y la introducción de nuestros alumnos/as en la misma se realiza desde Séneca y dándole a un solo botón. Para ello, lo imprescindible es que el equipo directivo haya asignado las tutorías en Séneca con sus alumnos y alumnas matriculados y tengamos el horario asignado.</li>
<li>Una vez hecho esto, entramos en Séneca y vamos siguiendo la ruta <em><strong>Alumnado&gt;Alumnado&gt;Seguimiento académico&gt;Mis alumnos y alumnas&gt;Mis alumnos y alumnas.&nbsp;</strong></em>Una vez aquí, seleccionamos el <strong><em>curso académico</em></strong> y <strong><em>Alumnado de tutoría</em></strong> (si quieres hacer una clase de classroom con tutoría de manera general) o <strong><em>Resto del alumnado</em></strong> (si quieres hacer una clase por cada asignatura que impartas). Ahí os aparecerán todo el alumnado que hayáis seleccionado con sus direcciones de correo que ya están creadas. Ahora tan solo tenemos que pulsar la letra <em><strong>G </strong></em>mayúscula (de Google) que aparece en la esquina superior derecha. Con solo este gesto y tras varios segundos, vuestra clase estará creada en classroom automáticamente con vuestra nueva dirección de correo y todos los alumnos y alumnas ya introducidos.&nbsp;</li>
<li>Como veis, es muy sencillo, ahora tan solo tenéis que entrar en classroom iniciando sesión con la dirección nueva y ahí tendréis ya vuestra clase completa.</li>
<li>Además, también se pueden añadir o quitar alumnos manualmente o meteros en otra clase de un compañero/a en la que impartáis alguna asignatura mediante los procedimientos habituales.</li>
<li>Y ahora viene la parte en la que los alumnos/as entren en classroom. Muy fácil también ya que Séneca les tiene creado una dirección de correo para trabajar y los mismos tutores legales pueden crearse las claves a través de Ipasen. No obstante, en septiembre se realizará un listado con todas las direcciones por clase para que los padres y madres puedan entrar.</li>
<li>Para aquellos maestros y maestras interinos/as que llegan al centro en mitad del curso o bien se van a otro no hay ningún problema ya que su dirección de correo y claves serán las mismas esté en el centro en el que esté. Así, Séneca se actualiza cada 24 horas para sincronizar su cuenta con el otro centro.</li>
</ul>
<p style="text-align: center">&nbsp;</p>

<p>&nbsp; &nbsp; &nbsp; &nbsp;En esta sección nos queremos dirigir al sector de profesores y profesoras del centro. Intentaremos resolver las dudas más usuales que nos vamos a encontrar en el uso del nuevo dominio.&#46;&#46;&#46;</p>
