{"id":77,"date":"2015-03-16T06:54:56","date_gmt":"2015-03-16T06:54:56","guid":{"rendered":"http:\/\/blogsaverroes.juntadeandalucia.es\/pre\/ceip\/?page_id=77"},"modified":"2026-03-18T10:56:48","modified_gmt":"2026-03-18T10:56:48","slug":"secretaria","status":"publish","type":"page","link":"https:\/\/blogsaverroes.juntadeandalucia.es\/ceipescritoralfonsogrosso\/secretaria\/","title":{"rendered":"Secretar\u00eda"},"content":{"rendered":"<p>La <strong>Secretar\u00eda<\/strong> desarrolla muchas funciones importantes en la vida de un centro, especialmente en la relaci\u00f3n que mantiene con las familias en los diferentes tr\u00e1mites administrativos a lo largo de la escolarizaci\u00f3n:&nbsp;<\/p>\n<p>Es por esto que la Web, como puerta de entrada y canal de informaci\u00f3n a la comunidad educativa, tr\u00e1mites a realizar, plazos, documentaci\u00f3n, etc., con el objetivo de conseguir una mayor <strong>transparencia, agilidad y eficiencia.<\/strong><\/p>\n<h2>Horario secretaria<\/h2>\n<table style=\"width: 98.3373%;height: 256px\" width=\"100%\" cellspacing=\"0\" cellpadding=\"4\">\n<tbody>\n<tr style=\"height: 56px\">\n<td style=\"height: 56px;width: 100%\" colspan=\"5\" valign=\"top\" width=\"100%\">\n<p align=\"center\"><span style=\"font-size: medium\">Horario secretaria<\/span><\/p>\n<\/td>\n<\/tr>\n<tr style=\"height: 56px\" valign=\"top\">\n<td style=\"height: 56px;width: 20%\" width=\"20%\">\n<p align=\"center\"><span style=\"font-size: medium\">Lunes<\/span><\/p>\n<\/td>\n<td style=\"height: 56px;width: 20.2415%\" width=\"20%\">\n<p align=\"center\"><span style=\"font-size: medium\">Martes<\/span><\/p>\n<\/td>\n<td style=\"height: 56px;width: 19.7585%\" width=\"20%\">\n<p align=\"center\"><span style=\"font-size: medium\">Miercoles<\/span><\/p>\n<\/td>\n<td style=\"height: 56px;width: 20%\" width=\"20%\">\n<p align=\"center\"><span style=\"font-size: medium\">Jueves<\/span><\/p>\n<\/td>\n<td style=\"height: 56px;width: 20%\" width=\"20%\">\n<p align=\"center\"><span style=\"font-size: medium\">Viernes<\/span><\/p>\n<\/td>\n<\/tr>\n<tr style=\"height: 56px\">\n<td style=\"height: 56px;width: 20%\" valign=\"top\" width=\"100%\">\n<p align=\"center\"><span style=\"font-size: medium\">11:00-12:00<\/span><\/p>\n<\/td>\n<td style=\"width: 20.2415%\">\n<p align=\"center\">11:00-12:00<\/p>\n<\/td>\n<td style=\"width: 19.7585%\">\n<p align=\"center\">11:00-12:00<\/p>\n<\/td>\n<td style=\"width: 20%\">\n<p align=\"center\">11:00-12:00<\/p>\n<\/td>\n<td style=\"width: 20%\">\n<p align=\"center\">11:00-12:00<\/p>\n<\/td>\n<\/tr>\n<tr style=\"height: 56px\" valign=\"top\">\n<td style=\"height: 56px;width: 20%\" width=\"20%\">\n<p align=\"center\"><span style=\"font-size: medium\">16:00-18:00<\/span><\/p>\n<\/td>\n<td style=\"height: 56px;width: 80%\" colspan=\"4\" width=\"80%\">\n<hr>\n<\/td>\n<\/tr>\n<\/tbody>\n<\/table>\n<h2>Tramites<\/h2>\n<p>Le informamos de que cualquier tr\u00e1mite que necesite realizar deber\u00e1 efectuarse de manera presencial.<\/p>\n<p>Que tipo de tramites puedes hacer:<\/p>\n<p>-Admisi\u00f3n Ordinaria escolar (1-31 de Marzo)&nbsp;<\/p>\n<p>-Admision Extraordinaria escolar (Durante todo el curso escolar)<\/p>\n<p>-Matr\u00edculacion<\/p>\n<p>&#8211;<a href=\"https:\/\/blogsaverroes.juntadeandalucia.es\/ceipescritoralfonsogrosso\/planes-y-proyectos\/\">Plan de apertura<\/a><\/p>\n<p>-Entrega de documentaci\u00f3n del alumnado<\/p>\n<p>-Becas (Se pueden pedir online)<\/p>\n<p>-Cualquier otro asunto relacionado con el alumnado<\/p>\n","protected":false},"excerpt":{"rendered":"<p>La Secretar\u00eda desarrolla muchas funciones importantes en la vida de un centro, especialmente en la relaci\u00f3n que mantiene con las familias en los diferentes tr\u00e1mites administrativos a lo largo de la escolarizaci\u00f3n:&nbsp; Es por&#46;&#46;&#46;<\/p>\n","protected":false},"author":1,"featured_media":0,"parent":0,"menu_order":0,"comment_status":"closed","ping_status":"open","template":"","meta":{"ngg_post_thumbnail":0,"footnotes":"","_mc_calendar":[]},"aioseo_notices":[],"post_mailing_queue_ids":[],"_links":{"self":[{"href":"https:\/\/blogsaverroes.juntadeandalucia.es\/ceipescritoralfonsogrosso\/wp-json\/wp\/v2\/pages\/77"}],"collection":[{"href":"https:\/\/blogsaverroes.juntadeandalucia.es\/ceipescritoralfonsogrosso\/wp-json\/wp\/v2\/pages"}],"about":[{"href":"https:\/\/blogsaverroes.juntadeandalucia.es\/ceipescritoralfonsogrosso\/wp-json\/wp\/v2\/types\/page"}],"author":[{"embeddable":true,"href":"https:\/\/blogsaverroes.juntadeandalucia.es\/ceipescritoralfonsogrosso\/wp-json\/wp\/v2\/users\/1"}],"replies":[{"embeddable":true,"href":"https:\/\/blogsaverroes.juntadeandalucia.es\/ceipescritoralfonsogrosso\/wp-json\/wp\/v2\/comments?post=77"}],"version-history":[{"count":7,"href":"https:\/\/blogsaverroes.juntadeandalucia.es\/ceipescritoralfonsogrosso\/wp-json\/wp\/v2\/pages\/77\/revisions"}],"predecessor-version":[{"id":3185,"href":"https:\/\/blogsaverroes.juntadeandalucia.es\/ceipescritoralfonsogrosso\/wp-json\/wp\/v2\/pages\/77\/revisions\/3185"}],"wp:attachment":[{"href":"https:\/\/blogsaverroes.juntadeandalucia.es\/ceipescritoralfonsogrosso\/wp-json\/wp\/v2\/media?parent=77"}],"curies":[{"name":"wp","href":"https:\/\/api.w.org\/{rel}","templated":true}]}}