{"id":2364,"date":"2020-05-15T15:05:20","date_gmt":"2020-05-15T15:05:20","guid":{"rendered":"https:\/\/blogsaverroes.juntadeandalucia.es\/ceipestrelladelmar\/?page_id=2364"},"modified":"2020-05-15T16:12:42","modified_gmt":"2020-05-15T16:12:42","slug":"plan-de-centro","status":"publish","type":"page","link":"https:\/\/blogsaverroes.juntadeandalucia.es\/ceipestrelladelmar\/plan-de-centro\/","title":{"rendered":"Proyecto Educativo"},"content":{"rendered":"<ul>\n<li><a href=\"https:\/\/drive.google.com\/file\/d\/10teAyUxc9aBb1xmpniMa8CBiJTu-6OcA\/view?usp=sharing\">A. Objetivos propios para la mejora del rendimiento escolar<\/a><\/li>\n<\/ul>\n<ul>\n<li><a href=\"https:\/\/drive.google.com\/file\/d\/1HJZgA6mih8bM8A7OxSAb9rofe1_yfVo6\/view?usp=sharing\">B. L\u00edneas generales de actuaci\u00f3n pedag\u00f3gica (actualizaci\u00f3n 30\/05\/2016)<\/a><\/li>\n<\/ul>\n<ul>\n<li>C. Coordinaci\u00f3n y concreci\u00f3n curricular, transversalidad y metodolog\u00eda- Educaci\u00f3n Primaria<\/li>\n<\/ul>\n<ul>\n<li style=\"text-align: justify\"><a href=\"https:\/\/drive.google.com\/file\/d\/15k7UJwMOev_jboH60W5Vmz7B7ltaWTzf\/view?usp=sharing\">D. Criterios pedag\u00f3gicos para la determinaci\u00f3n del horario individual del profesorado y la dedicaci\u00f3n de las personas responsables de los \u00f3rganos de coordinaci\u00f3n docente, as\u00ed como la asignaci\u00f3n de tutor\u00edas, agrupamiento del alumnado y vigilancia en los cambios de clases (actualizaci\u00f3n 06\/05\/2019)<\/a><\/li>\n<\/ul>\n<ul>\n<li><a href=\"https:\/\/drive.google.com\/file\/d\/1GrA0yOrpLuhrp41fufsRsFeMmPoQ6cjN\/view?usp=sharing\">E. Procedimiento y criterios de evaluaci\u00f3n y promoci\u00f3n (actualizaci\u00f3n 30\/05\/2016)<\/a><\/li>\n<\/ul>\n<ul>\n<li><a href=\"https:\/\/drive.google.com\/file\/d\/1MJhLl6Y36XEdxd_FeMmaQvjo-BAeKWsR\/view?usp=sharing\">F. Plan de atenci\u00f3n a la diversidad (actualizaci\u00f3n 29\/06\/2017)<\/a><\/li>\n<\/ul>\n<ul>\n<li><a href=\"https:\/\/drive.google.com\/file\/d\/1aTdKBTiIC-Hsu-4n8E0CrFEURUhw5WCg\/view?usp=sharing\">G. Organizaci\u00f3n de las actividades de refuerzo y recuperaci\u00f3n<\/a><\/li>\n<\/ul>\n<ul>\n<li><a href=\"https:\/\/drive.google.com\/file\/d\/1_B_vxCOzVN3289Vl4o4m7iQCKNjaLqKK\/view?usp=sharing\">H. Plan de Orientaci\u00f3n y Actuaci\u00f3n Tutorial (actualizaci\u00f3n 29\/06\/2017)<\/a><\/li>\n<\/ul>\n<ul>\n<li><a href=\"https:\/\/drive.google.com\/file\/d\/1e213pKf8QohtWXrvi7olSvpchvzdZP_2\/view?usp=sharing\">I. Procedimiento para suscribir compromisos educativos con las familias<\/a><\/li>\n<\/ul>\n<ul>\n<li><a href=\"https:\/\/drive.google.com\/file\/d\/19eWUV7yFOlLvicoBLJzCnyvcqZibP01m\/view?usp=sharing\">J. Plan de convivencia (actualizaci\u00f3n 06\/05\/2019)<\/a><\/li>\n<\/ul>\n<ul>\n<li><a href=\"https:\/\/drive.google.com\/file\/d\/1trnPnkeDowP-NzZAQjh4TeARzkircPkA\/view?usp=sharing\">K. Plan de formaci\u00f3n del profesorado (actualizaci\u00f3n 30\/05\/2016)<\/a><\/li>\n<\/ul>\n<ul>\n<li style=\"text-align: justify\"><a href=\"https:\/\/drive.google.com\/file\/d\/1jKNA-cXz7rEdF5IbURY4xuLnFe3ZodPk\/view?usp=sharing\">L. Criterios generales para organizar y distribuir el tiempo escolar, as\u00ed como los objetivos y programa de intervenci\u00f3n en el tiempo extraescolar (actualizaci\u00f3n 30\/05\/2016)<\/a><\/li>\n<\/ul>\n<ul>\n<li><a href=\"https:\/\/drive.google.com\/file\/d\/1KEwZ57XNh-UUfh5W-52u-m1tYgU_Dpsj\/view?usp=sharing\">M. Procedimientos de evaluaci\u00f3n interna<\/a><\/li>\n<\/ul>\n<ul>\n<li><a href=\"https:\/\/drive.google.com\/file\/d\/1x05Haw1Q4j8aXsejKy3SAnl7v5jLsHbV\/view?usp=sharing\">N. Criterios para establecer los agrupamientos del alumnado y la asignaci\u00f3n de las tutor\u00edas<\/a><\/li>\n<\/ul>\n<ul>\n<li><a href=\"https:\/\/drive.google.com\/file\/d\/1XlnqMPtjzboN-JYvi8lTICs5dGSfAsEP\/view?usp=sharing\">\u00d1. Criterios generales para la elaboraci\u00f3n de Programaciones Did\u00e1cticas y Propuestas Pedag\u00f3gicas (actualizaci\u00f3n 30\/05\/2016)<\/a><\/li>\n<\/ul>\n<p>&nbsp;<\/p>\n","protected":false},"excerpt":{"rendered":"<p>A. Objetivos propios para la mejora del rendimiento escolar B. L\u00edneas generales de actuaci\u00f3n pedag\u00f3gica (actualizaci\u00f3n 30\/05\/2016) C. Coordinaci\u00f3n y concreci\u00f3n curricular, transversalidad y metodolog\u00eda- Educaci\u00f3n Primaria D. Criterios pedag\u00f3gicos para la determinaci\u00f3n del&#46;&#46;&#46;<\/p>\n","protected":false},"author":5765,"featured_media":0,"parent":0,"menu_order":0,"comment_status":"closed","ping_status":"closed","template":"","meta":{"ngg_post_thumbnail":0,"footnotes":"","_mc_calendar":[]},"aioseo_notices":[],"_links":{"self":[{"href":"https:\/\/blogsaverroes.juntadeandalucia.es\/ceipestrelladelmar\/wp-json\/wp\/v2\/pages\/2364"}],"collection":[{"href":"https:\/\/blogsaverroes.juntadeandalucia.es\/ceipestrelladelmar\/wp-json\/wp\/v2\/pages"}],"about":[{"href":"https:\/\/blogsaverroes.juntadeandalucia.es\/ceipestrelladelmar\/wp-json\/wp\/v2\/types\/page"}],"author":[{"embeddable":true,"href":"https:\/\/blogsaverroes.juntadeandalucia.es\/ceipestrelladelmar\/wp-json\/wp\/v2\/users\/5765"}],"replies":[{"embeddable":true,"href":"https:\/\/blogsaverroes.juntadeandalucia.es\/ceipestrelladelmar\/wp-json\/wp\/v2\/comments?post=2364"}],"version-history":[{"count":19,"href":"https:\/\/blogsaverroes.juntadeandalucia.es\/ceipestrelladelmar\/wp-json\/wp\/v2\/pages\/2364\/revisions"}],"predecessor-version":[{"id":2387,"href":"https:\/\/blogsaverroes.juntadeandalucia.es\/ceipestrelladelmar\/wp-json\/wp\/v2\/pages\/2364\/revisions\/2387"}],"wp:attachment":[{"href":"https:\/\/blogsaverroes.juntadeandalucia.es\/ceipestrelladelmar\/wp-json\/wp\/v2\/media?parent=2364"}],"curies":[{"name":"wp","href":"https:\/\/api.w.org\/{rel}","templated":true}]}}