{"id":2462,"date":"2020-07-20T19:10:48","date_gmt":"2020-07-20T19:10:48","guid":{"rendered":"https:\/\/blogsaverroes.juntadeandalucia.es\/ceipestrelladelmar\/?page_id=2462"},"modified":"2020-07-20T19:23:02","modified_gmt":"2020-07-20T19:23:02","slug":"tutoriales-de-ayuda","status":"publish","type":"page","link":"https:\/\/blogsaverroes.juntadeandalucia.es\/ceipestrelladelmar\/tutoriales-de-ayuda\/","title":{"rendered":"Tutoriales de ayuda"},"content":{"rendered":"<div class=\"mYVXT\">\n<div class=\"LS81yb VICjCf\">\n<div class=\"hJDwNd-AhqUyc-uQSCkd purZT-AhqUyc-II5mzb pSzOP-AhqUyc-qWD73c JNdkSc\">\n<div class=\"JNdkSc-SmKAyb\">\n<div class=\"\">\n<div class=\"oKdM2c Kzv0Me\">\n<div id=\"h.p_enxddrzVwo8e\" class=\"hJDwNd-AhqUyc-uQSCkd jXK9ad D2fZ2 OjCsFc wHaque GNzUNc\">\n<div class=\"jXK9ad-SmKAyb\">\n<div class=\"tyJCtd mGzaTb baZpAe\">\n<ul>\n<li id=\"h.p_lEzz2OTKwo8k\" class=\"zfr3Q\"><strong><a href=\"https:\/\/www.youtube.com\/watch_popup?v=ewK-h2s6Snc&amp;t=82s\">Punto de recogida.<\/a><\/strong><\/li>\n<\/ul>\n<ul>\n<li id=\"h.p_TRujMrf5Jx37\" class=\"zfr3Q\"><strong><a href=\"https:\/\/www.youtube.com\/watch_popup?v=p8bqMdBsLd4\">Acceso a Secretar\u00eda Virtual con iANDe.<\/a><\/strong><\/li>\n<\/ul>\n<ul>\n<li id=\"h.p_yP7LJeJTJrg3\" class=\"zfr3Q\"><a href=\"https:\/\/www.youtube.com\/watch_popup?v=9Otuv3WRoD8\"><strong>iPasen: Acceso a la aplicaci\u00f3n. <\/strong><\/a><\/li>\n<\/ul>\n<ul>\n<li id=\"h.p_XHSmJ0MXxiJ6\" class=\"zfr3Q\"><a href=\"https:\/\/www.youtube.com\/watch_popup?v=3z6eWjQWnuc\"><strong>iPasen: \u00bfC\u00f3mo hacer autologin? <\/strong><\/a><\/li>\n<\/ul>\n<ul>\n<li id=\"h.p_aLMtL_NDxkUq\" class=\"zfr3Q\"><strong>Tutoriales iPasen:<\/strong>\n<ul class=\"n8H08c UVNKR\">\n<li class=\"zfr3Q\"><a href=\"https:\/\/www.youtube.com\/watch_popup?v=SiGPrsi2Wgc\"><strong>Tutorial 1<\/strong><\/a><\/li>\n<li id=\"h.p_b19XqUVmBgG6\" class=\"TYR86d zfr3Q\"><a href=\"https:\/\/view.genial.ly\/5e2ea8fa35ef460490c50afd\"><strong>Tutorial 2<\/strong><\/a><\/li>\n<\/ul>\n<\/li>\n<\/ul>\n<ul>\n<li id=\"h.p_GMSAcQ8qxnbg\" class=\"zfr3Q\"><strong><a href=\"https:\/\/www.youtube.com\/watch_popup?v=4wpfNUIgK6k&amp;t=85s\">iPasen: Restablecer contrase\u00f1a.<\/a> <\/strong><\/li>\n<\/ul>\n<ul>\n<li id=\"h.p_t2FJ0bS8w9WE\" class=\"zfr3Q\"><a href=\"https:\/\/www.youtube.com\/watch_popup?v=lJK1fPYMs30\"><strong>iPasen: PIN y contrase\u00f1a, c\u00f3mo modificarlos.&nbsp; <\/strong><\/a><\/li>\n<\/ul>\n<\/div>\n<\/div>\n<\/div>\n<\/div>\n<\/div>\n<\/div>\n<\/div>\n<\/div>\n<\/div>\n","protected":false},"excerpt":{"rendered":"<p>Punto de recogida. Acceso a Secretar\u00eda Virtual con iANDe. iPasen: Acceso a la aplicaci\u00f3n. iPasen: \u00bfC\u00f3mo hacer autologin? Tutoriales iPasen: Tutorial 1 Tutorial 2 iPasen: Restablecer contrase\u00f1a. iPasen: PIN y contrase\u00f1a, c\u00f3mo modificarlos.&nbsp;<\/p>\n","protected":false},"author":5765,"featured_media":0,"parent":0,"menu_order":0,"comment_status":"closed","ping_status":"closed","template":"","meta":{"ngg_post_thumbnail":0,"footnotes":"","_mc_calendar":[]},"aioseo_notices":[],"_links":{"self":[{"href":"https:\/\/blogsaverroes.juntadeandalucia.es\/ceipestrelladelmar\/wp-json\/wp\/v2\/pages\/2462"}],"collection":[{"href":"https:\/\/blogsaverroes.juntadeandalucia.es\/ceipestrelladelmar\/wp-json\/wp\/v2\/pages"}],"about":[{"href":"https:\/\/blogsaverroes.juntadeandalucia.es\/ceipestrelladelmar\/wp-json\/wp\/v2\/types\/page"}],"author":[{"embeddable":true,"href":"https:\/\/blogsaverroes.juntadeandalucia.es\/ceipestrelladelmar\/wp-json\/wp\/v2\/users\/5765"}],"replies":[{"embeddable":true,"href":"https:\/\/blogsaverroes.juntadeandalucia.es\/ceipestrelladelmar\/wp-json\/wp\/v2\/comments?post=2462"}],"version-history":[{"count":5,"href":"https:\/\/blogsaverroes.juntadeandalucia.es\/ceipestrelladelmar\/wp-json\/wp\/v2\/pages\/2462\/revisions"}],"predecessor-version":[{"id":2467,"href":"https:\/\/blogsaverroes.juntadeandalucia.es\/ceipestrelladelmar\/wp-json\/wp\/v2\/pages\/2462\/revisions\/2467"}],"wp:attachment":[{"href":"https:\/\/blogsaverroes.juntadeandalucia.es\/ceipestrelladelmar\/wp-json\/wp\/v2\/media?parent=2462"}],"curies":[{"name":"wp","href":"https:\/\/api.w.org\/{rel}","templated":true}]}}