{"id":35,"date":"2015-03-13T08:21:43","date_gmt":"2015-03-13T08:21:43","guid":{"rendered":"http:\/\/blogsaverroes.juntadeandalucia.es\/pre\/ceip\/?page_id=35"},"modified":"2025-05-23T11:10:20","modified_gmt":"2025-05-23T09:10:20","slug":"el-centro-2","status":"publish","type":"page","link":"https:\/\/blogsaverroes.juntadeandalucia.es\/ceipeuropacordoba\/el-centro-2\/","title":{"rendered":"NUESTRO COLEGIO"},"content":{"rendered":"<p style=\"text-align: center\"><iframe loading=\"lazy\" src=\"https:\/\/www.google.com\/maps\/embed?pb=!1m10!1m8!1m3!1d1359.36119645812!2d-4.790508449045618!3d37.876916858851956!3m2!1i1024!2i768!4f13.1!5e1!3m2!1ses!2ses!4v1553087133985\" width=\"400\" height=\"300\" frameborder=\"0\"><\/iframe><\/p>\n<p>El Colegio P\u00fablico Europa se encuentra situado en el barrio de Vista Alegre de C\u00f3rdoba en la C\/ Doctor Manuel Ruiz Maya s\/n. Es un Colegio de una l\u00ednea, que dispone de las siguientes aulas y ciclos educativos:<\/p>\n<ul>\n<li style=\"list-style-type: none\">\n<ul>\n<li>Educaci\u00f3n Infantil (2\u00ba Ciclo), niveles de 3, 4 y 5 a\u00f1os.<\/li>\n<li>Educaci\u00f3n Primaria, de 1\u00ba a 6\u00ba.<\/li>\n<li>Aula Espec\u00edfica TEA<\/li>\n<\/ul>\n<\/li>\n<\/ul>\n<p><strong><span style=\"text-decoration: underline\">UBICACI\u00d3N<\/span>:<\/strong><\/p>\n<p>C\/ Doctor Manuel Ruiz Maya s\/n. 14004 C\u00f3rdoba &#8211; C\u00d3RDOBA (ESPA\u00d1A)<\/p>\n<p>Coordenadas: 37.877205293911445, -4.790422759894047<\/p>\n<ul>\n<li style=\"list-style-type: none\">\n<ul>\n<li><strong>Tel\u00e9fonos:<\/strong> 957 37 97 23 &#8211; 957 37 97 24<\/li>\n<li><strong>Email:<\/strong> 14601156.edu@juntadeandalucia.es<\/li>\n<\/ul>\n<\/li>\n<\/ul>\n<p><strong><span style=\"text-decoration: underline\">SECRETAR\u00cdA<\/span>:<\/strong><\/p>\n<ul>\n<li style=\"list-style-type: none\">\n<ul>\n<li><strong>Tel\u00e9fono:<\/strong> 957 37 97 23<\/li>\n<li><strong>Tel\u00e9fono Corp.: <\/strong>582723<\/li>\n<li><strong>Email:<\/strong> 14601156.edu@juntadeandalucia.es<\/li>\n<\/ul>\n<\/li>\n<\/ul>\n<p><strong><span style=\"text-decoration: underline\">HORARIOS<\/span>:<\/strong><\/p>\n<div>\n<div id=\"cc-m-textwithimage-5457672517\" class=\"cc-m-textwithimage-inline-rte\">\n<ul>\n<li style=\"list-style-type: none\">\n<ul>\n<li><strong>Horario lectivo: <\/strong>De lunes a viernes de 9:00 a 14:00 h.<strong><br \/>\n<\/strong><\/li>\n<li><strong>Horario de tutor\u00eda para atenci\u00f3n a las familias: <\/strong>Lunes de 16:00 a 17:00 h.<\/li>\n<li><strong>Aula Matinal:<\/strong> De lunes a viernes de 7:30 hasta las 8:50 h.<\/li>\n<li><strong>Comedor:<\/strong> De lunes a viernes de 14:00 a 16:00 h.<\/li>\n<li><strong>Actividades Extraescolares:<\/strong> De lunes a viernes de 16:00 a 18:00 (dependiendo de la actividad elegida)<\/li>\n<\/ul>\n<\/li>\n<\/ul>\n<\/div>\n<\/div>\n","protected":false},"excerpt":{"rendered":"<p>El Colegio P\u00fablico Europa se encuentra situado en el barrio de Vista Alegre de C\u00f3rdoba en la C\/ Doctor Manuel Ruiz Maya s\/n. Es un Colegio de una l\u00ednea, que dispone de las siguientes aulas y ciclos educativos: Educaci\u00f3n Infantil (2\u00ba Ciclo), niveles de 3, 4 y 5 a\u00f1os. Educaci\u00f3n Primaria, de 1\u00ba a 6\u00ba. [&hellip;]<\/p>\n","protected":false},"author":1,"featured_media":0,"parent":0,"menu_order":0,"comment_status":"closed","ping_status":"open","template":"","meta":{"ngg_post_thumbnail":0,"footnotes":"","_mc_calendar":[]},"aioseo_notices":[],"_links":{"self":[{"href":"https:\/\/blogsaverroes.juntadeandalucia.es\/ceipeuropacordoba\/wp-json\/wp\/v2\/pages\/35"}],"collection":[{"href":"https:\/\/blogsaverroes.juntadeandalucia.es\/ceipeuropacordoba\/wp-json\/wp\/v2\/pages"}],"about":[{"href":"https:\/\/blogsaverroes.juntadeandalucia.es\/ceipeuropacordoba\/wp-json\/wp\/v2\/types\/page"}],"author":[{"embeddable":true,"href":"https:\/\/blogsaverroes.juntadeandalucia.es\/ceipeuropacordoba\/wp-json\/wp\/v2\/users\/1"}],"replies":[{"embeddable":true,"href":"https:\/\/blogsaverroes.juntadeandalucia.es\/ceipeuropacordoba\/wp-json\/wp\/v2\/comments?post=35"}],"version-history":[{"count":29,"href":"https:\/\/blogsaverroes.juntadeandalucia.es\/ceipeuropacordoba\/wp-json\/wp\/v2\/pages\/35\/revisions"}],"predecessor-version":[{"id":3881,"href":"https:\/\/blogsaverroes.juntadeandalucia.es\/ceipeuropacordoba\/wp-json\/wp\/v2\/pages\/35\/revisions\/3881"}],"wp:attachment":[{"href":"https:\/\/blogsaverroes.juntadeandalucia.es\/ceipeuropacordoba\/wp-json\/wp\/v2\/media?parent=35"}],"curies":[{"name":"wp","href":"https:\/\/api.w.org\/{rel}","templated":true}]}}