{"id":2135,"date":"2016-07-04T21:20:23","date_gmt":"2016-07-04T19:20:23","guid":{"rendered":"http:\/\/blogsaverroes.juntadeandalucia.es\/ceipeuropamontequinto\/?page_id=2135"},"modified":"2025-07-01T17:19:42","modified_gmt":"2025-07-01T15:19:42","slug":"memorias","status":"publish","type":"page","link":"https:\/\/blogsaverroes.juntadeandalucia.es\/ceipeuropamontequinto\/memorias\/","title":{"rendered":"AUTOEVALUACI\u00d3N"},"content":{"rendered":"<p>Acabado el curso acad\u00e9mico, se han elaborado la Memoria de Autoevaluaci\u00f3n y las distintas memorias de planes y proyectos que se siguen en el centro; en base a comprobar si se han alcanzado los objetivos o metas fijadas y con el fin de conseguir la mejora y el progreso de nuestro centro.<\/p>\n<p>Son un fiel reflejo del trabajo que se ha realizado en el centro escolar, durante el curso presente y que recoge las conclusiones m\u00e1s relevantes del an\u00e1lisis y evaluaci\u00f3n de la Programaci\u00f3n General Anual y de su grado de cumplimiento, con un objetivo fundamental, que es el de mejorar la planificaci\u00f3n de las necesidades del curso pr\u00f3ximo y mejorar el funcionamiento del mismo.<\/p>\n<p>A principios de curso, el Claustro de Profesores realizar\u00e1 el trabajo de Diagn\u00f3stico para determinar el Plan de Mejora y el Plan de Formaci\u00f3n del Profesorado.<\/p>\n","protected":false},"excerpt":{"rendered":"<p>Acabado el curso acad\u00e9mico, se han elaborado la Memoria de Autoevaluaci\u00f3n y las distintas memorias de planes y proyectos que se siguen en el centro; en base a comprobar si se han alcanzado los&#46;&#46;&#46;<\/p>\n","protected":false},"author":3791,"featured_media":0,"parent":0,"menu_order":0,"comment_status":"open","ping_status":"open","template":"","meta":{"ngg_post_thumbnail":0,"footnotes":"","_mc_calendar":[]},"aioseo_notices":[],"_links":{"self":[{"href":"https:\/\/blogsaverroes.juntadeandalucia.es\/ceipeuropamontequinto\/wp-json\/wp\/v2\/pages\/2135"}],"collection":[{"href":"https:\/\/blogsaverroes.juntadeandalucia.es\/ceipeuropamontequinto\/wp-json\/wp\/v2\/pages"}],"about":[{"href":"https:\/\/blogsaverroes.juntadeandalucia.es\/ceipeuropamontequinto\/wp-json\/wp\/v2\/types\/page"}],"author":[{"embeddable":true,"href":"https:\/\/blogsaverroes.juntadeandalucia.es\/ceipeuropamontequinto\/wp-json\/wp\/v2\/users\/3791"}],"replies":[{"embeddable":true,"href":"https:\/\/blogsaverroes.juntadeandalucia.es\/ceipeuropamontequinto\/wp-json\/wp\/v2\/comments?post=2135"}],"version-history":[{"count":6,"href":"https:\/\/blogsaverroes.juntadeandalucia.es\/ceipeuropamontequinto\/wp-json\/wp\/v2\/pages\/2135\/revisions"}],"predecessor-version":[{"id":8991,"href":"https:\/\/blogsaverroes.juntadeandalucia.es\/ceipeuropamontequinto\/wp-json\/wp\/v2\/pages\/2135\/revisions\/8991"}],"wp:attachment":[{"href":"https:\/\/blogsaverroes.juntadeandalucia.es\/ceipeuropamontequinto\/wp-json\/wp\/v2\/media?parent=2135"}],"curies":[{"name":"wp","href":"https:\/\/api.w.org\/{rel}","templated":true}]}}

AUTOEVALUACIÓN

<p>Acabado el curso académico, se han elaborado la Memoria de Autoevaluación y las distintas memorias de planes y proyectos que se siguen en el centro; en base a comprobar si se han alcanzado los objetivos o metas fijadas y con el fin de conseguir la mejora y el progreso de nuestro centro.</p>
<p>Son un fiel reflejo del trabajo que se ha realizado en el centro escolar, durante el curso presente y que recoge las conclusiones más relevantes del análisis y evaluación de la Programación General Anual y de su grado de cumplimiento, con un objetivo fundamental, que es el de mejorar la planificación de las necesidades del curso próximo y mejorar el funcionamiento del mismo.</p>
<p>A principios de curso, el Claustro de Profesores realizará el trabajo de Diagnóstico para determinar el Plan de Mejora y el Plan de Formación del Profesorado.</p>

<p>Acabado el curso académico, se han elaborado la Memoria de Autoevaluación y las distintas memorias de planes y proyectos que se siguen en el centro; en base a comprobar si se han alcanzado los&#46;&#46;&#46;</p>
