{"id":2613,"date":"2016-11-25T10:19:05","date_gmt":"2016-11-25T09:19:05","guid":{"rendered":"http:\/\/blogsaverroes.juntadeandalucia.es\/ceipeuropamontequinto\/?page_id=2613"},"modified":"2025-07-05T19:43:18","modified_gmt":"2025-07-05T17:43:18","slug":"secretaria-virtual","status":"publish","type":"page","link":"https:\/\/blogsaverroes.juntadeandalucia.es\/ceipeuropamontequinto\/secretaria-virtual\/","title":{"rendered":"Secretar\u00eda Virtual"},"content":{"rendered":"<p>Desde la Secretar\u00eda Virtual de la Junta de Andaluc\u00eda, podr\u00e1n realizar diferentes procedimientos y consultas, como la matr\u00edcula de cada curso escolar, la consulta del Plan de Apertura, etc.<\/p>\n<p>Pueden<a href=\"https:\/\/www.juntadeandalucia.es\/educacion\/secretariavirtual\/\"> pinchar aqu\u00ed<\/a> para acceder.<\/p>\n<p>&nbsp;<\/p>\n","protected":false},"excerpt":{"rendered":"<p>Desde la Secretar\u00eda Virtual de la Junta de Andaluc\u00eda, podr\u00e1n realizar diferentes procedimientos y consultas, como la matr\u00edcula de cada curso escolar, la consulta del Plan de Apertura, etc. Pueden pinchar aqu\u00ed para acceder.&#46;&#46;&#46;<\/p>\n","protected":false},"author":3791,"featured_media":0,"parent":0,"menu_order":0,"comment_status":"closed","ping_status":"closed","template":"","meta":{"ngg_post_thumbnail":0,"footnotes":"","_mc_calendar":[]},"aioseo_notices":[],"_links":{"self":[{"href":"https:\/\/blogsaverroes.juntadeandalucia.es\/ceipeuropamontequinto\/wp-json\/wp\/v2\/pages\/2613"}],"collection":[{"href":"https:\/\/blogsaverroes.juntadeandalucia.es\/ceipeuropamontequinto\/wp-json\/wp\/v2\/pages"}],"about":[{"href":"https:\/\/blogsaverroes.juntadeandalucia.es\/ceipeuropamontequinto\/wp-json\/wp\/v2\/types\/page"}],"author":[{"embeddable":true,"href":"https:\/\/blogsaverroes.juntadeandalucia.es\/ceipeuropamontequinto\/wp-json\/wp\/v2\/users\/3791"}],"replies":[{"embeddable":true,"href":"https:\/\/blogsaverroes.juntadeandalucia.es\/ceipeuropamontequinto\/wp-json\/wp\/v2\/comments?post=2613"}],"version-history":[{"count":12,"href":"https:\/\/blogsaverroes.juntadeandalucia.es\/ceipeuropamontequinto\/wp-json\/wp\/v2\/pages\/2613\/revisions"}],"predecessor-version":[{"id":9152,"href":"https:\/\/blogsaverroes.juntadeandalucia.es\/ceipeuropamontequinto\/wp-json\/wp\/v2\/pages\/2613\/revisions\/9152"}],"wp:attachment":[{"href":"https:\/\/blogsaverroes.juntadeandalucia.es\/ceipeuropamontequinto\/wp-json\/wp\/v2\/media?parent=2613"}],"curies":[{"name":"wp","href":"https:\/\/api.w.org\/{rel}","templated":true}]}}