{"id":6154,"date":"2023-10-19T11:15:33","date_gmt":"2023-10-19T09:15:33","guid":{"rendered":"https:\/\/blogsaverroes.juntadeandalucia.es\/ceipeuropamontequinto\/?page_id=6154"},"modified":"2026-01-23T11:55:15","modified_gmt":"2026-01-23T10:55:15","slug":"temporalizacion-y-criterios-de-evaluacion-de-6o-de-primaria","status":"publish","type":"page","link":"https:\/\/blogsaverroes.juntadeandalucia.es\/ceipeuropamontequinto\/temporalizacion-y-criterios-de-evaluacion-de-6o-de-primaria\/","title":{"rendered":"TEMPORALIZACI\u00d3N Y CRITERIOS DE EVALUACI\u00d3N DE 6\u00ba DE PRIMARIA"},"content":{"rendered":"<p><a href=\"https:\/\/drive.google.com\/drive\/folders\/1L4i5X1H_K-4KIp8PITjdfxqtOJyE2ZHZ?usp=sharing\">Desde aqu\u00ed pueden consultar las Programaciones,<\/a> la Temporalizaci\u00f3n y los Criterios de Evaluaci\u00f3n.<\/p>\n","protected":false},"excerpt":{"rendered":"<p>Desde aqu\u00ed pueden consultar las Programaciones, la Temporalizaci\u00f3n y los Criterios de Evaluaci\u00f3n.<\/p>\n","protected":false},"author":3791,"featured_media":0,"parent":0,"menu_order":0,"comment_status":"closed","ping_status":"closed","template":"","meta":{"ngg_post_thumbnail":0,"footnotes":"","_mc_calendar":[]},"aioseo_notices":[],"_links":{"self":[{"href":"https:\/\/blogsaverroes.juntadeandalucia.es\/ceipeuropamontequinto\/wp-json\/wp\/v2\/pages\/6154"}],"collection":[{"href":"https:\/\/blogsaverroes.juntadeandalucia.es\/ceipeuropamontequinto\/wp-json\/wp\/v2\/pages"}],"about":[{"href":"https:\/\/blogsaverroes.juntadeandalucia.es\/ceipeuropamontequinto\/wp-json\/wp\/v2\/types\/page"}],"author":[{"embeddable":true,"href":"https:\/\/blogsaverroes.juntadeandalucia.es\/ceipeuropamontequinto\/wp-json\/wp\/v2\/users\/3791"}],"replies":[{"embeddable":true,"href":"https:\/\/blogsaverroes.juntadeandalucia.es\/ceipeuropamontequinto\/wp-json\/wp\/v2\/comments?post=6154"}],"version-history":[{"count":5,"href":"https:\/\/blogsaverroes.juntadeandalucia.es\/ceipeuropamontequinto\/wp-json\/wp\/v2\/pages\/6154\/revisions"}],"predecessor-version":[{"id":9455,"href":"https:\/\/blogsaverroes.juntadeandalucia.es\/ceipeuropamontequinto\/wp-json\/wp\/v2\/pages\/6154\/revisions\/9455"}],"wp:attachment":[{"href":"https:\/\/blogsaverroes.juntadeandalucia.es\/ceipeuropamontequinto\/wp-json\/wp\/v2\/media?parent=6154"}],"curies":[{"name":"wp","href":"https:\/\/api.w.org\/{rel}","templated":true}]}}

TEMPORALIZACIÓN Y CRITERIOS DE EVALUACIÓN DE 6º DE PRIMARIA

<p><a href="https://drive.google.com/drive/folders/1L4i5X1H_K-4KIp8PITjdfxqtOJyE2ZHZ?usp=sharing">Desde aquí pueden consultar las Programaciones,</a> la Temporalización y los Criterios de Evaluación.</p>

<p>Desde aquí pueden consultar las Programaciones, la Temporalización y los Criterios de Evaluación.</p>
