{"id":7607,"date":"2024-11-11T10:04:37","date_gmt":"2024-11-11T09:04:37","guid":{"rendered":"https:\/\/blogsaverroes.juntadeandalucia.es\/ceipeuropamontequinto\/?page_id=7607"},"modified":"2026-01-11T20:28:48","modified_gmt":"2026-01-11T19:28:48","slug":"plan-de-centro","status":"publish","type":"page","link":"https:\/\/blogsaverroes.juntadeandalucia.es\/ceipeuropamontequinto\/plan-de-centro\/","title":{"rendered":"PLAN DE CENTRO EN RENOVACI\u00d3N"},"content":{"rendered":"<p>Desde aqu\u00ed se puede acceder al Plan de Centro y consultarlo en su totalidad.<\/p>\n<p>Todo lo que tiene un enlace est\u00e1 actualizado. Continuamos trabajando en la actualizaci\u00f3n de todo el Plan de Centro y en la publicaci\u00f3n en el Blog.<\/p>\n<p><span style=\"color: #ff0000\">(Estamos construyendo esta p\u00e1gina poco a poco por reestructuraci\u00f3n y actualizaci\u00f3n del Plan de Centro. Si necesitan conocer alg\u00fan apartado no duden en contactar con el centro y les daremos toda la informaci\u00f3n.)<\/span><\/p>\n<ol>\n<li><strong>PROYECTO CURRICULAR<\/strong><\/li>\n<\/ol>\n<ul style=\"list-style-type: circle\">\n<li>1.O.<a href=\"https:\/\/drive.google.com\/drive\/folders\/1O2GyQEQkJmd6bYWaen4G6AsX6QW4fWHo?usp=drive_link\"> AN\u00c1LISIS DEL CONTEXTO<\/a><\/li>\n<li>1.1. <a href=\"https:\/\/drive.google.com\/drive\/folders\/1uaGY6PtD3NRS9Gz4L7tvbF-RKHwXi26E?usp=sharing\">OBJETIVOS DEL CENTRO<\/a><\/li>\n<li>1.2.<a href=\"https:\/\/drive.google.com\/drive\/folders\/1DjEIvhlL95TBnRKuj2pR5D2EentwJWjv?usp=sharing\"> L\u00cdNEAS GENERALES DE ACTUACI\u00d3N PEDAG\u00d3GICA<\/a><\/li>\n<li>1.3.<a href=\"https:\/\/drive.google.com\/drive\/folders\/1fBuSHGIji0FIBEd-3PVpIuqhIyNzpvUD?usp=drive_link\"> COORDINACI\u00d3N Y CONCRECI\u00d3N DE LOS CONTENIDOS CURRICULARES AS\u00cd COMO EL TRATAMIENTO TRANSVERSAL EN LAS \u00c1REAS DE LA EDUCACI\u00d3N EN VALORES Y OTRAS ENSE\u00d1ANZAS, INTEGRANDO LA IGUALDAD DE G\u00c9NERO COMO UN OBJETIVO PRIMORDIAL.<\/a>\n<ul style=\"list-style-type: circle\">\n<li><a href=\"https:\/\/drive.google.com\/drive\/folders\/176qhaM8PmbCEjiIam_DYNz9pPjW9MWim?usp=sharing\">1.3.1. CONCRECI\u00d3N CURRICULAR<\/a><\/li>\n<li><a href=\"https:\/\/drive.google.com\/drive\/folders\/1w-obIGm84q4288upYq8Ru2aahBtI1_g4?usp=sharing\">1.3.2. PLANES Y PROYECTOS<\/a>\n<ul style=\"list-style-type: circle\">\n<li><a href=\"https:\/\/drive.google.com\/drive\/folders\/1ZoAvHlliYrDQitCCUax6u9w1C36INjMU?usp=sharing\">PLAN DE LECTURA<\/a><\/li>\n<li><a href=\"https:\/\/drive.google.com\/drive\/folders\/1ZeLHM5Zgubk5fU9ETZYPU8lM1cJORo3m?usp=sharing\">PLAN DE IGUALDAD<\/a><\/li>\n<li><a href=\"https:\/\/drive.google.com\/drive\/folders\/1NLjGX0PNU5RRiq2TENxsy4zhPTlA9jG2?usp=sharing\">PLAN DE ACTUACI\u00d3N DIGITAL<\/a><\/li>\n<li><a href=\"https:\/\/drive.google.com\/drive\/folders\/1UUmm22xUcIdlr_k5zzx8T2NbnwakGZjp?usp=sharing\">PLAN DE AUTOPROTECCI\u00d3N<\/a><\/li>\n<li><a href=\"https:\/\/drive.google.com\/drive\/folders\/1o6-0BnFyvofyZcHOwyTo5oU61AF0U4BJ?usp=sharing\">CIMA<\/a><\/li>\n<li><a href=\"https:\/\/drive.google.com\/drive\/folders\/10wLO6E4DZCIooZF09UZljm4awhhr-bK3?usp=sharing\">PLAN DE RAZONAMIENTO MATEM\u00c1TICO<\/a><\/li>\n<li><a href=\"https:\/\/drive.google.com\/drive\/folders\/1A1uDHPaVEZTYUi0I0PBPzEeHGKXntggz?usp=sharing\">PLAN DE SALUD Y BIENESTAR<\/a><\/li>\n<li><a href=\"https:\/\/drive.google.com\/drive\/folders\/1oElp8kiDnOiM6BqDs2bL9RLWj58adZQv?usp=sharing\">PLAN DE ESCUELAS VISUALES<\/a><\/li>\n<li>ESCUELA ESPACIO DE PAZ<\/li>\n<li>PLAN DE BIBLIOTECA<\/li>\n<\/ul>\n<\/li>\n<li>1.3.3. DISTRIBUCI\u00d3N TEMPORAL<\/li>\n<li>1.3.4. ATENCI\u00d3N EDUCATIVA<\/li>\n<li>1.3.5. PROGRAMACIONES&nbsp;<\/li>\n<\/ul>\n<\/li>\n<li><a href=\"https:\/\/drive.google.com\/drive\/folders\/1eL5dzx9vbfXAvZrRPUpQk7_-oopfg5Fj?usp=sharing\">1.4. CRITERIOS PEDAG\u00d3GICOS PARA LA DETERMINACI\u00d3N DE \u00d3RGANOS DE COORDINACI\u00d3N DOCENTE DEL CENTRO Y DEL HORARIO DE DEDICACI\u00d3N DE LAS PERSONAS RESPONSABLES DE <\/a>LAS DE LAS MISMAS PARA LA REALIZACI\u00d3N DE SUS FUNCIONES DE CONFORMIDAD CON EL N\u00daMERO TOTAL DE HORAS QUE A TALES EFECTOS, SE ESTABLEZCA POR ORDEN DE LA PERSONA TITULAR DE LA CONSEJER\u00cdA COMPETENTE EN MATERIA DE EDUCACI\u00d3N<\/li>\n<li>1.5. <a href=\"https:\/\/drive.google.com\/drive\/folders\/1SVgymd4wifxuPWG1yIXuqzT2Sm4YscQd?usp=sharing\">PROCEDIMIENTOS Y CRITERIOS DE EVALUACI\u00d3N<\/a>\n<ul style=\"list-style-type: circle\">\n<li><a href=\"https:\/\/drive.google.com\/drive\/folders\/1CUsJvPM_1AQATiUPYNurrqGZHfpnGNrv?usp=sharing\">1.5.1.CRITERIOS Y PROCEDIMIENTOS DE EVALUACI\u00d3N Y PROMOCI\u00d3N.<\/a><\/li>\n<li>1.5.2. MENCI\u00d3N HONOR\u00cdFICA<\/li>\n<li>1.5.3. PROCEDIMIENTO DE REVISI\u00d3N Y ACLARACI\u00d3N.<\/li>\n<\/ul>\n<\/li>\n<li>1.6. <a href=\"https:\/\/drive.google.com\/file\/d\/1g2SGY7h2jV4HXbjI_SmKrVkhGTSze0T8\/view?usp=sharing\">PLAN DE ATENCI\u00d3N A LA DIVERSIDAD<\/a><\/li>\n<li>1.7. ORGANIZACI\u00d3N DE LAS ACTIVIDADES DE REFUERZO Y RECUPERACI\u00d3N<\/li>\n<li>1.8. PLAN DE ORIENTACI\u00d3N Y ACCI\u00d3N TUTORIAL.<\/li>\n<li><a href=\"https:\/\/drive.google.com\/drive\/folders\/1UO5Nq54dE1ymoZEB_bYL__3Ub0vt3oWo?usp=sharing\">1.9. PROCEDIMIENTO PARA SUSCRIBIR COMPROMISOS EDUCATIVOS Y DE CONVIVENCIA DEL ALUMNADO<\/a><strong>.<\/strong>\n<ul>\n<li>1.9.1. <a href=\"https:\/\/drive.google.com\/file\/d\/1QlyHtOTAvIOjQ8-DqYENu3oanp3jjS2j\/view?usp=sharing\">COMPROMISO EDUCATIVO<\/a><\/li>\n<li>1.9.2.<a href=\"https:\/\/drive.google.com\/file\/d\/1EjKA9dyeqT3eKe-NSmtqjNeufQvJVVg8\/view?usp=sharing\"> COMPROMISO DE CONVIVENCIA<\/a><\/li>\n<\/ul>\n<\/li>\n<li><a href=\"https:\/\/drive.google.com\/drive\/folders\/1dV4_WhuyDgcg-8NVNB60TZuJyQcfAq_T?usp=sharing\">1.10. PLAN DE CONVIVENCIA<\/a><\/li>\n<li><a href=\"https:\/\/drive.google.com\/drive\/folders\/1WnbPsyCWKwxzeg5jsrm_UUSw-BfojgO7?usp=sharing\">1.11. PLAN DE FORMACI\u00d3N DEL PROFESORADO&nbsp;<\/a><\/li>\n<li>1.12. TIEMPO ESCOLAR\n<ul style=\"list-style-type: circle\">\n<li>1.12.1. CRITERIOS PEDAG\u00d3GICOS PARA LA ELABORACI\u00d3N DEL HORARIO LECTIVO DEL ALUMNADO<\/li>\n<li><a href=\"https:\/\/drive.google.com\/drive\/folders\/1Xl4DVcveYLXDSYVH4C-j3tCbVx34zJnP?usp=sharing\">1.12.2. HORARIO DEL PROFESORADO<\/a><\/li>\n<\/ul>\n<\/li>\n<li>1.13. <a href=\"https:\/\/drive.google.com\/drive\/folders\/1XDApa0bsX9_I9UjH4He0r_q0leXqIfHT?usp=sharing\">AUTOEVALUACI\u00d3N DEL CENTRO<\/a><\/li>\n<li><a href=\"https:\/\/drive.google.com\/drive\/folders\/1hf8fk5MmZtsZtg0B0PSiLoWcx1YhnJy3?usp=sharing\">1.14. CRITERIOS GENERALES PARA LA ELABORACI\u00d3N DE LAS PROGRAMACIONES DID\u00c1CTICAS.<\/a>\n<ul style=\"list-style-type: circle\">\n<li><a href=\"https:\/\/drive.google.com\/drive\/folders\/1KLCfEM1icqBU4DA_50Sg6lq1lZzlQ0Zj?usp=sharing\">1.14.1. CRITERIOS GENERALES PARA LA ELABORACI\u00d3N DE LAS PROGRAMACIONES DID\u00c1CTICAS.<\/a><\/li>\n<li><a href=\"https:\/\/drive.google.com\/drive\/folders\/1w5-gc40N1k6shLYVgeQ3x7-RxuaYuqiu?usp=sharing\">1.14.2. PROGRAMACIONES DID\u00c1CTICAS CURSO ACTUAL.<\/a><\/li>\n<\/ul>\n<\/li>\n<\/ul>\n<p>2. ROF<\/p>\n<ul>\n<li>PROTOCOLO OLA DE CALOR<\/li>\n<\/ul>\n","protected":false},"excerpt":{"rendered":"<p>Desde aqu\u00ed se puede acceder al Plan de Centro y consultarlo en su totalidad. Todo lo que tiene un enlace est\u00e1 actualizado. Continuamos trabajando en la actualizaci\u00f3n de todo el Plan de Centro y&#46;&#46;&#46;<\/p>\n","protected":false},"author":3791,"featured_media":0,"parent":0,"menu_order":0,"comment_status":"closed","ping_status":"closed","template":"","meta":{"ngg_post_thumbnail":0,"footnotes":"","_mc_calendar":[]},"aioseo_notices":[],"_links":{"self":[{"href":"https:\/\/blogsaverroes.juntadeandalucia.es\/ceipeuropamontequinto\/wp-json\/wp\/v2\/pages\/7607"}],"collection":[{"href":"https:\/\/blogsaverroes.juntadeandalucia.es\/ceipeuropamontequinto\/wp-json\/wp\/v2\/pages"}],"about":[{"href":"https:\/\/blogsaverroes.juntadeandalucia.es\/ceipeuropamontequinto\/wp-json\/wp\/v2\/types\/page"}],"author":[{"embeddable":true,"href":"https:\/\/blogsaverroes.juntadeandalucia.es\/ceipeuropamontequinto\/wp-json\/wp\/v2\/users\/3791"}],"replies":[{"embeddable":true,"href":"https:\/\/blogsaverroes.juntadeandalucia.es\/ceipeuropamontequinto\/wp-json\/wp\/v2\/comments?post=7607"}],"version-history":[{"count":23,"href":"https:\/\/blogsaverroes.juntadeandalucia.es\/ceipeuropamontequinto\/wp-json\/wp\/v2\/pages\/7607\/revisions"}],"predecessor-version":[{"id":9432,"href":"https:\/\/blogsaverroes.juntadeandalucia.es\/ceipeuropamontequinto\/wp-json\/wp\/v2\/pages\/7607\/revisions\/9432"}],"wp:attachment":[{"href":"https:\/\/blogsaverroes.juntadeandalucia.es\/ceipeuropamontequinto\/wp-json\/wp\/v2\/media?parent=7607"}],"curies":[{"name":"wp","href":"https:\/\/api.w.org\/{rel}","templated":true}]}}

PLAN DE CENTRO EN RENOVACIÓN

<p>Desde aquí se puede acceder al Plan de Centro y consultarlo en su totalidad.</p>
<p>Todo lo que tiene un enlace está actualizado. Continuamos trabajando en la actualización de todo el Plan de Centro y en la publicación en el Blog.</p>
<p><span style="color: #ff0000">(Estamos construyendo esta página poco a poco por reestructuración y actualización del Plan de Centro. Si necesitan conocer algún apartado no duden en contactar con el centro y les daremos toda la información.)</span></p>
<ol>
<li><strong>PROYECTO CURRICULAR</strong></li>
</ol>
<ul style="list-style-type: circle">
<li>1.O.<a href="https://drive.google.com/drive/folders/1O2GyQEQkJmd6bYWaen4G6AsX6QW4fWHo?usp=drive_link"> ANÁLISIS DEL CONTEXTO</a></li>
<li>1.1. <a href="https://drive.google.com/drive/folders/1uaGY6PtD3NRS9Gz4L7tvbF-RKHwXi26E?usp=sharing">OBJETIVOS DEL CENTRO</a></li>
<li>1.2.<a href="https://drive.google.com/drive/folders/1DjEIvhlL95TBnRKuj2pR5D2EentwJWjv?usp=sharing"> LÍNEAS GENERALES DE ACTUACIÓN PEDAGÓGICA</a></li>
<li>1.3.<a href="https://drive.google.com/drive/folders/1fBuSHGIji0FIBEd-3PVpIuqhIyNzpvUD?usp=drive_link"> COORDINACIÓN Y CONCRECIÓN DE LOS CONTENIDOS CURRICULARES ASÍ COMO EL TRATAMIENTO TRANSVERSAL EN LAS ÁREAS DE LA EDUCACIÓN EN VALORES Y OTRAS ENSEÑANZAS, INTEGRANDO LA IGUALDAD DE GÉNERO COMO UN OBJETIVO PRIMORDIAL.</a>
<ul style="list-style-type: circle">
<li><a href="https://drive.google.com/drive/folders/176qhaM8PmbCEjiIam_DYNz9pPjW9MWim?usp=sharing">1.3.1. CONCRECIÓN CURRICULAR</a></li>
<li><a href="https://drive.google.com/drive/folders/1w-obIGm84q4288upYq8Ru2aahBtI1_g4?usp=sharing">1.3.2. PLANES Y PROYECTOS</a>
<ul style="list-style-type: circle">
<li><a href="https://drive.google.com/drive/folders/1ZoAvHlliYrDQitCCUax6u9w1C36INjMU?usp=sharing">PLAN DE LECTURA</a></li>
<li><a href="https://drive.google.com/drive/folders/1ZeLHM5Zgubk5fU9ETZYPU8lM1cJORo3m?usp=sharing">PLAN DE IGUALDAD</a></li>
<li><a href="https://drive.google.com/drive/folders/1NLjGX0PNU5RRiq2TENxsy4zhPTlA9jG2?usp=sharing">PLAN DE ACTUACIÓN DIGITAL</a></li>
<li><a href="https://drive.google.com/drive/folders/1UUmm22xUcIdlr_k5zzx8T2NbnwakGZjp?usp=sharing">PLAN DE AUTOPROTECCIÓN</a></li>
<li><a href="https://drive.google.com/drive/folders/1o6-0BnFyvofyZcHOwyTo5oU61AF0U4BJ?usp=sharing">CIMA</a></li>
<li><a href="https://drive.google.com/drive/folders/10wLO6E4DZCIooZF09UZljm4awhhr-bK3?usp=sharing">PLAN DE RAZONAMIENTO MATEMÁTICO</a></li>
<li><a href="https://drive.google.com/drive/folders/1A1uDHPaVEZTYUi0I0PBPzEeHGKXntggz?usp=sharing">PLAN DE SALUD Y BIENESTAR</a></li>
<li><a href="https://drive.google.com/drive/folders/1oElp8kiDnOiM6BqDs2bL9RLWj58adZQv?usp=sharing">PLAN DE ESCUELAS VISUALES</a></li>
<li>ESCUELA ESPACIO DE PAZ</li>
<li>PLAN DE BIBLIOTECA</li>
</ul>
</li>
<li>1.3.3. DISTRIBUCIÓN TEMPORAL</li>
<li>1.3.4. ATENCIÓN EDUCATIVA</li>
<li>1.3.5. PROGRAMACIONES&nbsp;</li>
</ul>
</li>
<li><a href="https://drive.google.com/drive/folders/1eL5dzx9vbfXAvZrRPUpQk7_-oopfg5Fj?usp=sharing">1.4. CRITERIOS PEDAGÓGICOS PARA LA DETERMINACIÓN DE ÓRGANOS DE COORDINACIÓN DOCENTE DEL CENTRO Y DEL HORARIO DE DEDICACIÓN DE LAS PERSONAS RESPONSABLES DE </a>LAS DE LAS MISMAS PARA LA REALIZACIÓN DE SUS FUNCIONES DE CONFORMIDAD CON EL NÚMERO TOTAL DE HORAS QUE A TALES EFECTOS, SE ESTABLEZCA POR ORDEN DE LA PERSONA TITULAR DE LA CONSEJERÍA COMPETENTE EN MATERIA DE EDUCACIÓN</li>
<li>1.5. <a href="https://drive.google.com/drive/folders/1SVgymd4wifxuPWG1yIXuqzT2Sm4YscQd?usp=sharing">PROCEDIMIENTOS Y CRITERIOS DE EVALUACIÓN</a>
<ul style="list-style-type: circle">
<li><a href="https://drive.google.com/drive/folders/1CUsJvPM_1AQATiUPYNurrqGZHfpnGNrv?usp=sharing">1.5.1.CRITERIOS Y PROCEDIMIENTOS DE EVALUACIÓN Y PROMOCIÓN.</a></li>
<li>1.5.2. MENCIÓN HONORÍFICA</li>
<li>1.5.3. PROCEDIMIENTO DE REVISIÓN Y ACLARACIÓN.</li>
</ul>
</li>
<li>1.6. <a href="https://drive.google.com/file/d/1g2SGY7h2jV4HXbjI_SmKrVkhGTSze0T8/view?usp=sharing">PLAN DE ATENCIÓN A LA DIVERSIDAD</a></li>
<li>1.7. ORGANIZACIÓN DE LAS ACTIVIDADES DE REFUERZO Y RECUPERACIÓN</li>
<li>1.8. PLAN DE ORIENTACIÓN Y ACCIÓN TUTORIAL.</li>
<li><a href="https://drive.google.com/drive/folders/1UO5Nq54dE1ymoZEB_bYL__3Ub0vt3oWo?usp=sharing">1.9. PROCEDIMIENTO PARA SUSCRIBIR COMPROMISOS EDUCATIVOS Y DE CONVIVENCIA DEL ALUMNADO</a><strong>.</strong>
<ul>
<li>1.9.1. <a href="https://drive.google.com/file/d/1QlyHtOTAvIOjQ8-DqYENu3oanp3jjS2j/view?usp=sharing">COMPROMISO EDUCATIVO</a></li>
<li>1.9.2.<a href="https://drive.google.com/file/d/1EjKA9dyeqT3eKe-NSmtqjNeufQvJVVg8/view?usp=sharing"> COMPROMISO DE CONVIVENCIA</a></li>
</ul>
</li>
<li><a href="https://drive.google.com/drive/folders/1dV4_WhuyDgcg-8NVNB60TZuJyQcfAq_T?usp=sharing">1.10. PLAN DE CONVIVENCIA</a></li>
<li><a href="https://drive.google.com/drive/folders/1WnbPsyCWKwxzeg5jsrm_UUSw-BfojgO7?usp=sharing">1.11. PLAN DE FORMACIÓN DEL PROFESORADO&nbsp;</a></li>
<li>1.12. TIEMPO ESCOLAR
<ul style="list-style-type: circle">
<li>1.12.1. CRITERIOS PEDAGÓGICOS PARA LA ELABORACIÓN DEL HORARIO LECTIVO DEL ALUMNADO</li>
<li><a href="https://drive.google.com/drive/folders/1Xl4DVcveYLXDSYVH4C-j3tCbVx34zJnP?usp=sharing">1.12.2. HORARIO DEL PROFESORADO</a></li>
</ul>
</li>
<li>1.13. <a href="https://drive.google.com/drive/folders/1XDApa0bsX9_I9UjH4He0r_q0leXqIfHT?usp=sharing">AUTOEVALUACIÓN DEL CENTRO</a></li>
<li><a href="https://drive.google.com/drive/folders/1hf8fk5MmZtsZtg0B0PSiLoWcx1YhnJy3?usp=sharing">1.14. CRITERIOS GENERALES PARA LA ELABORACIÓN DE LAS PROGRAMACIONES DIDÁCTICAS.</a>
<ul style="list-style-type: circle">
<li><a href="https://drive.google.com/drive/folders/1KLCfEM1icqBU4DA_50Sg6lq1lZzlQ0Zj?usp=sharing">1.14.1. CRITERIOS GENERALES PARA LA ELABORACIÓN DE LAS PROGRAMACIONES DIDÁCTICAS.</a></li>
<li><a href="https://drive.google.com/drive/folders/1w5-gc40N1k6shLYVgeQ3x7-RxuaYuqiu?usp=sharing">1.14.2. PROGRAMACIONES DIDÁCTICAS CURSO ACTUAL.</a></li>
</ul>
</li>
</ul>
<p>2. ROF</p>
<ul>
<li>PROTOCOLO OLA DE CALOR</li>
</ul>

<p>Desde aquí se puede acceder al Plan de Centro y consultarlo en su totalidad. Todo lo que tiene un enlace está actualizado. Continuamos trabajando en la actualización de todo el Plan de Centro y&#46;&#46;&#46;</p>
