{"id":8586,"date":"2025-05-07T11:38:17","date_gmt":"2025-05-07T09:38:17","guid":{"rendered":"https:\/\/blogsaverroes.juntadeandalucia.es\/ceipeuropamontequinto\/?page_id=8586"},"modified":"2025-05-07T11:38:17","modified_gmt":"2025-05-07T09:38:17","slug":"becas-neae","status":"publish","type":"page","link":"https:\/\/blogsaverroes.juntadeandalucia.es\/ceipeuropamontequinto\/becas-neae\/","title":{"rendered":"BECAS NEAE"},"content":{"rendered":"<p>El pasado 25 de abril de 2025 se public\u00f3 en el BOE el extracto de la Resoluci\u00f3n de la Secretar\u00eda de Estado de Educaci\u00f3n por la que se convocan las Ayudas para Alumnado con Necesidad Espec\u00edfica de Apoyo Educativo (NEAE) correspondientes al curso acad\u00e9mico 2025-2026.<\/p>\n<p><strong>Plazo de presentaci\u00f3n de solicitudes:<\/strong> Desde el 30 de abril de 2025 a las 08:00 h (hora peninsular) hasta el 11 de septiembre de 2025 a las 24:00 h(hora peninsular), ambos inclusive.<br \/>\nSolo se admitir\u00e1n solicitudes fuera de plazo cuando la necesidad se haya producido posteriormente y se acredite documentalmente, siempre antes del 31 de enero de 2026, y siempre que la situaci\u00f3n no admita demora por su naturaleza.<br \/>\nToda la informaci\u00f3n actualizada sobre la convocatoria est\u00e1 disponible en el Portal de Becas.<\/p>\n<p><strong><u>Principales novedades y aspectos a tener en cuenta:<\/u><\/strong><\/p>\n<ol>\n<li><strong>Formulario de solicitud:<\/strong><br \/>\n\u2022 Debe cumplimentarse y teletramitarse exclusivamente a trav\u00e9s de la sede electr\u00f3nica del Ministerio<br \/>\nde Educaci\u00f3n, Formaci\u00f3n Profesional y Deportes.<br \/>\n\u2022 No ser\u00e1 necesario entregar el formulario en papel en el centro educativo.<br \/>\n\u2022 El alumno\/a deber\u00e1 figurar como titular o cotitular de la cuenta corriente indicada en la solicitud y<br \/>\ndisponer de un NIF\/NIE v\u00e1lido tanto en Hacienda como en S\u00e9neca. En caso contrario, no podr\u00e1<br \/>\ntramitarse el pago.<\/li>\n<li><strong> Documentaci\u00f3n adicional a aportar por los solicitantes:<\/strong><br \/>\n\u2022 Toda documentaci\u00f3n complementaria debe presentarse por los solicitantes a trav\u00e9s de la Secretar\u00eda<br \/>\nVirtual de Centros de la Junta de Andaluc\u00eda.<br \/>\n\u2022 Documentos requeridos, si es el caso:<br \/>\n\u2022 Anexo VI (Certificado de Gabinetes) correspondiente a la ayuda de reeducaci\u00f3n pedag\u00f3gica o del lenguaje o el programa espec\u00edfico para alumnado de altas capacidades. El modelo del Anexo VI est\u00e1 disponible en la convocatoria y en el Portal de Becas.<br \/>\n\u2022 Certificado de discapacidad<br \/>\n\u2022 Certificado TEA<br \/>\n\u2022 Adem\u00e1s, deber\u00e1n presentar documentaci\u00f3n adicional aquellas personas cuya unidad familiar se<br \/>\nencuentre en alguna de las siguientes situaciones:<br \/>\n\u2022 Ingresos percibidos en el extranjero no declarados en Espa\u00f1a en el ejercicio anterior.<br \/>\n\u2022 Declaraci\u00f3n de la renta presentada en el Pa\u00eds Vasco.<br \/>\n\u2022 Unidad familiar declarada como independiente.<br \/>\n\u2022 NIF\/NIE de alg\u00fan miembro computable no validado.<br \/>\n\u2022 Falta de inclusi\u00f3n de un progenitor en la unidad familiar.<\/li>\n<li><strong>Orden de presentaci\u00f3n:<\/strong><\/li>\n<\/ol>\n<ul>\n<li>La documentaci\u00f3n adicional no podr\u00e1 presentarse antes de haber completado la teletramitaci\u00f3n del formulario en la sede electr\u00f3nica del Ministerio.<br \/>\n\u2022 La solicitud no ser\u00e1 v\u00e1lida si no se ha realizado previamente el tr\u00e1mite referido.<\/li>\n<\/ul>\n<ol start=\"4\">\n<li><strong>Tr\u00e1mite de documentaci\u00f3n adjunta a realizar por los solicitantes<\/strong><\/li>\n<\/ol>\n<ul>\n<li>El tr\u00e1mite debe ser realizado por la persona solicitante mediante clave IANDE, disponible en la app<br \/>\niPasen y requerir\u00e1n el localizador de la solicitud de la Convocatoria tramitada en la sede electr\u00f3nica<br \/>\ndel Ministerio.<br \/>\n\u2022 Al finalizar el tr\u00e1mite, deber\u00e1n guardar el resguardo de presentaci\u00f3n (PDF con sello de registro), que<br \/>\nacredita haber finalizado con \u00e9xito la presentaci\u00f3n de su tr\u00e1mite en plazo y forma<\/li>\n<\/ul>\n<p>TODA LA INFORMACI\u00d3N EN: <a href=\"https:\/\/www.educacionfpydeportes.gob.es\/servicios-al-ciudadano\/catalogo\/general\/05\/050140\/ficha\/050140-2025.html\">https:\/\/www.educacionfpydeportes.gob.es\/servicios-al-ciudadano\/catalogo\/general\/05\/050140\/ficha\/050140-2025.html<\/a><\/p>\n","protected":false},"excerpt":{"rendered":"<p>El pasado 25 de abril de 2025 se public\u00f3 en el BOE el extracto de la Resoluci\u00f3n de la Secretar\u00eda de Estado de Educaci\u00f3n por la que se convocan las Ayudas para Alumnado con&#46;&#46;&#46;<\/p>\n","protected":false},"author":3791,"featured_media":0,"parent":0,"menu_order":0,"comment_status":"closed","ping_status":"closed","template":"","meta":{"ngg_post_thumbnail":0,"footnotes":"","_mc_calendar":[]},"aioseo_notices":[],"_links":{"self":[{"href":"https:\/\/blogsaverroes.juntadeandalucia.es\/ceipeuropamontequinto\/wp-json\/wp\/v2\/pages\/8586"}],"collection":[{"href":"https:\/\/blogsaverroes.juntadeandalucia.es\/ceipeuropamontequinto\/wp-json\/wp\/v2\/pages"}],"about":[{"href":"https:\/\/blogsaverroes.juntadeandalucia.es\/ceipeuropamontequinto\/wp-json\/wp\/v2\/types\/page"}],"author":[{"embeddable":true,"href":"https:\/\/blogsaverroes.juntadeandalucia.es\/ceipeuropamontequinto\/wp-json\/wp\/v2\/users\/3791"}],"replies":[{"embeddable":true,"href":"https:\/\/blogsaverroes.juntadeandalucia.es\/ceipeuropamontequinto\/wp-json\/wp\/v2\/comments?post=8586"}],"version-history":[{"count":1,"href":"https:\/\/blogsaverroes.juntadeandalucia.es\/ceipeuropamontequinto\/wp-json\/wp\/v2\/pages\/8586\/revisions"}],"predecessor-version":[{"id":8588,"href":"https:\/\/blogsaverroes.juntadeandalucia.es\/ceipeuropamontequinto\/wp-json\/wp\/v2\/pages\/8586\/revisions\/8588"}],"wp:attachment":[{"href":"https:\/\/blogsaverroes.juntadeandalucia.es\/ceipeuropamontequinto\/wp-json\/wp\/v2\/media?parent=8586"}],"curies":[{"name":"wp","href":"https:\/\/api.w.org\/{rel}","templated":true}]}}

<p>El pasado 25 de abril de 2025 se publicó en el BOE el extracto de la Resolución de la Secretaría de Estado de Educación por la que se convocan las Ayudas para Alumnado con Necesidad Específica de Apoyo Educativo (NEAE) correspondientes al curso académico 2025-2026.</p>
<p><strong>Plazo de presentación de solicitudes:</strong> Desde el 30 de abril de 2025 a las 08:00 h (hora peninsular) hasta el 11 de septiembre de 2025 a las 24:00 h(hora peninsular), ambos inclusive.<br />
Solo se admitirán solicitudes fuera de plazo cuando la necesidad se haya producido posteriormente y se acredite documentalmente, siempre antes del 31 de enero de 2026, y siempre que la situación no admita demora por su naturaleza.<br />
Toda la información actualizada sobre la convocatoria está disponible en el Portal de Becas.</p>
<p><strong><u>Principales novedades y aspectos a tener en cuenta:</u></strong></p>
<ol>
<li><strong>Formulario de solicitud:</strong><br />
• Debe cumplimentarse y teletramitarse exclusivamente a través de la sede electrónica del Ministerio<br />
de Educación, Formación Profesional y Deportes.<br />
• No será necesario entregar el formulario en papel en el centro educativo.<br />
• El alumno/a deberá figurar como titular o cotitular de la cuenta corriente indicada en la solicitud y<br />
disponer de un NIF/NIE válido tanto en Hacienda como en Séneca. En caso contrario, no podrá<br />
tramitarse el pago.</li>
<li><strong> Documentación adicional a aportar por los solicitantes:</strong><br />
• Toda documentación complementaria debe presentarse por los solicitantes a través de la Secretaría<br />
Virtual de Centros de la Junta de Andalucía.<br />
• Documentos requeridos, si es el caso:<br />
• Anexo VI (Certificado de Gabinetes) correspondiente a la ayuda de reeducación pedagógica o del lenguaje o el programa específico para alumnado de altas capacidades. El modelo del Anexo VI está disponible en la convocatoria y en el Portal de Becas.<br />
• Certificado de discapacidad<br />
• Certificado TEA<br />
• Además, deberán presentar documentación adicional aquellas personas cuya unidad familiar se<br />
encuentre en alguna de las siguientes situaciones:<br />
• Ingresos percibidos en el extranjero no declarados en España en el ejercicio anterior.<br />
• Declaración de la renta presentada en el País Vasco.<br />
• Unidad familiar declarada como independiente.<br />
• NIF/NIE de algún miembro computable no validado.<br />
• Falta de inclusión de un progenitor en la unidad familiar.</li>
<li><strong>Orden de presentación:</strong></li>
</ol>
<ul>
<li>La documentación adicional no podrá presentarse antes de haber completado la teletramitación del formulario en la sede electrónica del Ministerio.<br />
• La solicitud no será válida si no se ha realizado previamente el trámite referido.</li>
</ul>
<ol start="4">
<li><strong>Trámite de documentación adjunta a realizar por los solicitantes</strong></li>
</ol>
<ul>
<li>El trámite debe ser realizado por la persona solicitante mediante clave IANDE, disponible en la app<br />
iPasen y requerirán el localizador de la solicitud de la Convocatoria tramitada en la sede electrónica<br />
del Ministerio.<br />
• Al finalizar el trámite, deberán guardar el resguardo de presentación (PDF con sello de registro), que<br />
acredita haber finalizado con éxito la presentación de su trámite en plazo y forma</li>
</ul>
<p>TODA LA INFORMACIÓN EN: <a href="https://www.educacionfpydeportes.gob.es/servicios-al-ciudadano/catalogo/general/05/050140/ficha/050140-2025.html">https://www.educacionfpydeportes.gob.es/servicios-al-ciudadano/catalogo/general/05/050140/ficha/050140-2025.html</a></p>

<p>El pasado 25 de abril de 2025 se publicó en el BOE el extracto de la Resolución de la Secretaría de Estado de Educación por la que se convocan las Ayudas para Alumnado con&#46;&#46;&#46;</p>
