{"id":9159,"date":"2025-07-05T19:55:24","date_gmt":"2025-07-05T17:55:24","guid":{"rendered":"https:\/\/blogsaverroes.juntadeandalucia.es\/ceipeuropamontequinto\/?page_id=9159"},"modified":"2025-07-06T19:58:41","modified_gmt":"2025-07-06T17:58:41","slug":"plan-de-autoproteccion-y-riesgos-laborales","status":"publish","type":"page","link":"https:\/\/blogsaverroes.juntadeandalucia.es\/ceipeuropamontequinto\/plan-de-autoproteccion-y-riesgos-laborales\/","title":{"rendered":"PLAN DE AUTOPROTECCI\u00d3N Y RIESGOS LABORALES"},"content":{"rendered":"<p>PLAN DE AUTOPROTECCI\u00d3N DEL CENTRO Y RIESGOS LABORALES<\/p>\n<p>Coordinado por Luc\u00eda Li\u00f1\u00e1n.<\/p>\n<p>Pod\u00e9is consultar todo sobre nuestro programa aqu\u00ed:<a href=\"https:\/\/blogsaverroes.juntadeandalucia.es\/ceipeuropamontequinto\/files\/2025\/07\/PLAN-AUTOPROTECCION-CEIP-EUROPA.pdf\">PLAN AUTOPROTECCI\u00d3N CEIP EUROPA<\/a><\/p>\n<p>&nbsp;<\/p>\n","protected":false},"excerpt":{"rendered":"<p>PLAN DE AUTOPROTECCI\u00d3N DEL CENTRO Y RIESGOS LABORALES Coordinado por Luc\u00eda Li\u00f1\u00e1n. Pod\u00e9is consultar todo sobre nuestro programa aqu\u00ed:PLAN AUTOPROTECCI\u00d3N CEIP EUROPA &nbsp;<\/p>\n","protected":false},"author":3791,"featured_media":0,"parent":0,"menu_order":0,"comment_status":"closed","ping_status":"closed","template":"","meta":{"ngg_post_thumbnail":0,"footnotes":"","_mc_calendar":[]},"aioseo_notices":[],"_links":{"self":[{"href":"https:\/\/blogsaverroes.juntadeandalucia.es\/ceipeuropamontequinto\/wp-json\/wp\/v2\/pages\/9159"}],"collection":[{"href":"https:\/\/blogsaverroes.juntadeandalucia.es\/ceipeuropamontequinto\/wp-json\/wp\/v2\/pages"}],"about":[{"href":"https:\/\/blogsaverroes.juntadeandalucia.es\/ceipeuropamontequinto\/wp-json\/wp\/v2\/types\/page"}],"author":[{"embeddable":true,"href":"https:\/\/blogsaverroes.juntadeandalucia.es\/ceipeuropamontequinto\/wp-json\/wp\/v2\/users\/3791"}],"replies":[{"embeddable":true,"href":"https:\/\/blogsaverroes.juntadeandalucia.es\/ceipeuropamontequinto\/wp-json\/wp\/v2\/comments?post=9159"}],"version-history":[{"count":4,"href":"https:\/\/blogsaverroes.juntadeandalucia.es\/ceipeuropamontequinto\/wp-json\/wp\/v2\/pages\/9159\/revisions"}],"predecessor-version":[{"id":9174,"href":"https:\/\/blogsaverroes.juntadeandalucia.es\/ceipeuropamontequinto\/wp-json\/wp\/v2\/pages\/9159\/revisions\/9174"}],"wp:attachment":[{"href":"https:\/\/blogsaverroes.juntadeandalucia.es\/ceipeuropamontequinto\/wp-json\/wp\/v2\/media?parent=9159"}],"curies":[{"name":"wp","href":"https:\/\/api.w.org\/{rel}","templated":true}]}}

PLAN DE AUTOPROTECCIÓN Y RIESGOS LABORALES

<p>PLAN DE AUTOPROTECCIÓN DEL CENTRO Y RIESGOS LABORALES</p>
<p>Coordinado por Lucía Liñán.</p>
<p>Podéis consultar todo sobre nuestro programa aquí:<a href="https://blogsaverroes.juntadeandalucia.es/ceipeuropamontequinto/files/2025/07/PLAN-AUTOPROTECCION-CEIP-EUROPA.pdf">PLAN AUTOPROTECCIÓN CEIP EUROPA</a></p>
<p>&nbsp;</p>

<p>PLAN DE AUTOPROTECCIÓN DEL CENTRO Y RIESGOS LABORALES Coordinado por Lucía Liñán. Podéis consultar todo sobre nuestro programa aquí:PLAN AUTOPROTECCIÓN CEIP EUROPA &nbsp;</p>
