{"id":141,"date":"2015-03-17T07:13:24","date_gmt":"2015-03-17T07:13:24","guid":{"rendered":"http:\/\/blogsaverroes.juntadeandalucia.es\/pre\/ceip\/?page_id=141"},"modified":"2024-02-25T17:39:50","modified_gmt":"2024-02-25T17:39:50","slug":"escolarizacion","status":"publish","type":"page","link":"https:\/\/blogsaverroes.juntadeandalucia.es\/ceipexmariorta\/escolarizacion\/","title":{"rendered":"Escolarizaci\u00f3n"},"content":{"rendered":"<p><a href=\"https:\/\/blogsaverroes.juntadeandalucia.es\/ceipexmariorta\/files\/2024\/02\/admisi\u00f3n-prueba.png\"><img loading=\"lazy\" decoding=\"async\" class=\"alignnone size-medium wp-image-2959\" src=\"https:\/\/blogsaverroes.juntadeandalucia.es\/ceipexmariorta\/files\/2024\/02\/admisi\u00f3n-prueba-300x119.png\" alt=\"\" width=\"300\" height=\"119\" srcset=\"https:\/\/blogsaverroes.juntadeandalucia.es\/ceipexmariorta\/files\/2024\/02\/admisi\u00f3n-prueba-300x119.png 300w, https:\/\/blogsaverroes.juntadeandalucia.es\/ceipexmariorta\/files\/2024\/02\/admisi\u00f3n-prueba-1024x407.png 1024w, https:\/\/blogsaverroes.juntadeandalucia.es\/ceipexmariorta\/files\/2024\/02\/admisi\u00f3n-prueba-768x306.png 768w, https:\/\/blogsaverroes.juntadeandalucia.es\/ceipexmariorta\/files\/2024\/02\/admisi\u00f3n-prueba-1536x611.png 1536w, https:\/\/blogsaverroes.juntadeandalucia.es\/ceipexmariorta\/files\/2024\/02\/admisi\u00f3n-prueba.png 1596w\" sizes=\"(max-width: 300px) 100vw, 300px\" \/><\/a><\/p>\n<p style=\"text-align: justify\">A partir del 1 de marzo, y hasta el d\u00eda 1 de abril, tendr\u00e1 lugar el plazo de solicitudes para todo el alumnado de Educaci\u00f3n Infantil, Educaci\u00f3n Primaria y Educaci\u00f3n Infantil que desee solicitar plaza en el centro para el curso pr\u00f3ximo.<\/p>\n<p style=\"text-align: justify\">Las solicitudes se podr\u00e1n presentar v\u00eda telem\u00e1tica o directamente en el centro, previa cita a los tel\u00e9fonos:<\/p>\n<p style=\"text-align: justify\">950 45 19 01 \/ 671 53 38 12<\/p>\n<p style=\"text-align: justify\">En el siguiente documento podr\u00e1n ver la informaci\u00f3n general, junto al calendario correspondiente al proceso: <a href=\"https:\/\/blogsaverroes.juntadeandalucia.es\/ceipexmariorta\/files\/2024\/02\/informaci\u00f3n-escolarizaci\u00f3n-24-25.pdf\">informaci\u00f3n general proceso escolarizaci\u00f3n 24-25<\/a>.<\/p>\n<p>Adem\u00e1s se adjunta la oferta educativa de nuestro centro <a href=\"https:\/\/blogsaverroes.juntadeandalucia.es\/ceipexmariorta\/files\/2024\/02\/autorizaci\u00f3n-de-la-oferta-educativa.pdf\">autorizaci\u00f3n oferta educativa.<\/a><\/p>\n<p style=\"text-align: justify\">As\u00ed mismo, podr\u00e1n encontrar toda la informaci\u00f3n relativa al proceso de admisi\u00f3n en la p\u00e1gina web de la Consejer\u00eda de Educaci\u00f3n, en el Portal de Escolarizaci\u00f3n&nbsp;<\/p>\n<p style=\"text-align: justify\">La NORMATIVA sobre el proceso la encontrar\u00e1n en los siguientes enlaces:<\/p>\n<p style=\"text-align: justify\"><a href=\"https:\/\/blogsaverroes.juntadeandalucia.es\/ceipexmariorta\/files\/2021\/02\/BOJA20-034-00029-2534-01_00169991.pdf\">Decreto 21 \/2020<\/a><\/p>\n<p style=\"text-align: justify\"><a href=\"https:\/\/blogsaverroes.juntadeandalucia.es\/ceipexmariorta\/files\/2021\/02\/BOJA20-503-00045-3038-01_00170469.pdf\">Orden 20 Febrero 2020<\/a>&nbsp;<\/p>\n","protected":false},"excerpt":{"rendered":"<p>A partir del 1 de marzo, y hasta el d\u00eda 1 de abril, tendr\u00e1 lugar el plazo de solicitudes para todo el alumnado de Educaci\u00f3n Infantil, Educaci\u00f3n Primaria y Educaci\u00f3n Infantil que desee solicitar&#46;&#46;&#46;<\/p>\n","protected":false},"author":1,"featured_media":2459,"parent":0,"menu_order":0,"comment_status":"closed","ping_status":"open","template":"page-cs.php","meta":{"ngg_post_thumbnail":0,"footnotes":"","_mc_calendar":[]},"aioseo_notices":[],"_links":{"self":[{"href":"https:\/\/blogsaverroes.juntadeandalucia.es\/ceipexmariorta\/wp-json\/wp\/v2\/pages\/141"}],"collection":[{"href":"https:\/\/blogsaverroes.juntadeandalucia.es\/ceipexmariorta\/wp-json\/wp\/v2\/pages"}],"about":[{"href":"https:\/\/blogsaverroes.juntadeandalucia.es\/ceipexmariorta\/wp-json\/wp\/v2\/types\/page"}],"author":[{"embeddable":true,"href":"https:\/\/blogsaverroes.juntadeandalucia.es\/ceipexmariorta\/wp-json\/wp\/v2\/users\/1"}],"replies":[{"embeddable":true,"href":"https:\/\/blogsaverroes.juntadeandalucia.es\/ceipexmariorta\/wp-json\/wp\/v2\/comments?post=141"}],"version-history":[{"count":16,"href":"https:\/\/blogsaverroes.juntadeandalucia.es\/ceipexmariorta\/wp-json\/wp\/v2\/pages\/141\/revisions"}],"predecessor-version":[{"id":2963,"href":"https:\/\/blogsaverroes.juntadeandalucia.es\/ceipexmariorta\/wp-json\/wp\/v2\/pages\/141\/revisions\/2963"}],"wp:featuredmedia":[{"embeddable":true,"href":"https:\/\/blogsaverroes.juntadeandalucia.es\/ceipexmariorta\/wp-json\/wp\/v2\/media\/2459"}],"wp:attachment":[{"href":"https:\/\/blogsaverroes.juntadeandalucia.es\/ceipexmariorta\/wp-json\/wp\/v2\/media?parent=141"}],"curies":[{"name":"wp","href":"https:\/\/api.w.org\/{rel}","templated":true}]}}