{"id":870,"date":"2015-03-16T07:24:27","date_gmt":"2015-03-16T07:24:27","guid":{"rendered":"http:\/\/blogsaverroes.juntadeandalucia.es\/pre\/ceip\/?page_id=103"},"modified":"2021-01-05T19:58:07","modified_gmt":"2021-01-05T19:58:07","slug":"aula-matinal","status":"publish","type":"page","link":"https:\/\/blogsaverroes.juntadeandalucia.es\/ceipexmariorta\/aula-matinal\/","title":{"rendered":"Aula Matinal"},"content":{"rendered":"<p><a href=\"https:\/\/blogsaverroes.juntadeandalucia.es\/ceipexmariorta\/files\/2021\/01\/Aula-matinal.jpg\"><img loading=\"lazy\" decoding=\"async\" class=\"size-medium wp-image-2291 alignleft\" src=\"https:\/\/blogsaverroes.juntadeandalucia.es\/ceipexmariorta\/files\/2021\/01\/Aula-matinal-300x203.jpg\" alt=\"\" width=\"300\" height=\"203\" srcset=\"https:\/\/blogsaverroes.juntadeandalucia.es\/ceipexmariorta\/files\/2021\/01\/Aula-matinal-300x203.jpg 300w, https:\/\/blogsaverroes.juntadeandalucia.es\/ceipexmariorta\/files\/2021\/01\/Aula-matinal-1024x693.jpg 1024w, https:\/\/blogsaverroes.juntadeandalucia.es\/ceipexmariorta\/files\/2021\/01\/Aula-matinal-768x520.jpg 768w, https:\/\/blogsaverroes.juntadeandalucia.es\/ceipexmariorta\/files\/2021\/01\/Aula-matinal-1536x1040.jpg 1536w, https:\/\/blogsaverroes.juntadeandalucia.es\/ceipexmariorta\/files\/2021\/01\/Aula-matinal-24x16.jpg 24w, https:\/\/blogsaverroes.juntadeandalucia.es\/ceipexmariorta\/files\/2021\/01\/Aula-matinal-36x24.jpg 36w, https:\/\/blogsaverroes.juntadeandalucia.es\/ceipexmariorta\/files\/2021\/01\/Aula-matinal-48x33.jpg 48w, https:\/\/blogsaverroes.juntadeandalucia.es\/ceipexmariorta\/files\/2021\/01\/Aula-matinal.jpg 1600w\" sizes=\"(max-width: 300px) 100vw, 300px\" \/><\/a><\/p>\n<p>&nbsp;<\/p>\n<p style=\"text-align: justify\">El <strong>Aula Matinal<\/strong> es un servicio que se ofrece a las familias para favorecer la conciliaci\u00f3n laboral y familiar. El aula matinal comienza a las 7.30 horas de lunes a viernes, ofreciendo actividades diversas al alumnado hasta el comienzo del horario lectivo.<\/p>\n<p>&nbsp;<\/p>\n<p>&nbsp;<\/p>\n<p>La <strong>Normativa<\/strong> que regula el uso del servicio del comedor es la siguiente:<\/p>\n<ul>\n<li style=\"text-align: justify\">Decreto 6\/2017, de 16 de enero, por el que se regulan los servicios complementarios de aula matinal, comedor escolar y actividades extraescolares, as\u00ed como el uso de las instalaciones de los centros docentes p\u00fablicos de la Comunidad Aut\u00f3noma de Andaluc\u00eda fuera del horario escolar.<\/li>\n<li style=\"text-align: justify\">Orden de 17 de abril de 2017, por la que se regula la organizaci\u00f3n y el funcionamiento de los servicios complementarios de aula matinal, comedor escolar y actividades extraescolares, as\u00ed como el uso de las instalaciones de los centros docentes p\u00fablicos de la Comunidad Aut\u00f3noma de Andaluc\u00eda fuera del horario escolar.<\/li>\n<li style=\"text-align: justify\">Orden de 27 de marzo de 2019, por la que se modifica la Orden de 17 de abril de 2017,&nbsp;por la que se regula la organizaci\u00f3n y el funcionamiento de los servicios complementarios de aula matinal, comedor escolar y actividades extraescolares, as\u00ed como el uso de las instalaciones de los centros docentes p\u00fablicos de la Comunidad Aut\u00f3noma de Andaluc\u00eda fuera del horario escolar.<\/li>\n<li style=\"text-align: justify\">Acuerdo de 27 de marzo de 2018, del Consejo de Gobierno, por el que se fija la cuant\u00eda de los precios p\u00fablicos por los servicios complementarios de aula matinal, comedor escolar y actividades extraescolares en los centros docentes p\u00fablicos y por el servicio de residencia en las residencias escolares de Andaluc\u00eda.<\/li>\n<li>Orden de 14 de mayo de 2020, por la que se establecen los calendarios de actuaciones de determinados procedimientos administrativos del \u00e1mbito educativo, afectados por la situaci\u00f3n de crisis sanitaria provocada por el coronavirus COVID-19.<\/li>\n<\/ul>\n<p>&nbsp;<\/p>\n<p style=\"text-align: justify\">Para <strong>solicitar plaza<\/strong> en el aula matinal, se debe rellenar la solicitud <a href=\"https:\/\/blogsaverroes.juntadeandalucia.es\/ceipexmariorta\/files\/2021\/01\/Solicitud-Servicios-del-centro.pdf\">Solicitud Servicios del centro<\/a>, a la que se deber\u00e1 adjuntar el DNI del tutor o tutores legales del alumno\/a, adem\u00e1s de la documentaci\u00f3n que acredite que realizan una actividad laboral o profesional remunerada que justifique la imposibilidad de atenderlo en el horario establecido para la prestaci\u00f3n del servicio.<\/p>\n<p style=\"text-align: justify\">As\u00ed mismo, se puede solicitar la bonificaci\u00f3n total o parcial del precio del servicio cumplimentado la solicitud <a href=\"https:\/\/blogsaverroes.juntadeandalucia.es\/ceipexmariorta\/files\/2021\/01\/Solicitud-Bonficaci\u00f3n-Servicios-del-centro.pdf\">Solicitud Bonficaci\u00f3n Servicios del centro<\/a>.<\/p>\n<p>Ambos documentos se pueden enviar al centro a trav\u00e9s del email <strong>04602110.edu@juntadeandalucia.es<\/strong><\/p>\n<p style=\"text-align: justify\">La&nbsp;<strong>Empresa&nbsp;<\/strong>encargada de gestionar el servicio de aula matinal durante el presente curso escolar en nuestro centro es <em>AL- ALBA.<\/em><\/p>\n<p>&nbsp;<\/p>\n<p>&nbsp;<\/p>\n","protected":false},"excerpt":{"rendered":"<p>&nbsp; El Aula Matinal es un servicio que se ofrece a las familias para favorecer la conciliaci\u00f3n laboral y familiar. El aula matinal comienza a las 7.30 horas de lunes a viernes, ofreciendo actividades&#46;&#46;&#46;<\/p>\n","protected":false},"author":1,"featured_media":0,"parent":0,"menu_order":0,"comment_status":"closed","ping_status":"open","template":"page-cs.php","meta":{"ngg_post_thumbnail":0,"footnotes":"","_mc_calendar":[]},"aioseo_notices":[],"_links":{"self":[{"href":"https:\/\/blogsaverroes.juntadeandalucia.es\/ceipexmariorta\/wp-json\/wp\/v2\/pages\/870"}],"collection":[{"href":"https:\/\/blogsaverroes.juntadeandalucia.es\/ceipexmariorta\/wp-json\/wp\/v2\/pages"}],"about":[{"href":"https:\/\/blogsaverroes.juntadeandalucia.es\/ceipexmariorta\/wp-json\/wp\/v2\/types\/page"}],"author":[{"embeddable":true,"href":"https:\/\/blogsaverroes.juntadeandalucia.es\/ceipexmariorta\/wp-json\/wp\/v2\/users\/1"}],"replies":[{"embeddable":true,"href":"https:\/\/blogsaverroes.juntadeandalucia.es\/ceipexmariorta\/wp-json\/wp\/v2\/comments?post=870"}],"version-history":[{"count":8,"href":"https:\/\/blogsaverroes.juntadeandalucia.es\/ceipexmariorta\/wp-json\/wp\/v2\/pages\/870\/revisions"}],"predecessor-version":[{"id":2292,"href":"https:\/\/blogsaverroes.juntadeandalucia.es\/ceipexmariorta\/wp-json\/wp\/v2\/pages\/870\/revisions\/2292"}],"wp:attachment":[{"href":"https:\/\/blogsaverroes.juntadeandalucia.es\/ceipexmariorta\/wp-json\/wp\/v2\/media?parent=870"}],"curies":[{"name":"wp","href":"https:\/\/api.w.org\/{rel}","templated":true}]}}

<p><a href="https://blogsaverroes.juntadeandalucia.es/ceipexmariorta/files/2021/01/Aula-matinal.jpg"><img loading="lazy" decoding="async" class="size-medium wp-image-2291 alignleft" src="https://blogsaverroes.juntadeandalucia.es/ceipexmariorta/files/2021/01/Aula-matinal-300x203.jpg" alt="" width="300" height="203" srcset="https://blogsaverroes.juntadeandalucia.es/ceipexmariorta/files/2021/01/Aula-matinal-300x203.jpg 300w, https://blogsaverroes.juntadeandalucia.es/ceipexmariorta/files/2021/01/Aula-matinal-1024x693.jpg 1024w, https://blogsaverroes.juntadeandalucia.es/ceipexmariorta/files/2021/01/Aula-matinal-768x520.jpg 768w, https://blogsaverroes.juntadeandalucia.es/ceipexmariorta/files/2021/01/Aula-matinal-1536x1040.jpg 1536w, https://blogsaverroes.juntadeandalucia.es/ceipexmariorta/files/2021/01/Aula-matinal-24x16.jpg 24w, https://blogsaverroes.juntadeandalucia.es/ceipexmariorta/files/2021/01/Aula-matinal-36x24.jpg 36w, https://blogsaverroes.juntadeandalucia.es/ceipexmariorta/files/2021/01/Aula-matinal-48x33.jpg 48w, https://blogsaverroes.juntadeandalucia.es/ceipexmariorta/files/2021/01/Aula-matinal.jpg 1600w" sizes="(max-width: 300px) 100vw, 300px" /></a></p>
<p>&nbsp;</p>
<p style="text-align: justify">El <strong>Aula Matinal</strong> es un servicio que se ofrece a las familias para favorecer la conciliación laboral y familiar. El aula matinal comienza a las 7.30 horas de lunes a viernes, ofreciendo actividades diversas al alumnado hasta el comienzo del horario lectivo.</p>
<p>&nbsp;</p>
<p>&nbsp;</p>
<p>La <strong>Normativa</strong> que regula el uso del servicio del comedor es la siguiente:</p>
<ul>
<li style="text-align: justify">Decreto 6/2017, de 16 de enero, por el que se regulan los servicios complementarios de aula matinal, comedor escolar y actividades extraescolares, así como el uso de las instalaciones de los centros docentes públicos de la Comunidad Autónoma de Andalucía fuera del horario escolar.</li>
<li style="text-align: justify">Orden de 17 de abril de 2017, por la que se regula la organización y el funcionamiento de los servicios complementarios de aula matinal, comedor escolar y actividades extraescolares, así como el uso de las instalaciones de los centros docentes públicos de la Comunidad Autónoma de Andalucía fuera del horario escolar.</li>
<li style="text-align: justify">Orden de 27 de marzo de 2019, por la que se modifica la Orden de 17 de abril de 2017,&nbsp;por la que se regula la organización y el funcionamiento de los servicios complementarios de aula matinal, comedor escolar y actividades extraescolares, así como el uso de las instalaciones de los centros docentes públicos de la Comunidad Autónoma de Andalucía fuera del horario escolar.</li>
<li style="text-align: justify">Acuerdo de 27 de marzo de 2018, del Consejo de Gobierno, por el que se fija la cuantía de los precios públicos por los servicios complementarios de aula matinal, comedor escolar y actividades extraescolares en los centros docentes públicos y por el servicio de residencia en las residencias escolares de Andalucía.</li>
<li>Orden de 14 de mayo de 2020, por la que se establecen los calendarios de actuaciones de determinados procedimientos administrativos del ámbito educativo, afectados por la situación de crisis sanitaria provocada por el coronavirus COVID-19.</li>
</ul>
<p>&nbsp;</p>
<p style="text-align: justify">Para <strong>solicitar plaza</strong> en el aula matinal, se debe rellenar la solicitud <a href="https://blogsaverroes.juntadeandalucia.es/ceipexmariorta/files/2021/01/Solicitud-Servicios-del-centro.pdf">Solicitud Servicios del centro</a>, a la que se deberá adjuntar el DNI del tutor o tutores legales del alumno/a, además de la documentación que acredite que realizan una actividad laboral o profesional remunerada que justifique la imposibilidad de atenderlo en el horario establecido para la prestación del servicio.</p>
<p style="text-align: justify">Así mismo, se puede solicitar la bonificación total o parcial del precio del servicio cumplimentado la solicitud <a href="https://blogsaverroes.juntadeandalucia.es/ceipexmariorta/files/2021/01/Solicitud-Bonficación-Servicios-del-centro.pdf">Solicitud Bonficación Servicios del centro</a>.</p>
<p>Ambos documentos se pueden enviar al centro a través del email <strong>04602110.edu@juntadeandalucia.es</strong></p>
<p style="text-align: justify">La&nbsp;<strong>Empresa&nbsp;</strong>encargada de gestionar el servicio de aula matinal durante el presente curso escolar en nuestro centro es <em>AL- ALBA.</em></p>
<p>&nbsp;</p>
<p>&nbsp;</p>

<p>&nbsp; El Aula Matinal es un servicio que se ofrece a las familias para favorecer la conciliación laboral y familiar. El aula matinal comienza a las 7.30 horas de lunes a viernes, ofreciendo actividades&#46;&#46;&#46;</p>
