{"id":41,"date":"2020-01-09T12:45:03","date_gmt":"2020-01-09T11:45:03","guid":{"rendered":"http:\/\/blogsaverroes.juntadeandalucia.es\/pre\/nuevoceip2v2\/?page_id=41"},"modified":"2025-03-28T13:24:13","modified_gmt":"2025-03-28T12:24:13","slug":"el-centro","status":"publish","type":"page","link":"https:\/\/blogsaverroes.juntadeandalucia.es\/ceipfcoginerdelosriosbarbate\/el-centro\/","title":{"rendered":"El centro"},"content":{"rendered":"<p>El CEIP Francisco Giner de los R\u00edos de Barbate se encuentra situado al noreste del pueblo, al final de la Avenida Juan XXIII, donde empieza la carretera que conduce hacia Zahara de los Atunes. Linda con la barriada del Mar y la calle Ronda del R\u00edo, barrio popularmente conocido como las \u201cCasetas del R\u00edo\u201d.&nbsp; El colegio se inaugur\u00f3 en 1987 y fue construido para dar respuesta a una poblaci\u00f3n escolar creciente en la localidad. M\u00e1s de una d\u00e9cada antes se hab\u00eda construido la barriada del Mar, para proveer de viviendas sociales dignas a gran cantidad de familias que las necesitaban. Posteriormente los calveros y solares de de la zona se fueron llenando en su mayor\u00eda de casas. Esta poblaci\u00f3n creciente en esta zona del pueblo motiv\u00f3 en parte la construcci\u00f3n de este centro, a lo que hab\u00eda que a\u00f1adir la falta de equipamientos deportivos y de ocio. Para paliar esta necesidad, se construy\u00f3 el polideportivo municipal que conten\u00eda entre otras instalaciones, un nuevo campo de f\u00fatbol, inaugurado en 1982; este hecho facilitar\u00eda, unos a\u00f1os m\u00e1s tarde, el aprovechamiento de los terrenos del antiguo campo municipal de deportes para la construcci\u00f3n de este Colegio P\u00fablico.<\/p>\n<p>El Ayuntamiento local se reserv\u00f3 un tercio del total de la parcela donde se ubica el colegio para equipamientos. Hace pocos a\u00f1os se segreg\u00f3 ese tercio de la parcela total, hasta ese momento parte del patio, para la construcci\u00f3n de la Piscina Municipal, sin que se realizaran las obras oportunas de adecentamiento del gran espacio sobrante para uso escolar.<\/p>\n<p>En el edificio principal se ubican actualmente 9 aulas de Educaci\u00f3n Primaria, 1 Aula Espec\u00edfica para alumnado TEA, 1 aula multisensorial, 2 aulas de Pedagog\u00eda Terap\u00e9utica, 2 aulas de Audici\u00f3n y Lenguaje, 1 aula de Compensaci\u00f3n Educativa, 1 aula de Refuerzo Pedag\u00f3gico y 1 aula para labores del Equipo de Orientaci\u00f3n. Se encuentran tambi\u00e9n en este edificio las dependencias administrativas, un aula de recursos, la biblioteca, la sala de profesores, un aula de usos m\u00faltiples, una sala de radio, el gimnasio, el aula de inform\u00e1tica y tres cuartos de materiales. En el edificio de Infantil, que consta de 4 aulas, se ubican en la actualidad el alumnado de 3, 4 y 5 a\u00f1os, quedando el aula sobrante para uso conjunto y actividades comunes. Se trata de un Centro de Compensaci\u00f3n Educativa, que acoge durante este curso a 223 alumnos\/as, de los cuales 63 son de Educaci\u00f3n Infantil, 5 de F.B.O. y 155 de Educaci\u00f3n Primaria. De este alumnado, aproximadamente un 18 % presenta NEAE. Cuenta con amplios espacios de recreo y pistas polideportivas, as\u00ed como otro espacio de grandes dimensiones, donde se ubica el huerto escolar, quedando el resto pendiente de uso, pudi\u00e9ndose convertir con el tiempo en Jard\u00edn Bot\u00e1nico escolar, recurso que ser\u00eda de gran valor ambiental y did\u00e1ctico para nuestro Centro y otros de la localidad.<\/p>\n<p>&nbsp;&nbsp;<\/p>\n<p>&nbsp;<img loading=\"lazy\" decoding=\"async\" class=\"alignnone wp-image-983\" src=\"https:\/\/blogsaverroes.juntadeandalucia.es\/ceipfcoginerdelosriosbarbate\/files\/2025\/02\/Foto-centro.gif\" alt=\"\" width=\"411\" height=\"231\"> <img loading=\"lazy\" decoding=\"async\" class=\"alignnone size-medium wp-image-1204\" src=\"https:\/\/blogsaverroes.juntadeandalucia.es\/ceipfcoginerdelosriosbarbate\/files\/2025\/03\/WhatsApp-Image-2025-03-28-at-13.09.00-300x225.jpeg\" alt=\"\" width=\"300\" height=\"225\" srcset=\"https:\/\/blogsaverroes.juntadeandalucia.es\/ceipfcoginerdelosriosbarbate\/files\/2025\/03\/WhatsApp-Image-2025-03-28-at-13.09.00-300x225.jpeg 300w, https:\/\/blogsaverroes.juntadeandalucia.es\/ceipfcoginerdelosriosbarbate\/files\/2025\/03\/WhatsApp-Image-2025-03-28-at-13.09.00-1024x768.jpeg 1024w, https:\/\/blogsaverroes.juntadeandalucia.es\/ceipfcoginerdelosriosbarbate\/files\/2025\/03\/WhatsApp-Image-2025-03-28-at-13.09.00-768x576.jpeg 768w, https:\/\/blogsaverroes.juntadeandalucia.es\/ceipfcoginerdelosriosbarbate\/files\/2025\/03\/WhatsApp-Image-2025-03-28-at-13.09.00-1536x1152.jpeg 1536w, https:\/\/blogsaverroes.juntadeandalucia.es\/ceipfcoginerdelosriosbarbate\/files\/2025\/03\/WhatsApp-Image-2025-03-28-at-13.09.00.jpeg 1600w\" sizes=\"(max-width: 300px) 100vw, 300px\" \/><\/p>\n<p>GIMNASIO&nbsp; &nbsp; &nbsp; &nbsp; &nbsp; &nbsp; &nbsp; &nbsp; &nbsp; &nbsp; &nbsp; &nbsp; &nbsp; &nbsp; &nbsp; &nbsp; &nbsp; &nbsp; &nbsp; &nbsp; &nbsp; &nbsp; &nbsp; &nbsp; &nbsp; &nbsp; &nbsp; &nbsp; AULA DE M\u00daSICA&nbsp; &nbsp; &nbsp; &nbsp; &nbsp; &nbsp; &nbsp; &nbsp; &nbsp; &nbsp; &nbsp; &nbsp; &nbsp; &nbsp; &nbsp; &nbsp; &nbsp; &nbsp; &nbsp; &nbsp; &nbsp; &nbsp;ROC\u00d3DROMO<\/p>\n<p><img loading=\"lazy\" decoding=\"async\" class=\"alignnone size-medium wp-image-1205\" src=\"https:\/\/blogsaverroes.juntadeandalucia.es\/ceipfcoginerdelosriosbarbate\/files\/2025\/03\/WhatsApp-Image-2025-03-28-at-13.09.01-300x225.jpeg\" alt=\"\" width=\"300\" height=\"225\" srcset=\"https:\/\/blogsaverroes.juntadeandalucia.es\/ceipfcoginerdelosriosbarbate\/files\/2025\/03\/WhatsApp-Image-2025-03-28-at-13.09.01-300x225.jpeg 300w, https:\/\/blogsaverroes.juntadeandalucia.es\/ceipfcoginerdelosriosbarbate\/files\/2025\/03\/WhatsApp-Image-2025-03-28-at-13.09.01-1024x768.jpeg 1024w, https:\/\/blogsaverroes.juntadeandalucia.es\/ceipfcoginerdelosriosbarbate\/files\/2025\/03\/WhatsApp-Image-2025-03-28-at-13.09.01-768x576.jpeg 768w, https:\/\/blogsaverroes.juntadeandalucia.es\/ceipfcoginerdelosriosbarbate\/files\/2025\/03\/WhatsApp-Image-2025-03-28-at-13.09.01-1536x1152.jpeg 1536w, https:\/\/blogsaverroes.juntadeandalucia.es\/ceipfcoginerdelosriosbarbate\/files\/2025\/03\/WhatsApp-Image-2025-03-28-at-13.09.01.jpeg 1600w\" sizes=\"(max-width: 300px) 100vw, 300px\" \/> <img loading=\"lazy\" decoding=\"async\" class=\"alignnone size-medium wp-image-1206\" src=\"https:\/\/blogsaverroes.juntadeandalucia.es\/ceipfcoginerdelosriosbarbate\/files\/2025\/03\/WhatsApp-Image-2025-03-28-at-13.09.00-1-300x225.jpeg\" alt=\"\" width=\"300\" height=\"225\" srcset=\"https:\/\/blogsaverroes.juntadeandalucia.es\/ceipfcoginerdelosriosbarbate\/files\/2025\/03\/WhatsApp-Image-2025-03-28-at-13.09.00-1-300x225.jpeg 300w, https:\/\/blogsaverroes.juntadeandalucia.es\/ceipfcoginerdelosriosbarbate\/files\/2025\/03\/WhatsApp-Image-2025-03-28-at-13.09.00-1-1024x768.jpeg 1024w, https:\/\/blogsaverroes.juntadeandalucia.es\/ceipfcoginerdelosriosbarbate\/files\/2025\/03\/WhatsApp-Image-2025-03-28-at-13.09.00-1-768x576.jpeg 768w, https:\/\/blogsaverroes.juntadeandalucia.es\/ceipfcoginerdelosriosbarbate\/files\/2025\/03\/WhatsApp-Image-2025-03-28-at-13.09.00-1-1536x1152.jpeg 1536w, https:\/\/blogsaverroes.juntadeandalucia.es\/ceipfcoginerdelosriosbarbate\/files\/2025\/03\/WhatsApp-Image-2025-03-28-at-13.09.00-1.jpeg 1600w\" sizes=\"(max-width: 300px) 100vw, 300px\" \/> <img loading=\"lazy\" decoding=\"async\" class=\"alignnone size-medium wp-image-1210\" src=\"https:\/\/blogsaverroes.juntadeandalucia.es\/ceipfcoginerdelosriosbarbate\/files\/2025\/03\/34e3126e-05a2-4d7b-935f-777e899185bd-300x225.jpg\" alt=\"\" width=\"300\" height=\"225\" srcset=\"https:\/\/blogsaverroes.juntadeandalucia.es\/ceipfcoginerdelosriosbarbate\/files\/2025\/03\/34e3126e-05a2-4d7b-935f-777e899185bd-300x225.jpg 300w, https:\/\/blogsaverroes.juntadeandalucia.es\/ceipfcoginerdelosriosbarbate\/files\/2025\/03\/34e3126e-05a2-4d7b-935f-777e899185bd-1024x768.jpg 1024w, https:\/\/blogsaverroes.juntadeandalucia.es\/ceipfcoginerdelosriosbarbate\/files\/2025\/03\/34e3126e-05a2-4d7b-935f-777e899185bd-768x576.jpg 768w, https:\/\/blogsaverroes.juntadeandalucia.es\/ceipfcoginerdelosriosbarbate\/files\/2025\/03\/34e3126e-05a2-4d7b-935f-777e899185bd-1536x1152.jpg 1536w, https:\/\/blogsaverroes.juntadeandalucia.es\/ceipfcoginerdelosriosbarbate\/files\/2025\/03\/34e3126e-05a2-4d7b-935f-777e899185bd.jpg 2048w\" sizes=\"(max-width: 300px) 100vw, 300px\" \/><\/p>\n<p>HUERTO ESCOLAR&nbsp; &nbsp; &nbsp; &nbsp; &nbsp; &nbsp; &nbsp; &nbsp; &nbsp; &nbsp; &nbsp; &nbsp; &nbsp; &nbsp; &nbsp; &nbsp; &nbsp; &nbsp; &nbsp; &nbsp; ESPACIOS VERDES&nbsp; &nbsp; &nbsp; &nbsp; &nbsp; &nbsp; &nbsp; &nbsp; &nbsp; &nbsp; &nbsp; &nbsp; &nbsp; &nbsp; &nbsp; &nbsp; &nbsp; &nbsp; &nbsp; &nbsp;MENSAJES PARA LA IGUALDAD<\/p>\n<p><img loading=\"lazy\" decoding=\"async\" class=\"alignnone size-medium wp-image-979\" src=\"https:\/\/blogsaverroes.juntadeandalucia.es\/ceipfcoginerdelosriosbarbate\/files\/2025\/02\/Huerto-desde-arriba-300x225.jpeg\" alt=\"\" width=\"300\" height=\"225\" srcset=\"https:\/\/blogsaverroes.juntadeandalucia.es\/ceipfcoginerdelosriosbarbate\/files\/2025\/02\/Huerto-desde-arriba-300x225.jpeg 300w, https:\/\/blogsaverroes.juntadeandalucia.es\/ceipfcoginerdelosriosbarbate\/files\/2025\/02\/Huerto-desde-arriba-1024x768.jpeg 1024w, https:\/\/blogsaverroes.juntadeandalucia.es\/ceipfcoginerdelosriosbarbate\/files\/2025\/02\/Huerto-desde-arriba-768x576.jpeg 768w, https:\/\/blogsaverroes.juntadeandalucia.es\/ceipfcoginerdelosriosbarbate\/files\/2025\/02\/Huerto-desde-arriba-1536x1153.jpeg 1536w, https:\/\/blogsaverroes.juntadeandalucia.es\/ceipfcoginerdelosriosbarbate\/files\/2025\/02\/Huerto-desde-arriba.jpeg 1599w\" sizes=\"(max-width: 300px) 100vw, 300px\" \/> <img loading=\"lazy\" decoding=\"async\" class=\"alignnone size-medium wp-image-981\" src=\"https:\/\/blogsaverroes.juntadeandalucia.es\/ceipfcoginerdelosriosbarbate\/files\/2025\/02\/WhatsApp-Image-2024-11-29-at-11.09.18-300x225.jpeg\" alt=\"\" width=\"300\" height=\"225\" srcset=\"https:\/\/blogsaverroes.juntadeandalucia.es\/ceipfcoginerdelosriosbarbate\/files\/2025\/02\/WhatsApp-Image-2024-11-29-at-11.09.18-300x225.jpeg 300w, https:\/\/blogsaverroes.juntadeandalucia.es\/ceipfcoginerdelosriosbarbate\/files\/2025\/02\/WhatsApp-Image-2024-11-29-at-11.09.18-1024x768.jpeg 1024w, https:\/\/blogsaverroes.juntadeandalucia.es\/ceipfcoginerdelosriosbarbate\/files\/2025\/02\/WhatsApp-Image-2024-11-29-at-11.09.18-768x576.jpeg 768w, https:\/\/blogsaverroes.juntadeandalucia.es\/ceipfcoginerdelosriosbarbate\/files\/2025\/02\/WhatsApp-Image-2024-11-29-at-11.09.18-1536x1152.jpeg 1536w, https:\/\/blogsaverroes.juntadeandalucia.es\/ceipfcoginerdelosriosbarbate\/files\/2025\/02\/WhatsApp-Image-2024-11-29-at-11.09.18.jpeg 2048w\" sizes=\"(max-width: 300px) 100vw, 300px\" \/> <img loading=\"lazy\" decoding=\"async\" class=\"alignnone size-medium wp-image-980\" src=\"https:\/\/blogsaverroes.juntadeandalucia.es\/ceipfcoginerdelosriosbarbate\/files\/2025\/02\/Mujer-pared-II-300x225.jpeg\" alt=\"\" width=\"300\" height=\"225\" srcset=\"https:\/\/blogsaverroes.juntadeandalucia.es\/ceipfcoginerdelosriosbarbate\/files\/2025\/02\/Mujer-pared-II-300x225.jpeg 300w, https:\/\/blogsaverroes.juntadeandalucia.es\/ceipfcoginerdelosriosbarbate\/files\/2025\/02\/Mujer-pared-II-1024x768.jpeg 1024w, https:\/\/blogsaverroes.juntadeandalucia.es\/ceipfcoginerdelosriosbarbate\/files\/2025\/02\/Mujer-pared-II-768x576.jpeg 768w, https:\/\/blogsaverroes.juntadeandalucia.es\/ceipfcoginerdelosriosbarbate\/files\/2025\/02\/Mujer-pared-II-1536x1152.jpeg 1536w, https:\/\/blogsaverroes.juntadeandalucia.es\/ceipfcoginerdelosriosbarbate\/files\/2025\/02\/Mujer-pared-II.jpeg 2048w\" sizes=\"(max-width: 300px) 100vw, 300px\" \/><\/p>\n<p>RADIO ESCOLAR&nbsp; &nbsp; &nbsp; &nbsp; &nbsp; &nbsp; &nbsp; &nbsp; &nbsp; &nbsp; &nbsp; &nbsp; &nbsp; &nbsp;ESPACIOS PARA LA AMISTAD<\/p>\n<p><img loading=\"lazy\" decoding=\"async\" class=\"alignnone size-medium wp-image-1208\" src=\"https:\/\/blogsaverroes.juntadeandalucia.es\/ceipfcoginerdelosriosbarbate\/files\/2025\/03\/WhatsApp-Image-2025-03-28-at-13.16.54-225x300.jpeg\" alt=\"\" width=\"225\" height=\"300\" srcset=\"https:\/\/blogsaverroes.juntadeandalucia.es\/ceipfcoginerdelosriosbarbate\/files\/2025\/03\/WhatsApp-Image-2025-03-28-at-13.16.54-225x300.jpeg 225w, https:\/\/blogsaverroes.juntadeandalucia.es\/ceipfcoginerdelosriosbarbate\/files\/2025\/03\/WhatsApp-Image-2025-03-28-at-13.16.54-768x1024.jpeg 768w, https:\/\/blogsaverroes.juntadeandalucia.es\/ceipfcoginerdelosriosbarbate\/files\/2025\/03\/WhatsApp-Image-2025-03-28-at-13.16.54-1152x1536.jpeg 1152w, https:\/\/blogsaverroes.juntadeandalucia.es\/ceipfcoginerdelosriosbarbate\/files\/2025\/03\/WhatsApp-Image-2025-03-28-at-13.16.54.jpeg 1200w\" sizes=\"(max-width: 225px) 100vw, 225px\" \/> <img loading=\"lazy\" decoding=\"async\" class=\"alignnone  wp-image-1187\" src=\"https:\/\/blogsaverroes.juntadeandalucia.es\/ceipfcoginerdelosriosbarbate\/files\/2025\/03\/Banco-de-la-AMISTAD-300x212.jpeg\" alt=\"\" width=\"423\" height=\"299\" srcset=\"https:\/\/blogsaverroes.juntadeandalucia.es\/ceipfcoginerdelosriosbarbate\/files\/2025\/03\/Banco-de-la-AMISTAD-300x212.jpeg 300w, https:\/\/blogsaverroes.juntadeandalucia.es\/ceipfcoginerdelosriosbarbate\/files\/2025\/03\/Banco-de-la-AMISTAD-1024x725.jpeg 1024w, https:\/\/blogsaverroes.juntadeandalucia.es\/ceipfcoginerdelosriosbarbate\/files\/2025\/03\/Banco-de-la-AMISTAD-768x544.jpeg 768w, https:\/\/blogsaverroes.juntadeandalucia.es\/ceipfcoginerdelosriosbarbate\/files\/2025\/03\/Banco-de-la-AMISTAD-1536x1088.jpeg 1536w, https:\/\/blogsaverroes.juntadeandalucia.es\/ceipfcoginerdelosriosbarbate\/files\/2025\/03\/Banco-de-la-AMISTAD.jpeg 1600w\" sizes=\"(max-width: 423px) 100vw, 423px\" \/><\/p>\n","protected":false},"excerpt":{"rendered":"<p>El CEIP Francisco Giner de los R\u00edos de Barbate se encuentra situado al noreste del pueblo, al final de la Avenida Juan XXIII, donde empieza la carretera que conduce hacia Zahara de los Atunes.&#46;&#46;&#46;<\/p>\n","protected":false},"author":19330,"featured_media":0,"parent":0,"menu_order":0,"comment_status":"closed","ping_status":"closed","template":"","meta":{"ngg_post_thumbnail":0,"footnotes":""},"aioseo_notices":[],"_links":{"self":[{"href":"https:\/\/blogsaverroes.juntadeandalucia.es\/ceipfcoginerdelosriosbarbate\/wp-json\/wp\/v2\/pages\/41"}],"collection":[{"href":"https:\/\/blogsaverroes.juntadeandalucia.es\/ceipfcoginerdelosriosbarbate\/wp-json\/wp\/v2\/pages"}],"about":[{"href":"https:\/\/blogsaverroes.juntadeandalucia.es\/ceipfcoginerdelosriosbarbate\/wp-json\/wp\/v2\/types\/page"}],"author":[{"embeddable":true,"href":"https:\/\/blogsaverroes.juntadeandalucia.es\/ceipfcoginerdelosriosbarbate\/wp-json\/wp\/v2\/users\/19330"}],"replies":[{"embeddable":true,"href":"https:\/\/blogsaverroes.juntadeandalucia.es\/ceipfcoginerdelosriosbarbate\/wp-json\/wp\/v2\/comments?post=41"}],"version-history":[{"count":9,"href":"https:\/\/blogsaverroes.juntadeandalucia.es\/ceipfcoginerdelosriosbarbate\/wp-json\/wp\/v2\/pages\/41\/revisions"}],"predecessor-version":[{"id":580,"href":"https:\/\/blogsaverroes.juntadeandalucia.es\/ceipfcoginerdelosriosbarbate\/wp-json\/wp\/v2\/pages\/41\/revisions\/580"}],"wp:attachment":[{"href":"https:\/\/blogsaverroes.juntadeandalucia.es\/ceipfcoginerdelosriosbarbate\/wp-json\/wp\/v2\/media?parent=41"}],"curies":[{"name":"wp","href":"https:\/\/api.w.org\/{rel}","templated":true}]}}