{"id":1272,"date":"2023-01-30T10:54:11","date_gmt":"2023-01-30T09:54:11","guid":{"rendered":"https:\/\/blogsaverroes.juntadeandalucia.es\/ceipfedericogarcialorca\/?page_id=1272"},"modified":"2025-05-18T19:12:20","modified_gmt":"2025-05-18T17:12:20","slug":"aula-especifica","status":"publish","type":"page","link":"https:\/\/blogsaverroes.juntadeandalucia.es\/ceipfedericogarcialorca\/aula-especifica\/","title":{"rendered":"Aulas Espec\u00edficas"},"content":{"rendered":"<p>[et_pb_section][et_pb_row][et_pb_column type=&#8221;4_4&#8243;][et_pb_text]<\/p>\n<p><img loading=\"lazy\" decoding=\"async\" class=\"alignnone wp-image-1275 aligncenter\" src=\"https:\/\/blogsaverroes.juntadeandalucia.es\/ceipfedericogarcialorca\/files\/2023\/01\/aula-espec\u00edfica-300x101.jpg\" alt=\"\" width=\"404\" height=\"136\" srcset=\"https:\/\/blogsaverroes.juntadeandalucia.es\/ceipfedericogarcialorca\/files\/2023\/01\/aula-espec\u00edfica-300x101.jpg 300w, https:\/\/blogsaverroes.juntadeandalucia.es\/ceipfedericogarcialorca\/files\/2023\/01\/aula-espec\u00edfica-768x259.jpg 768w, https:\/\/blogsaverroes.juntadeandalucia.es\/ceipfedericogarcialorca\/files\/2023\/01\/aula-espec\u00edfica-480x162.jpg 480w, https:\/\/blogsaverroes.juntadeandalucia.es\/ceipfedericogarcialorca\/files\/2023\/01\/aula-espec\u00edfica.jpg 781w\" sizes=\"(max-width: 404px) 100vw, 404px\" \/><\/p>\n<p>Las&nbsp;<strong>ense\u00f1anzas que se impartan en aulas o en centros espec\u00edficos de educaci\u00f3n especial<\/strong>, se organizan en un per\u00edodo de Formaci\u00f3n B\u00e1sica de car\u00e1cter obligatorio y en un per\u00edodo de Formaci\u00f3n para la Transici\u00f3n a la Vida Adulta y Laboral.<\/p>\n<p>Este periodo se estructura en ciclos y el dise\u00f1o del curr\u00edculo se organiza en torno a tres \u00e1mbitos de experiencia y desarrollo: el conocimiento corporal y la construcci\u00f3n de la identidad; el conocimiento y la participaci\u00f3n en el medio f\u00edsico y social; y la comunicaci\u00f3n y el lenguaje. Estos \u00e1mbitos toman como referentes los curr\u00edculos correspondientes a la educaci\u00f3n infantil y a la educaci\u00f3n primaria, en sus diferentes \u00e1mbitos y \u00e1reas, pudiendo dar cabida al desarrollo de las capacidades de la educaci\u00f3n secundaria obligatoria, de acuerdo con las posibilidades y las necesidades educativas de cada alumno o alumna.<\/p>\n<p><strong>Actualmente, nuestro centro dispone de dos aulas espec\u00edficas de educaci\u00f3n especial.<\/strong><\/p>\n<p>[\/et_pb_text][\/et_pb_column][\/et_pb_row][\/et_pb_section]<\/p>\n","protected":false},"excerpt":{"rendered":"<p><div class=\"et_pb_section et_pb_section_0 et_section_regular\" >\n\t\t\t\t\n\t\t\t\t\n\t\t\t\t\n\t\t\t\t\n\t\t\t\t\n\t\t\t\t\n\t\t\t\t\n\t\t\t\t\n\t\t\t\t\n\t\t\t<\/div><div class=\"et_pb_row et_pb_row_0 et_pb_row_empty\">\n\t\t\t\t\n\t\t\t\t\n\t\t\t\t\n\t\t\t\t\n\t\t\t\t\n\t\t\t<\/div><div class=\"et_pb_module et_pb_text et_pb_text_0  et_pb_text_align_left et_pb_bg_layout_light\">\n\t\t\t\t\n\t\t\t\t\n\t\t\t\t\n\t\t\t\t\n\t\t\t\t\n\t\t\t<\/div> Las&nbsp;ense\u00f1anzas que se impartan en aulas o en centros espec\u00edficos de educaci\u00f3n especial, se organizan en un per\u00edodo de Formaci\u00f3n B\u00e1sica de car\u00e1cter obligatorio y en un per\u00edodo de Formaci\u00f3n para la Transici\u00f3n a la Vida Adulta y Laboral. Este periodo se estructura en ciclos y el dise\u00f1o del curr\u00edculo se organiza en torno [&hellip;]<\/p>\n","protected":false},"author":16967,"featured_media":0,"parent":0,"menu_order":0,"comment_status":"closed","ping_status":"closed","template":"","meta":{"_et_pb_use_builder":"on","_et_pb_old_content":"<p><img class=\"alignnone wp-image-1275 aligncenter\" src=\"https:\/\/blogsaverroes.juntadeandalucia.es\/ceipfedericogarcialorca\/files\/2023\/01\/aula-espec\u00edfica-300x101.jpg\" alt=\"\" width=\"404\" height=\"136\"><\/p><p>Las&nbsp;<strong>ense\u00f1anzas que se impartan en aulas o en centros espec\u00edficos de educaci\u00f3n especial<\/strong>, se organizan en un per\u00edodo de Formaci\u00f3n B\u00e1sica de car\u00e1cter obligatorio y en un per\u00edodo de Formaci\u00f3n para la Transici\u00f3n a la Vida Adulta y Laboral.<\/p><p>Este periodo se estructura en ciclos y el dise\u00f1o del curr\u00edculo se organiza en torno a tres \u00e1mbitos de experiencia y desarrollo: el conocimiento corporal y la construcci\u00f3n de la identidad; el conocimiento y la participaci\u00f3n en el medio f\u00edsico y social; y la comunicaci\u00f3n y el lenguaje. Estos \u00e1mbitos toman como referentes los curr\u00edculos correspondientes a la educaci\u00f3n infantil y a la educaci\u00f3n primaria, en sus diferentes \u00e1mbitos y \u00e1reas, pudiendo dar cabida al desarrollo de las capacidades de la educaci\u00f3n secundaria obligatoria, de acuerdo con las posibilidades y las necesidades educativas de cada alumno o alumna.<\/p><p><strong>Actualmente, nuestro centro dispone de dos aulas espec\u00edficas de educaci\u00f3n especial.<\/strong><\/p>","_et_gb_content_width":"","ngg_post_thumbnail":0,"footnotes":""},"aioseo_notices":[],"_links":{"self":[{"href":"https:\/\/blogsaverroes.juntadeandalucia.es\/ceipfedericogarcialorca\/wp-json\/wp\/v2\/pages\/1272"}],"collection":[{"href":"https:\/\/blogsaverroes.juntadeandalucia.es\/ceipfedericogarcialorca\/wp-json\/wp\/v2\/pages"}],"about":[{"href":"https:\/\/blogsaverroes.juntadeandalucia.es\/ceipfedericogarcialorca\/wp-json\/wp\/v2\/types\/page"}],"author":[{"embeddable":true,"href":"https:\/\/blogsaverroes.juntadeandalucia.es\/ceipfedericogarcialorca\/wp-json\/wp\/v2\/users\/16967"}],"replies":[{"embeddable":true,"href":"https:\/\/blogsaverroes.juntadeandalucia.es\/ceipfedericogarcialorca\/wp-json\/wp\/v2\/comments?post=1272"}],"version-history":[{"count":5,"href":"https:\/\/blogsaverroes.juntadeandalucia.es\/ceipfedericogarcialorca\/wp-json\/wp\/v2\/pages\/1272\/revisions"}],"predecessor-version":[{"id":1757,"href":"https:\/\/blogsaverroes.juntadeandalucia.es\/ceipfedericogarcialorca\/wp-json\/wp\/v2\/pages\/1272\/revisions\/1757"}],"wp:attachment":[{"href":"https:\/\/blogsaverroes.juntadeandalucia.es\/ceipfedericogarcialorca\/wp-json\/wp\/v2\/media?parent=1272"}],"curies":[{"name":"wp","href":"https:\/\/api.w.org\/{rel}","templated":true}]}}