{"id":1362,"date":"2023-03-07T10:46:00","date_gmt":"2023-03-07T09:46:00","guid":{"rendered":"https:\/\/blogsaverroes.juntadeandalucia.es\/ceipfedericogarcialorca\/?page_id=1362"},"modified":"2023-03-13T09:48:31","modified_gmt":"2023-03-13T08:48:31","slug":"dia-de-la-amistad","status":"publish","type":"page","link":"https:\/\/blogsaverroes.juntadeandalucia.es\/ceipfedericogarcialorca\/dia-de-la-amistad\/","title":{"rendered":"D\u00eda de la Amistad"},"content":{"rendered":"<p><span style=\"color: #000000;font-family: 'comic sans ms', sans-serif\">La amistad se cultiva como una flor se abona con peque\u00f1os detalles de cortes\u00eda, de ternura y de lealtad se riega con las aguas del desinter\u00e9s y cari\u00f1o.<\/span><\/p>\n<p><img loading=\"lazy\" decoding=\"async\" class=\"alignnone wp-image-1431 aligncenter\" src=\"https:\/\/blogsaverroes.juntadeandalucia.es\/ceipfedericogarcialorca\/files\/2023\/03\/IMG-20230313-WA0004-225x300.jpg\" alt=\"\" width=\"267\" height=\"356\"><\/p>\n<p><span style=\"font-family: 'comic sans ms', sans-serif;color: #000000\">El 14 de febrero se celebra el D\u00eda del Amor y el D\u00eda de la Amistad, todo el alumnado del colegio ha bajado al Aula Espec\u00edfica donde han colocado peque\u00f1os corazones con palabras relacionadas con este d\u00eda.<\/span><\/p>\n<p><span style=\"font-family: 'comic sans ms', sans-serif;color: #000000\">Los alumnos y alumnas del Aula Espec\u00edfica le han dado un peque\u00f1o detalle a todos los alumnos y al profesorado.<\/span><\/p>\n<div style=\"width: 1080px;\" class=\"wp-video\"><!--[if lt IE 9]><script>document.createElement('video');<\/script><![endif]-->\n<video class=\"wp-video-shortcode\" id=\"video-1362-1\" width=\"1080\" height=\"810\" loop=\"1\" autoplay=\"1\" preload=\"metadata\" controls=\"controls\"><source type=\"video\/mp4\" src=\"https:\/\/blogsaverroes.juntadeandalucia.es\/ceipfedericogarcialorca\/files\/2023\/03\/VID-20230222-WA0032.mp4?_=1\" \/><a href=\"https:\/\/blogsaverroes.juntadeandalucia.es\/ceipfedericogarcialorca\/files\/2023\/03\/VID-20230222-WA0032.mp4\">https:\/\/blogsaverroes.juntadeandalucia.es\/ceipfedericogarcialorca\/files\/2023\/03\/VID-20230222-WA0032.mp4<\/a><\/video><\/div>\n<p>&nbsp;<\/p>\n","protected":false},"excerpt":{"rendered":"<p>La amistad se cultiva como una flor se abona con peque\u00f1os detalles de cortes\u00eda, de ternura y de lealtad se riega con las aguas del desinter\u00e9s y cari\u00f1o. El 14 de febrero se celebra el D\u00eda del Amor y el D\u00eda de la Amistad, todo el alumnado del colegio ha bajado al Aula Espec\u00edfica donde [&hellip;]<\/p>\n","protected":false},"author":16967,"featured_media":0,"parent":0,"menu_order":0,"comment_status":"closed","ping_status":"closed","template":"","meta":{"_et_pb_use_builder":"","_et_pb_old_content":"","_et_gb_content_width":"","ngg_post_thumbnail":0,"footnotes":""},"aioseo_notices":[],"_links":{"self":[{"href":"https:\/\/blogsaverroes.juntadeandalucia.es\/ceipfedericogarcialorca\/wp-json\/wp\/v2\/pages\/1362"}],"collection":[{"href":"https:\/\/blogsaverroes.juntadeandalucia.es\/ceipfedericogarcialorca\/wp-json\/wp\/v2\/pages"}],"about":[{"href":"https:\/\/blogsaverroes.juntadeandalucia.es\/ceipfedericogarcialorca\/wp-json\/wp\/v2\/types\/page"}],"author":[{"embeddable":true,"href":"https:\/\/blogsaverroes.juntadeandalucia.es\/ceipfedericogarcialorca\/wp-json\/wp\/v2\/users\/16967"}],"replies":[{"embeddable":true,"href":"https:\/\/blogsaverroes.juntadeandalucia.es\/ceipfedericogarcialorca\/wp-json\/wp\/v2\/comments?post=1362"}],"version-history":[{"count":5,"href":"https:\/\/blogsaverroes.juntadeandalucia.es\/ceipfedericogarcialorca\/wp-json\/wp\/v2\/pages\/1362\/revisions"}],"predecessor-version":[{"id":1433,"href":"https:\/\/blogsaverroes.juntadeandalucia.es\/ceipfedericogarcialorca\/wp-json\/wp\/v2\/pages\/1362\/revisions\/1433"}],"wp:attachment":[{"href":"https:\/\/blogsaverroes.juntadeandalucia.es\/ceipfedericogarcialorca\/wp-json\/wp\/v2\/media?parent=1362"}],"curies":[{"name":"wp","href":"https:\/\/api.w.org\/{rel}","templated":true}]}}

Día de la Amistad

<p><span style="color: #000000;font-family: 'comic sans ms', sans-serif">La amistad se cultiva como una flor se abona con pequeños detalles de cortesía, de ternura y de lealtad se riega con las aguas del desinterés y cariño.</span></p>
<p><img loading="lazy" decoding="async" class="alignnone wp-image-1431 aligncenter" src="https://blogsaverroes.juntadeandalucia.es/ceipfedericogarcialorca/files/2023/03/IMG-20230313-WA0004-225x300.jpg" alt="" width="267" height="356"></p>
<p><span style="font-family: 'comic sans ms', sans-serif;color: #000000">El 14 de febrero se celebra el Día del Amor y el Día de la Amistad, todo el alumnado del colegio ha bajado al Aula Específica donde han colocado pequeños corazones con palabras relacionadas con este día.</span></p>
<p><span style="font-family: 'comic sans ms', sans-serif;color: #000000">Los alumnos y alumnas del Aula Específica le han dado un pequeño detalle a todos los alumnos y al profesorado.</span></p>
<div style="width: 1080px;" class="wp-video"><!--[if lt IE 9]><script>document.createElement('video');</script><![endif]-->
<video class="wp-video-shortcode" id="video-1362-1" width="1080" height="810" loop="1" autoplay="1" preload="metadata" controls="controls"><source type="video/mp4" src="https://blogsaverroes.juntadeandalucia.es/ceipfedericogarcialorca/files/2023/03/VID-20230222-WA0032.mp4?_=1" /><a href="https://blogsaverroes.juntadeandalucia.es/ceipfedericogarcialorca/files/2023/03/VID-20230222-WA0032.mp4">https://blogsaverroes.juntadeandalucia.es/ceipfedericogarcialorca/files/2023/03/VID-20230222-WA0032.mp4</a></video></div>
<p>&nbsp;</p>

<p>La amistad se cultiva como una flor se abona con pequeños detalles de cortesía, de ternura y de lealtad se riega con las aguas del desinterés y cariño. El 14 de febrero se celebra el Día del Amor y el Día de la Amistad, todo el alumnado del colegio ha bajado al Aula Específica donde [&hellip;]</p>
