{"id":1450,"date":"2023-03-20T16:37:55","date_gmt":"2023-03-20T15:37:55","guid":{"rendered":"https:\/\/blogsaverroes.juntadeandalucia.es\/ceipfedericogarcialorca\/?page_id=1450"},"modified":"2023-03-20T16:48:07","modified_gmt":"2023-03-20T15:48:07","slug":"dia-de-la-paz","status":"publish","type":"page","link":"https:\/\/blogsaverroes.juntadeandalucia.es\/ceipfedericogarcialorca\/dia-de-la-paz\/","title":{"rendered":"D\u00eda de La Paz"},"content":{"rendered":"<div style=\"width: 1080px;\" class=\"wp-video\"><!--[if lt IE 9]><script>document.createElement('video');<\/script><![endif]-->\n<video class=\"wp-video-shortcode\" id=\"video-1450-1\" width=\"1080\" height=\"608\" preload=\"metadata\" controls=\"controls\"><source type=\"video\/mp4\" src=\"https:\/\/blogsaverroes.juntadeandalucia.es\/ceipfedericogarcialorca\/files\/2023\/03\/video-paz-2_Tto8YbRp-1.mp4?_=1\" \/><a href=\"https:\/\/blogsaverroes.juntadeandalucia.es\/ceipfedericogarcialorca\/files\/2023\/03\/video-paz-2_Tto8YbRp-1.mp4\">https:\/\/blogsaverroes.juntadeandalucia.es\/ceipfedericogarcialorca\/files\/2023\/03\/video-paz-2_Tto8YbRp-1.mp4<\/a><\/video><\/div>\n<p>&nbsp;<\/p>\n<p>&nbsp;<\/p>\n<p><span style=\"font-size: 12pt;font-family: 'comic sans ms', sans-serif\">Para conmemorar el D\u00eda de la Paz, los alumnos del CEIP Federico Garc\u00eda Lorca han realizado una visita a una exposici\u00f3n, realizada por ellos mismos, en el Monasterio de San Jer\u00f3nimo. En esta, se trabajaron valores tales que la igualdad, la tolerancia, el respeto o la no discriminaci\u00f3n, as\u00ed como el apoyo hacia todos los lugares del mundo que est\u00e1n en conflicto b\u00e9lico.<\/span><\/p>\n","protected":false},"excerpt":{"rendered":"<p>&nbsp; &nbsp; Para conmemorar el D\u00eda de la Paz, los alumnos del CEIP Federico Garc\u00eda Lorca han realizado una visita a una exposici\u00f3n, realizada por ellos mismos, en el Monasterio de San Jer\u00f3nimo. En esta, se trabajaron valores tales que la igualdad, la tolerancia, el respeto o la no discriminaci\u00f3n, as\u00ed como el apoyo hacia [&hellip;]<\/p>\n","protected":false},"author":17623,"featured_media":0,"parent":0,"menu_order":0,"comment_status":"closed","ping_status":"closed","template":"","meta":{"_et_pb_use_builder":"","_et_pb_old_content":"","_et_gb_content_width":"","ngg_post_thumbnail":0,"footnotes":""},"aioseo_notices":[],"_links":{"self":[{"href":"https:\/\/blogsaverroes.juntadeandalucia.es\/ceipfedericogarcialorca\/wp-json\/wp\/v2\/pages\/1450"}],"collection":[{"href":"https:\/\/blogsaverroes.juntadeandalucia.es\/ceipfedericogarcialorca\/wp-json\/wp\/v2\/pages"}],"about":[{"href":"https:\/\/blogsaverroes.juntadeandalucia.es\/ceipfedericogarcialorca\/wp-json\/wp\/v2\/types\/page"}],"author":[{"embeddable":true,"href":"https:\/\/blogsaverroes.juntadeandalucia.es\/ceipfedericogarcialorca\/wp-json\/wp\/v2\/users\/17623"}],"replies":[{"embeddable":true,"href":"https:\/\/blogsaverroes.juntadeandalucia.es\/ceipfedericogarcialorca\/wp-json\/wp\/v2\/comments?post=1450"}],"version-history":[{"count":2,"href":"https:\/\/blogsaverroes.juntadeandalucia.es\/ceipfedericogarcialorca\/wp-json\/wp\/v2\/pages\/1450\/revisions"}],"predecessor-version":[{"id":1476,"href":"https:\/\/blogsaverroes.juntadeandalucia.es\/ceipfedericogarcialorca\/wp-json\/wp\/v2\/pages\/1450\/revisions\/1476"}],"wp:attachment":[{"href":"https:\/\/blogsaverroes.juntadeandalucia.es\/ceipfedericogarcialorca\/wp-json\/wp\/v2\/media?parent=1450"}],"curies":[{"name":"wp","href":"https:\/\/api.w.org\/{rel}","templated":true}]}}