{"id":1778,"date":"2025-09-20T19:31:59","date_gmt":"2025-09-20T17:31:59","guid":{"rendered":"https:\/\/blogsaverroes.juntadeandalucia.es\/ceipfedericogarcialorca\/?page_id=1778"},"modified":"2025-09-20T19:31:59","modified_gmt":"2025-09-20T17:31:59","slug":"aulas-verdes-abiertas","status":"publish","type":"page","link":"https:\/\/blogsaverroes.juntadeandalucia.es\/ceipfedericogarcialorca\/aulas-verdes-abiertas\/","title":{"rendered":"Aulas Verdes Abiertas"},"content":{"rendered":"<p>Las Aulas Verdes Abiertas es un proyecto que busca renaturalizar los espacios exteriores de los centros educativos p\u00fablicos y darles un uso pedag\u00f3gico,&nbsp; creando entornos al aire libre para el aprendizaje a trav\u00e9s de la experiencia y la conexi\u00f3n con la naturaleza.<\/p>\n","protected":false},"excerpt":{"rendered":"<p>Las Aulas Verdes Abiertas es un proyecto que busca renaturalizar los espacios exteriores de los centros educativos p\u00fablicos y darles un uso pedag\u00f3gico,&nbsp; creando entornos al aire libre para el aprendizaje a trav\u00e9s de la experiencia y la conexi\u00f3n con la naturaleza.<\/p>\n","protected":false},"author":16537,"featured_media":0,"parent":0,"menu_order":0,"comment_status":"closed","ping_status":"closed","template":"","meta":{"_et_pb_use_builder":"","_et_pb_old_content":"","_et_gb_content_width":"","ngg_post_thumbnail":0,"footnotes":""},"aioseo_notices":[],"_links":{"self":[{"href":"https:\/\/blogsaverroes.juntadeandalucia.es\/ceipfedericogarcialorca\/wp-json\/wp\/v2\/pages\/1778"}],"collection":[{"href":"https:\/\/blogsaverroes.juntadeandalucia.es\/ceipfedericogarcialorca\/wp-json\/wp\/v2\/pages"}],"about":[{"href":"https:\/\/blogsaverroes.juntadeandalucia.es\/ceipfedericogarcialorca\/wp-json\/wp\/v2\/types\/page"}],"author":[{"embeddable":true,"href":"https:\/\/blogsaverroes.juntadeandalucia.es\/ceipfedericogarcialorca\/wp-json\/wp\/v2\/users\/16537"}],"replies":[{"embeddable":true,"href":"https:\/\/blogsaverroes.juntadeandalucia.es\/ceipfedericogarcialorca\/wp-json\/wp\/v2\/comments?post=1778"}],"version-history":[{"count":1,"href":"https:\/\/blogsaverroes.juntadeandalucia.es\/ceipfedericogarcialorca\/wp-json\/wp\/v2\/pages\/1778\/revisions"}],"predecessor-version":[{"id":1779,"href":"https:\/\/blogsaverroes.juntadeandalucia.es\/ceipfedericogarcialorca\/wp-json\/wp\/v2\/pages\/1778\/revisions\/1779"}],"wp:attachment":[{"href":"https:\/\/blogsaverroes.juntadeandalucia.es\/ceipfedericogarcialorca\/wp-json\/wp\/v2\/media?parent=1778"}],"curies":[{"name":"wp","href":"https:\/\/api.w.org\/{rel}","templated":true}]}}

<p>Las Aulas Verdes Abiertas es un proyecto que busca renaturalizar los espacios exteriores de los centros educativos públicos y darles un uso pedagógico,&nbsp; creando entornos al aire libre para el aprendizaje a través de la experiencia y la conexión con la naturaleza.</p>
