{"id":836,"date":"2023-01-19T08:37:22","date_gmt":"2023-01-19T07:37:22","guid":{"rendered":"https:\/\/blogsaverroes.juntadeandalucia.es\/pre\/plantilla-pencil\/?page_id=836"},"modified":"2025-01-02T13:07:55","modified_gmt":"2025-01-02T12:07:55","slug":"actividades-extraescolares","status":"publish","type":"page","link":"https:\/\/blogsaverroes.juntadeandalucia.es\/ceipfedericogarcialorca\/actividades-extraescolares\/","title":{"rendered":"Actividades extraescolares"},"content":{"rendered":"<p>[et_pb_section fb_built=&#8221;1&#8243; _builder_version=&#8221;4.16&#8243; custom_padding=&#8221;0px||0px|&#8221; z_index_tablet=&#8221;500&#8243; box_shadow_horizontal_tablet=&#8221;0px&#8221; box_shadow_vertical_tablet=&#8221;0px&#8221; box_shadow_blur_tablet=&#8221;40px&#8221; box_shadow_spread_tablet=&#8221;0px&#8221; global_colors_info=&#8221;{}&#8221;][et_pb_row _builder_version=&#8221;4.16&#8243; background_size=&#8221;initial&#8221; background_position=&#8221;top_left&#8221; background_repeat=&#8221;repeat&#8221; global_colors_info=&#8221;{}&#8221;][et_pb_column type=&#8221;4_4&#8243; _builder_version=&#8221;4.16&#8243; custom_padding=&#8221;|||&#8221; global_colors_info=&#8221;{}&#8221; custom_padding__hover=&#8221;|||&#8221;][et_pb_image src=&#8221;https:\/\/blogsaverroes.juntadeandalucia.es\/ceipfedericogarcialorca\/files\/2023\/01\/ACTIVIDADES-EXTRAESCOLARES.jpg&#8221; title_text=&#8221;ACTIVIDADES EXTRAESCOLARES&#8221; admin_label=&#8221;Imagen de la portada&#8221; _builder_version=&#8221;4.16&#8243; width=&#8221;100%&#8221; custom_margin=&#8221;|||292px||&#8221; custom_padding=&#8221;|549px||||&#8221; z_index_tablet=&#8221;500&#8243; box_shadow_horizontal_tablet=&#8221;0px&#8221; box_shadow_vertical_tablet=&#8221;0px&#8221; box_shadow_blur_tablet=&#8221;40px&#8221; box_shadow_spread_tablet=&#8221;0px&#8221; global_colors_info=&#8221;{}&#8221;][\/et_pb_image][et_pb_text admin_label=&#8221;Texto descriptivo&#8221; _builder_version=&#8221;4.24.2&#8243; hover_enabled=&#8221;0&#8243; z_index_tablet=&#8221;500&#8243; text_text_shadow_horizontal_length_tablet=&#8221;0px&#8221; text_text_shadow_vertical_length_tablet=&#8221;0px&#8221; text_text_shadow_blur_strength_tablet=&#8221;1px&#8221; link_text_shadow_horizontal_length_tablet=&#8221;0px&#8221; link_text_shadow_vertical_length_tablet=&#8221;0px&#8221; link_text_shadow_blur_strength_tablet=&#8221;1px&#8221; ul_text_shadow_horizontal_length_tablet=&#8221;0px&#8221; ul_text_shadow_vertical_length_tablet=&#8221;0px&#8221; ul_text_shadow_blur_strength_tablet=&#8221;1px&#8221; ol_text_shadow_horizontal_length_tablet=&#8221;0px&#8221; ol_text_shadow_vertical_length_tablet=&#8221;0px&#8221; ol_text_shadow_blur_strength_tablet=&#8221;1px&#8221; quote_text_shadow_horizontal_length_tablet=&#8221;0px&#8221; quote_text_shadow_vertical_length_tablet=&#8221;0px&#8221; quote_text_shadow_blur_strength_tablet=&#8221;1px&#8221; header_text_shadow_horizontal_length_tablet=&#8221;0px&#8221; header_text_shadow_vertical_length_tablet=&#8221;0px&#8221; header_text_shadow_blur_strength_tablet=&#8221;1px&#8221; header_2_text_shadow_horizontal_length_tablet=&#8221;0px&#8221; header_2_text_shadow_vertical_length_tablet=&#8221;0px&#8221; header_2_text_shadow_blur_strength_tablet=&#8221;1px&#8221; header_3_text_shadow_horizontal_length_tablet=&#8221;0px&#8221; header_3_text_shadow_vertical_length_tablet=&#8221;0px&#8221; header_3_text_shadow_blur_strength_tablet=&#8221;1px&#8221; header_4_text_shadow_horizontal_length_tablet=&#8221;0px&#8221; header_4_text_shadow_vertical_length_tablet=&#8221;0px&#8221; header_4_text_shadow_blur_strength_tablet=&#8221;1px&#8221; header_5_text_shadow_horizontal_length_tablet=&#8221;0px&#8221; header_5_text_shadow_vertical_length_tablet=&#8221;0px&#8221; header_5_text_shadow_blur_strength_tablet=&#8221;1px&#8221; header_6_text_shadow_horizontal_length_tablet=&#8221;0px&#8221; header_6_text_shadow_vertical_length_tablet=&#8221;0px&#8221; header_6_text_shadow_blur_strength_tablet=&#8221;1px&#8221; box_shadow_horizontal_tablet=&#8221;0px&#8221; box_shadow_vertical_tablet=&#8221;0px&#8221; box_shadow_blur_tablet=&#8221;40px&#8221; box_shadow_spread_tablet=&#8221;0px&#8221; global_colors_info=&#8221;{}&#8221; sticky_enabled=&#8221;0&#8243;]<\/p>\n<h2>Actividades extraescolares<\/h2>\n<p><strong>&#8211;&gt; Descripci\u00f3n<\/strong><\/p>\n<p>El acompa\u00f1amiento escolar es una actuaci\u00f3n dirigida al alumnado que, por diferentes motivos, no puede recibir el acompa\u00f1amiento y apoyo suficientes en el seno familiar, con el que se persigue compensar los desfases existentes en los niveles de logro de las competencias b\u00e1sicas, especialmente en las competencias de comunicaci\u00f3n ling\u00fc\u00edstica y en razonamiento matem\u00e1tico. De este modo, el acompa\u00f1amiento escolar se concibe como una medida favorecedora del \u00e9xito escolar, as\u00ed como una importante v\u00eda para la prevenci\u00f3n del absentismo y abandono escolar tempranos.<\/p>\n<p><strong>&#8211;&gt; Objetivos.<\/strong><\/p>\n<p>&#8211; Favorecer la inclusi\u00f3n educativa y social del alumnado que requiera de esta medida, facilit\u00e1ndoles t\u00e9cnicas y herramientas necesarias para un desenvolvimiento aut\u00f3nomo.<br \/>&#8211; Contribuir a la consecuci\u00f3n de los objetivos establecidos en el curriculum de la etapa de Educaci\u00f3n Primaria y Educaci\u00f3n Secundaria Obligatoria dentro del Proyecto Educativo del centro.<br \/>&#8211; Apoyar la transformaci\u00f3n social y cultural del centro escolar y de la comunidad educativa.<br \/>&#8211; Establecer cauces de coordinaci\u00f3n, cooperaci\u00f3n y colaboraci\u00f3n entre todos los agentes implicados en el sistema educativo, docentes y no docentes, para prestar una respuesta integral al alumnado desde una visi\u00f3n inclusiva de la educaci\u00f3n.<\/p>\n<p><strong>&#8211;&gt; Alumnado beneficiario: <\/strong>El alumnado beneficiario del acompa\u00f1amiento escolar ser\u00e1 aquel que presente dificultades para alcanzar las competencias b\u00e1sicas y que est\u00e1 escolarizado en el segundo o el tercer ciclo de la etapa de Educaci\u00f3n Primaria.<\/p>\n<p><strong>&#8211;&gt; Programaci\u00f3n: <\/strong>Las sesiones abordar\u00e1n los siguientes bloques de contenidos:<\/p>\n<p>&#8211; Competencias y aprendizajes instrumentales b\u00e1sicos: comprensi\u00f3n lectora, expresi\u00f3n oral o escrita y c\u00e1lculo y resoluci\u00f3n de problemas, entre otros.<br \/>&#8211; Estrategias, t\u00e9cnicas y h\u00e1bitos de estudio: planificaci\u00f3n y organizaci\u00f3n del trabajo escolar, t\u00e9cnicas de trabajo intelectual, mejora de la lectura, motivaci\u00f3n, constancia y esfuerzo personal.<br \/>&#8211; El uso de las tecnolog\u00edas de la informaci\u00f3n y la comunicaci\u00f3n en la vida diaria.<br \/>&#8211; Coeducaci\u00f3n, normas para la convivencia, mediaci\u00f3n y resoluci\u00f3n pacifica de conflictos.<br \/>&#8211; Actividades motivadoras, funcionales y que facilitan el proceso de transferencia de los aprendizajes escolares<\/p>\n<p><strong>&#8211;&gt; Agrupamientos: <\/strong>Los grupos estar\u00e1n compuestos por un m\u00ednimo de 5 y un m\u00e1ximo de 10 alumnos\/as.<\/p>\n<p><strong>&#8211;&gt; Horario (PROA): <\/strong>3\u00ba y 4\u00ba de Primaria, los martes y jueves de 16:00h a 18:00h. Los grupos de 5\u00ba y 6\u00ba de Primaria, los lunes y mi\u00e9rcoles de 16:00h a 18:00h.<\/p>\n<p>&#8211;&gt; <strong>Adem\u00e1s, tambi\u00e9n disponemos de las siguientes extraescolares:<\/strong><\/p>\n<p>\u2013&nbsp;<strong>Acompa\u00f1amiento ling\u00fc\u00edstico espa\u00f1ol (PALI): <\/strong>Hay dos grupos los lunes y mi\u00e9rcoles de 18:00h a 20:00h.<\/p>\n<p>\u2013 <strong>Programa de Refuerzo en Lengua Extranjera Ingl\u00e9s&nbsp;(PREX):<\/strong> lunes y mi\u00e9rcoles de 16:00h a 18:00h. Un grupo con horario de 16:00h a 17:00 y otro grupo de 17:00h a 18:00h.<\/p>\n<p>\u2013&nbsp;<strong>Escuela deportiva:<\/strong>&nbsp;&nbsp;<\/p>\n<ul>\n<li><em>F\u00fatbol Sala<\/em>, los martes y jueves de 16:00h a 17:00h.<\/li>\n<li><em>Baloncesto,&nbsp;<\/em>los martes y jueves de 17:00h a 18:00 h.<\/li>\n<li><em>Voleibol,<\/em> los lunes y mi\u00e9rcoles de 17:00h a 18:00h.<\/li>\n<\/ul>\n<p>\u2013&nbsp;<strong>Refuerzo:<\/strong> de lunes a jueves por Asociaci\u00f3n Aliento con horario de tarde.<\/p>\n<p>&nbsp;<\/p>\n<p>&nbsp;<\/p>\n<p>[\/et_pb_text][\/et_pb_column][\/et_pb_row][\/et_pb_section]<\/p>\n","protected":false},"excerpt":{"rendered":"<p>Actividades extraescolares &#8211;&gt; Descripci\u00f3n El acompa\u00f1amiento escolar es una actuaci\u00f3n dirigida al alumnado que, por diferentes motivos, no puede recibir el acompa\u00f1amiento y apoyo suficientes en el seno familiar, con el que se persigue compensar los desfases existentes en los niveles de logro de las competencias b\u00e1sicas, especialmente en las competencias de comunicaci\u00f3n ling\u00fc\u00edstica y [&hellip;]<\/p>\n","protected":false},"author":16537,"featured_media":0,"parent":0,"menu_order":0,"comment_status":"closed","ping_status":"closed","template":"","meta":{"_et_pb_use_builder":"on","_et_pb_old_content":"","_et_gb_content_width":"","ngg_post_thumbnail":0,"footnotes":""},"aioseo_notices":[],"_links":{"self":[{"href":"https:\/\/blogsaverroes.juntadeandalucia.es\/ceipfedericogarcialorca\/wp-json\/wp\/v2\/pages\/836"}],"collection":[{"href":"https:\/\/blogsaverroes.juntadeandalucia.es\/ceipfedericogarcialorca\/wp-json\/wp\/v2\/pages"}],"about":[{"href":"https:\/\/blogsaverroes.juntadeandalucia.es\/ceipfedericogarcialorca\/wp-json\/wp\/v2\/types\/page"}],"author":[{"embeddable":true,"href":"https:\/\/blogsaverroes.juntadeandalucia.es\/ceipfedericogarcialorca\/wp-json\/wp\/v2\/users\/16537"}],"replies":[{"embeddable":true,"href":"https:\/\/blogsaverroes.juntadeandalucia.es\/ceipfedericogarcialorca\/wp-json\/wp\/v2\/comments?post=836"}],"version-history":[{"count":6,"href":"https:\/\/blogsaverroes.juntadeandalucia.es\/ceipfedericogarcialorca\/wp-json\/wp\/v2\/pages\/836\/revisions"}],"predecessor-version":[{"id":1723,"href":"https:\/\/blogsaverroes.juntadeandalucia.es\/ceipfedericogarcialorca\/wp-json\/wp\/v2\/pages\/836\/revisions\/1723"}],"wp:attachment":[{"href":"https:\/\/blogsaverroes.juntadeandalucia.es\/ceipfedericogarcialorca\/wp-json\/wp\/v2\/media?parent=836"}],"curies":[{"name":"wp","href":"https:\/\/api.w.org\/{rel}","templated":true}]}}