{"id":850,"date":"2020-12-18T08:41:27","date_gmt":"2020-12-18T07:41:27","guid":{"rendered":"https:\/\/blogsaverroes.juntadeandalucia.es\/pre\/plantilla-pencil\/?page_id=850"},"modified":"2025-03-07T12:27:58","modified_gmt":"2025-03-07T11:27:58","slug":"planes-y-proyectos","status":"publish","type":"page","link":"https:\/\/blogsaverroes.juntadeandalucia.es\/ceipfedericogarcialorcaalcala\/planes-y-proyectos\/","title":{"rendered":"Planes y Proyectos"},"content":{"rendered":"<p>[et_pb_section fb_built=&#8221;1&#8243; _builder_version=&#8221;4.16&#8243; global_colors_info=&#8221;{}&#8221; custom_padding=&#8221;||47px|||&#8221;][et_pb_row _builder_version=&#8221;4.24.2&#8243; background_size=&#8221;initial&#8221; background_position=&#8221;top_left&#8221; background_repeat=&#8221;repeat&#8221; hover_enabled=&#8221;0&#8243; global_colors_info=&#8221;{}&#8221; sticky_enabled=&#8221;0&#8243;][et_pb_column type=&#8221;4_4&#8243; _builder_version=&#8221;4.16&#8243; custom_padding=&#8221;|||&#8221; global_colors_info=&#8221;{}&#8221; custom_padding__hover=&#8221;|||&#8221;][et_pb_image src=&#8221;https:\/\/blogsaverroes.juntadeandalucia.es\/ceipfedericogarcialorcaalcala\/files\/2020\/02\/elcentro.png&#8221; title_text=&#8221;elcentro&#8221; admin_label=&#8221;Imagen de la portada&#8221; _builder_version=&#8221;4.16&#8243; z_index_tablet=&#8221;500&#8243; box_shadow_horizontal_tablet=&#8221;0px&#8221; box_shadow_vertical_tablet=&#8221;0px&#8221; box_shadow_blur_tablet=&#8221;40px&#8221; box_shadow_spread_tablet=&#8221;0px&#8221; global_colors_info=&#8221;{}&#8221;][\/et_pb_image][et_pb_text admin_label=&#8221;Texto descriptivo&#8221; _builder_version=&#8221;4.16&#8243; z_index_tablet=&#8221;500&#8243; text_text_shadow_horizontal_length_tablet=&#8221;0px&#8221; text_text_shadow_vertical_length_tablet=&#8221;0px&#8221; text_text_shadow_blur_strength_tablet=&#8221;1px&#8221; link_text_shadow_horizontal_length_tablet=&#8221;0px&#8221; link_text_shadow_vertical_length_tablet=&#8221;0px&#8221; link_text_shadow_blur_strength_tablet=&#8221;1px&#8221; ul_text_shadow_horizontal_length_tablet=&#8221;0px&#8221; ul_text_shadow_vertical_length_tablet=&#8221;0px&#8221; ul_text_shadow_blur_strength_tablet=&#8221;1px&#8221; ol_text_shadow_horizontal_length_tablet=&#8221;0px&#8221; ol_text_shadow_vertical_length_tablet=&#8221;0px&#8221; ol_text_shadow_blur_strength_tablet=&#8221;1px&#8221; quote_text_shadow_horizontal_length_tablet=&#8221;0px&#8221; quote_text_shadow_vertical_length_tablet=&#8221;0px&#8221; quote_text_shadow_blur_strength_tablet=&#8221;1px&#8221; header_text_shadow_horizontal_length_tablet=&#8221;0px&#8221; header_text_shadow_vertical_length_tablet=&#8221;0px&#8221; header_text_shadow_blur_strength_tablet=&#8221;1px&#8221; header_2_text_shadow_horizontal_length_tablet=&#8221;0px&#8221; header_2_text_shadow_vertical_length_tablet=&#8221;0px&#8221; header_2_text_shadow_blur_strength_tablet=&#8221;1px&#8221; header_3_text_shadow_horizontal_length_tablet=&#8221;0px&#8221; header_3_text_shadow_vertical_length_tablet=&#8221;0px&#8221; header_3_text_shadow_blur_strength_tablet=&#8221;1px&#8221; header_4_text_shadow_horizontal_length_tablet=&#8221;0px&#8221; header_4_text_shadow_vertical_length_tablet=&#8221;0px&#8221; header_4_text_shadow_blur_strength_tablet=&#8221;1px&#8221; header_5_text_shadow_horizontal_length_tablet=&#8221;0px&#8221; header_5_text_shadow_vertical_length_tablet=&#8221;0px&#8221; header_5_text_shadow_blur_strength_tablet=&#8221;1px&#8221; header_6_text_shadow_horizontal_length_tablet=&#8221;0px&#8221; header_6_text_shadow_vertical_length_tablet=&#8221;0px&#8221; header_6_text_shadow_blur_strength_tablet=&#8221;1px&#8221; box_shadow_horizontal_tablet=&#8221;0px&#8221; box_shadow_vertical_tablet=&#8221;0px&#8221; box_shadow_blur_tablet=&#8221;40px&#8221; box_shadow_spread_tablet=&#8221;0px&#8221; global_colors_info=&#8221;{}&#8221; width=&#8221;100%&#8221;]<\/p>\n<h2>Planes y Proyectos<\/h2>\n<p>&nbsp;<\/p>\n<p>ESCUELA: ESPACIO DE PAZ<\/p>\n<p>Nuestro centro viene participando en este programa desde hace m\u00e1s de 15 a\u00f1os, con<br \/>el proyecto \u201dAprendemos a convivir\u201d, cuyo objetivo principal es el de crear un clima<br \/>favorable de convivencia dentro y fuera del aula, prevenir los conflictos y en su caso<br \/>resolverlos de forma pac\u00edfica. Desde este proyecto trabajamos la educaci\u00f3n en valores<br \/>y canalizamos actividades como los Juegos de patio, campa\u00f1as solidarias y de limpieza,<br \/>actividades para el d\u00eda de la Paz y talleres de coeducaci\u00f3n.<\/p>\n<p>CRECIENDO EN SALUD<\/p>\n<p>Las carencias observadas en gran parte de nuestro alumnado en cuanto a pr\u00e1cticas<br \/>inadecuadas en alimentaci\u00f3n, horas de sue\u00f1o y aseo e higiene personal, nos animaron a<br \/>solicitar desde el curso 2017\/18 la participaci\u00f3n en este programa para la promoci\u00f3n de<br \/>h\u00e1bitos de vida saludable. Actualmente, no s\u00f3lo fomentamos entre nuestro alumnado el<br \/>consumo de frutas y hortalizas sino tambi\u00e9n el consumo de l\u00e1cteos.<\/p>\n<p>ALDEA B, E. AMBIENTAL<\/p>\n<p>En el curso 2021\/22 solicitamos el proyecto de Aldea B, como herramienta de Educaci\u00f3n Ambiental<br \/>para la Comunidad Educativa y que como objetivos se plantea: favorecer el desarrollo de las<br \/>competencias clave del alumnado, el intercambio de experiencias educativas, el trabajo en equipo, la<br \/>creaci\u00f3n de redes profesionales, el trabajo por proyectos u otras metodolog\u00edas activas e innovadoras<br \/>que propicien, en definitiva, un cambio en conductas ambientales con nuestro entorno y que incida<br \/>en la pr\u00e1ctica educativa diaria. Tambi\u00e9n nos servir\u00e1 para explotar recursos que tenemos en el centro<br \/>como el huerto escolar y un proyecto piloto de jard\u00edn bot\u00e1nico.<\/p>\n<p>TRANSFORMACI\u00d3N DIGITAL<\/p>\n<p>Entendemos pues las TICs como herramienta fundamental de motivaci\u00f3n y aprendizaje para el<br \/>alumnado en general, pero especialmente en nuestro centro se ha de tener en cuenta el car\u00e1cter<br \/>compensatorio que este proyecto tiene para nuestro alumnado, ya que proviene de un entorno<br \/>bastante desfavorecido desde el punto de vista sociocultural, en el que el acceso a las nuevas<br \/>tecnolog\u00edas se restringe en la mayor\u00eda de los casos a las pr\u00e1cticas que el colegio pueda ofrecer.<br \/>Actualmente disponemos de tablets y ultraport\u00e1tiles para trabajar desde la plataforma Moodle<br \/>Centros las distintas materias. A\u00f1adir que recientemente hemos recibido la dotaci\u00f3n de 25 port\u00e1tiles<br \/>nuevos con la posibilidad de usar la pantalla como Tablet.<\/p>\n<p>PROGRAMA DE ACOMPA\u00d1AMIENTO ESCOLAR y PREX<\/p>\n<p>Responde a la necesidad de mejorar los \u00edndices de \u00e9xito escolar en este colegio y dar respuesta al<br \/>alumnado que requiere apoyo y refuerzo educativo adicional a las actividades que realizan en<br \/>horario lectivo.<\/p>\n<p>&nbsp;<\/p>\n<p>[\/et_pb_text][\/et_pb_column][\/et_pb_row][\/et_pb_section]<\/p>\n","protected":false},"excerpt":{"rendered":"<p>Planes y Proyectos &nbsp; ESCUELA: ESPACIO DE PAZ Nuestro centro viene participando en este programa desde hace m\u00e1s de 15 a\u00f1os, conel proyecto \u201dAprendemos a convivir\u201d, cuyo objetivo principal es el de crear un climafavorable de convivencia dentro y fuera del aula, prevenir los conflictos y en su casoresolverlos de forma pac\u00edfica. Desde este proyecto [&hellip;]<\/p>\n","protected":false},"author":6422,"featured_media":0,"parent":0,"menu_order":0,"comment_status":"closed","ping_status":"closed","template":"","meta":{"_et_pb_use_builder":"on","_et_pb_old_content":"","_et_gb_content_width":"","ngg_post_thumbnail":0,"footnotes":""},"aioseo_notices":[],"_links":{"self":[{"href":"https:\/\/blogsaverroes.juntadeandalucia.es\/ceipfedericogarcialorcaalcala\/wp-json\/wp\/v2\/pages\/850"}],"collection":[{"href":"https:\/\/blogsaverroes.juntadeandalucia.es\/ceipfedericogarcialorcaalcala\/wp-json\/wp\/v2\/pages"}],"about":[{"href":"https:\/\/blogsaverroes.juntadeandalucia.es\/ceipfedericogarcialorcaalcala\/wp-json\/wp\/v2\/types\/page"}],"author":[{"embeddable":true,"href":"https:\/\/blogsaverroes.juntadeandalucia.es\/ceipfedericogarcialorcaalcala\/wp-json\/wp\/v2\/users\/6422"}],"replies":[{"embeddable":true,"href":"https:\/\/blogsaverroes.juntadeandalucia.es\/ceipfedericogarcialorcaalcala\/wp-json\/wp\/v2\/comments?post=850"}],"version-history":[{"count":2,"href":"https:\/\/blogsaverroes.juntadeandalucia.es\/ceipfedericogarcialorcaalcala\/wp-json\/wp\/v2\/pages\/850\/revisions"}],"predecessor-version":[{"id":1170,"href":"https:\/\/blogsaverroes.juntadeandalucia.es\/ceipfedericogarcialorcaalcala\/wp-json\/wp\/v2\/pages\/850\/revisions\/1170"}],"wp:attachment":[{"href":"https:\/\/blogsaverroes.juntadeandalucia.es\/ceipfedericogarcialorcaalcala\/wp-json\/wp\/v2\/media?parent=850"}],"curies":[{"name":"wp","href":"https:\/\/api.w.org\/{rel}","templated":true}]}}

<p>[et_pb_section fb_built=&#8221;1&#8243; _builder_version=&#8221;4.16&#8243; global_colors_info=&#8221;{}&#8221; custom_padding=&#8221;||47px|||&#8221;][et_pb_row _builder_version=&#8221;4.24.2&#8243; background_size=&#8221;initial&#8221; background_position=&#8221;top_left&#8221; background_repeat=&#8221;repeat&#8221; hover_enabled=&#8221;0&#8243; global_colors_info=&#8221;{}&#8221; sticky_enabled=&#8221;0&#8243;][et_pb_column type=&#8221;4_4&#8243; _builder_version=&#8221;4.16&#8243; custom_padding=&#8221;|||&#8221; global_colors_info=&#8221;{}&#8221; custom_padding__hover=&#8221;|||&#8221;][et_pb_image src=&#8221;https://blogsaverroes.juntadeandalucia.es/ceipfedericogarcialorcaalcala/files/2020/02/elcentro.png&#8221; title_text=&#8221;elcentro&#8221; admin_label=&#8221;Imagen de la portada&#8221; _builder_version=&#8221;4.16&#8243; z_index_tablet=&#8221;500&#8243; box_shadow_horizontal_tablet=&#8221;0px&#8221; box_shadow_vertical_tablet=&#8221;0px&#8221; box_shadow_blur_tablet=&#8221;40px&#8221; box_shadow_spread_tablet=&#8221;0px&#8221; global_colors_info=&#8221;{}&#8221;][/et_pb_image][et_pb_text admin_label=&#8221;Texto descriptivo&#8221; _builder_version=&#8221;4.16&#8243; z_index_tablet=&#8221;500&#8243; text_text_shadow_horizontal_length_tablet=&#8221;0px&#8221; text_text_shadow_vertical_length_tablet=&#8221;0px&#8221; text_text_shadow_blur_strength_tablet=&#8221;1px&#8221; link_text_shadow_horizontal_length_tablet=&#8221;0px&#8221; link_text_shadow_vertical_length_tablet=&#8221;0px&#8221; link_text_shadow_blur_strength_tablet=&#8221;1px&#8221; ul_text_shadow_horizontal_length_tablet=&#8221;0px&#8221; ul_text_shadow_vertical_length_tablet=&#8221;0px&#8221; ul_text_shadow_blur_strength_tablet=&#8221;1px&#8221; ol_text_shadow_horizontal_length_tablet=&#8221;0px&#8221; ol_text_shadow_vertical_length_tablet=&#8221;0px&#8221; ol_text_shadow_blur_strength_tablet=&#8221;1px&#8221; quote_text_shadow_horizontal_length_tablet=&#8221;0px&#8221; quote_text_shadow_vertical_length_tablet=&#8221;0px&#8221; quote_text_shadow_blur_strength_tablet=&#8221;1px&#8221; header_text_shadow_horizontal_length_tablet=&#8221;0px&#8221; header_text_shadow_vertical_length_tablet=&#8221;0px&#8221; header_text_shadow_blur_strength_tablet=&#8221;1px&#8221; header_2_text_shadow_horizontal_length_tablet=&#8221;0px&#8221; header_2_text_shadow_vertical_length_tablet=&#8221;0px&#8221; header_2_text_shadow_blur_strength_tablet=&#8221;1px&#8221; header_3_text_shadow_horizontal_length_tablet=&#8221;0px&#8221; header_3_text_shadow_vertical_length_tablet=&#8221;0px&#8221; header_3_text_shadow_blur_strength_tablet=&#8221;1px&#8221; header_4_text_shadow_horizontal_length_tablet=&#8221;0px&#8221; header_4_text_shadow_vertical_length_tablet=&#8221;0px&#8221; header_4_text_shadow_blur_strength_tablet=&#8221;1px&#8221; header_5_text_shadow_horizontal_length_tablet=&#8221;0px&#8221; header_5_text_shadow_vertical_length_tablet=&#8221;0px&#8221; header_5_text_shadow_blur_strength_tablet=&#8221;1px&#8221; header_6_text_shadow_horizontal_length_tablet=&#8221;0px&#8221; header_6_text_shadow_vertical_length_tablet=&#8221;0px&#8221; header_6_text_shadow_blur_strength_tablet=&#8221;1px&#8221; box_shadow_horizontal_tablet=&#8221;0px&#8221; box_shadow_vertical_tablet=&#8221;0px&#8221; box_shadow_blur_tablet=&#8221;40px&#8221; box_shadow_spread_tablet=&#8221;0px&#8221; global_colors_info=&#8221;{}&#8221; width=&#8221;100%&#8221;]</p>
<h2>Planes y Proyectos</h2>
<p>&nbsp;</p>
<p>ESCUELA: ESPACIO DE PAZ</p>
<p>Nuestro centro viene participando en este programa desde hace más de 15 años, con<br />el proyecto ”Aprendemos a convivir”, cuyo objetivo principal es el de crear un clima<br />favorable de convivencia dentro y fuera del aula, prevenir los conflictos y en su caso<br />resolverlos de forma pacífica. Desde este proyecto trabajamos la educación en valores<br />y canalizamos actividades como los Juegos de patio, campañas solidarias y de limpieza,<br />actividades para el día de la Paz y talleres de coeducación.</p>
<p>CRECIENDO EN SALUD</p>
<p>Las carencias observadas en gran parte de nuestro alumnado en cuanto a prácticas<br />inadecuadas en alimentación, horas de sueño y aseo e higiene personal, nos animaron a<br />solicitar desde el curso 2017/18 la participación en este programa para la promoción de<br />hábitos de vida saludable. Actualmente, no sólo fomentamos entre nuestro alumnado el<br />consumo de frutas y hortalizas sino también el consumo de lácteos.</p>
<p>ALDEA B, E. AMBIENTAL</p>
<p>En el curso 2021/22 solicitamos el proyecto de Aldea B, como herramienta de Educación Ambiental<br />para la Comunidad Educativa y que como objetivos se plantea: favorecer el desarrollo de las<br />competencias clave del alumnado, el intercambio de experiencias educativas, el trabajo en equipo, la<br />creación de redes profesionales, el trabajo por proyectos u otras metodologías activas e innovadoras<br />que propicien, en definitiva, un cambio en conductas ambientales con nuestro entorno y que incida<br />en la práctica educativa diaria. También nos servirá para explotar recursos que tenemos en el centro<br />como el huerto escolar y un proyecto piloto de jardín botánico.</p>
<p>TRANSFORMACIÓN DIGITAL</p>
<p>Entendemos pues las TICs como herramienta fundamental de motivación y aprendizaje para el<br />alumnado en general, pero especialmente en nuestro centro se ha de tener en cuenta el carácter<br />compensatorio que este proyecto tiene para nuestro alumnado, ya que proviene de un entorno<br />bastante desfavorecido desde el punto de vista sociocultural, en el que el acceso a las nuevas<br />tecnologías se restringe en la mayoría de los casos a las prácticas que el colegio pueda ofrecer.<br />Actualmente disponemos de tablets y ultraportátiles para trabajar desde la plataforma Moodle<br />Centros las distintas materias. Añadir que recientemente hemos recibido la dotación de 25 portátiles<br />nuevos con la posibilidad de usar la pantalla como Tablet.</p>
<p>PROGRAMA DE ACOMPAÑAMIENTO ESCOLAR y PREX</p>
<p>Responde a la necesidad de mejorar los índices de éxito escolar en este colegio y dar respuesta al<br />alumnado que requiere apoyo y refuerzo educativo adicional a las actividades que realizan en<br />horario lectivo.</p>
<p>&nbsp;</p>
<p>[/et_pb_text][/et_pb_column][/et_pb_row][/et_pb_section]</p>

<p>Planes y Proyectos &nbsp; ESCUELA: ESPACIO DE PAZ Nuestro centro viene participando en este programa desde hace más de 15 años, conel proyecto ”Aprendemos a convivir”, cuyo objetivo principal es el de crear un climafavorable de convivencia dentro y fuera del aula, prevenir los conflictos y en su casoresolverlos de forma pacífica. Desde este proyecto [&hellip;]</p>
