{"id":42,"date":"2015-03-13T08:40:47","date_gmt":"2015-03-13T08:40:47","guid":{"rendered":"http:\/\/blogsaverroes.juntadeandalucia.es\/pre\/ceip\/?page_id=42"},"modified":"2019-12-31T12:34:16","modified_gmt":"2019-12-31T12:34:16","slug":"equipo-directivo","status":"publish","type":"page","link":"https:\/\/blogsaverroes.juntadeandalucia.es\/ceipfedericogarcialorcacarboneras\/equipo-directivo\/","title":{"rendered":"Equipo directivo"},"content":{"rendered":"<div align=\"CENTER\" data-blogger-escaped-style=\"margin-bottom: 0cm;\">\n<p><span style=\"font-size: small\" data-blogger-escaped-style=\"font-size: x-small;\"><b>HORARIO DE ATENCI\u00d3N EQUIPO DIRECTIVO<\/b><\/span><\/p>\n<p>Pidan cita previamente por tel\u00e9fono para poder atenderles con tiempo<\/p>\n<\/div>\n<table border=\"1\" rules=\"GROUPS\" cellspacing=\"0\" cellpadding=\"7\" data-blogger-escaped-bordercolor=\"#ffffff\" data-blogger-escaped-style=\"width: 935px;\">\n<colgroup>\n<col width=\"286\">\n<col width=\"621\"><\/colgroup>\n<tbody>\n<tr valign=\"TOP\">\n<td width=\"286\" height=\"17\">\n<div data-blogger-escaped-style=\"margin-bottom: 0cm;\">\n<p><span style=\"font-size: small\" data-blogger-escaped-style=\"font-size: x-small;\"><b>DIRECCI\u00d3N<\/b><b><\/b><\/span><\/p>\n<\/div>\n<div data-blogger-escaped-style=\"margin-bottom: 0cm;\">&nbsp;<\/div>\n<\/td>\n<td width=\"621\">\n<div data-blogger-escaped-style=\"margin-bottom: 0cm;\">\n<p><span style=\"font-size: small\" data-blogger-escaped-style=\"font-size: x-small;\">Lunes a viernes de 09:15 a 10:00<\/span><\/p>\n<\/div>\n<\/td>\n<\/tr>\n<tr valign=\"TOP\">\n<td width=\"286\" height=\"168\"><span style=\"font-size: small\" data-blogger-escaped-style=\"font-size: x-small;\"><b>JEFATURA DE ESTUDIOS<\/b><\/span><\/td>\n<td width=\"621\">\n<div data-blogger-escaped-style=\"margin-bottom: 0cm;\">\n<p>Lunes, de 13:15 a 14:00<\/p>\n<\/div>\n<div data-blogger-escaped-style=\"margin-bottom: 0cm;\">\n<p><span style=\"font-size: small\" data-blogger-escaped-style=\"font-size: x-small;\">Martes, de 12:00 a 13:00<\/span><\/p>\n<\/div>\n<div data-blogger-escaped-style=\"margin-bottom: 0cm;\">\n<p><span style=\"font-size: small\" data-blogger-escaped-style=\"font-size: x-small;\">Mi\u00e9rcoles, de 9:15 a 10:00<\/span><\/p>\n<\/div>\n<div data-blogger-escaped-style=\"margin-bottom: 0cm;\">\n<p><span style=\"font-size: small\" data-blogger-escaped-style=\"font-size: x-small;\">Jueves, de 9:15 a 10:00<\/span><\/p>\n<\/div>\n<div data-blogger-escaped-style=\"margin-bottom: 0cm;\">\n<p><span style=\"font-size: small\" data-blogger-escaped-style=\"font-size: x-small;\">Viernes, de 10:00 a 11:00<\/span><\/p>\n<\/div>\n<div data-blogger-escaped-style=\"margin-bottom: 0cm;\">&nbsp;<\/div>\n<\/td>\n<\/tr>\n<\/tbody>\n<tbody>\n<tr valign=\"TOP\">\n<td width=\"286\" height=\"139\">\n<div data-blogger-escaped-style=\"margin-bottom: 0cm;\">\n<p><span style=\"font-size: small\" data-blogger-escaped-style=\"font-size: x-small;\"><b>SECRETAR\u00cdA<\/b><b><\/b><\/span><\/p>\n<\/div>\n<\/td>\n<td width=\"621\">\n<div data-blogger-escaped-style=\"margin-bottom: 0cm;\">\n<p><span style=\"font-size: small\">Lunes y mi\u00e9rcoles de 09:30 a 13:00<\/span><\/p>\n<\/div>\n<div data-blogger-escaped-style=\"margin-bottom: 0cm;\">\n<p><span style=\"font-size: small\" data-blogger-escaped-style=\"font-size: x-small;\">Martes, de 12:00 a 13:00<\/span><\/p>\n<\/div>\n<div data-blogger-escaped-style=\"margin-bottom: 0cm;\">\n<p><span style=\"font-size: small\" data-blogger-escaped-style=\"font-size: x-small;\">Jueves, de 9:00 a 10:00<\/span><\/p>\n<\/div>\n<p><span style=\"font-size: small\" data-blogger-escaped-style=\"font-size: x-small;\">Viernes, de 10:00 a 11:00<\/span><\/td>\n<\/tr>\n<\/tbody>\n<\/table>\n<p>&nbsp;<\/p>\n","protected":false},"excerpt":{"rendered":"<p>HORARIO DE ATENCI\u00d3N EQUIPO DIRECTIVO Pidan cita previamente por tel\u00e9fono para poder atenderles con tiempo DIRECCI\u00d3N &nbsp; Lunes a viernes de 09:15 a 10:00 JEFATURA DE ESTUDIOS Lunes, de 13:15 a 14:00 Martes, de&#46;&#46;&#46;<\/p>\n","protected":false},"author":1,"featured_media":0,"parent":0,"menu_order":0,"comment_status":"closed","ping_status":"open","template":"","meta":{"ngg_post_thumbnail":0,"footnotes":"","_mc_calendar":[]},"aioseo_notices":[],"_links":{"self":[{"href":"https:\/\/blogsaverroes.juntadeandalucia.es\/ceipfedericogarcialorcacarboneras\/wp-json\/wp\/v2\/pages\/42"}],"collection":[{"href":"https:\/\/blogsaverroes.juntadeandalucia.es\/ceipfedericogarcialorcacarboneras\/wp-json\/wp\/v2\/pages"}],"about":[{"href":"https:\/\/blogsaverroes.juntadeandalucia.es\/ceipfedericogarcialorcacarboneras\/wp-json\/wp\/v2\/types\/page"}],"author":[{"embeddable":true,"href":"https:\/\/blogsaverroes.juntadeandalucia.es\/ceipfedericogarcialorcacarboneras\/wp-json\/wp\/v2\/users\/1"}],"replies":[{"embeddable":true,"href":"https:\/\/blogsaverroes.juntadeandalucia.es\/ceipfedericogarcialorcacarboneras\/wp-json\/wp\/v2\/comments?post=42"}],"version-history":[{"count":7,"href":"https:\/\/blogsaverroes.juntadeandalucia.es\/ceipfedericogarcialorcacarboneras\/wp-json\/wp\/v2\/pages\/42\/revisions"}],"predecessor-version":[{"id":2143,"href":"https:\/\/blogsaverroes.juntadeandalucia.es\/ceipfedericogarcialorcacarboneras\/wp-json\/wp\/v2\/pages\/42\/revisions\/2143"}],"wp:attachment":[{"href":"https:\/\/blogsaverroes.juntadeandalucia.es\/ceipfedericogarcialorcacarboneras\/wp-json\/wp\/v2\/media?parent=42"}],"curies":[{"name":"wp","href":"https:\/\/api.w.org\/{rel}","templated":true}]}}