{"id":15,"date":"2020-12-04T10:18:44","date_gmt":"2020-12-04T10:18:44","guid":{"rendered":"https:\/\/blogsaverroes.juntadeandalucia.es\/ceipfelixrodriguezbobadilla\/about-us\/"},"modified":"2021-11-29T08:47:14","modified_gmt":"2021-11-29T08:47:14","slug":"about-us","status":"publish","type":"page","link":"https:\/\/blogsaverroes.juntadeandalucia.es\/ceipfelixrodriguezbobadilla\/about-us\/","title":{"rendered":"Programaciones Did\u00e1cticas"},"content":{"rendered":"<p style=\"text-align: center\"><strong>CURSO 2021\/2022<\/strong><\/p>\n<p style=\"text-align: center\"><strong>PROPUESTAS PEDAG\u00d3GICAS. EDUCACI\u00d3N INFANTIL<br \/>\n<\/strong><\/p>\n<p><a href=\"https:\/\/drive.google.com\/file\/d\/10iJq6Em_qgEt30tYHXu2d2DQ_ScpHWPH\/view?usp=sharing\">https:\/\/drive.google.com\/file\/d\/10iJq6Em_qgEt30tYHXu2d2DQ_ScpHWPH\/view?usp=sharing<\/a><\/p>\n<p><strong>Programaci\u00f3n de Ingl\u00e9s para Educaci\u00f3n Infantil<\/strong><\/p>\n<p><a href=\"https:\/\/docs.google.com\/document\/d\/1mhMzFfkEFBa3RUByQnJUXNhhJysW0tId\/edit?usp=sharing&amp;ouid=115809861580591093229&amp;rtpof=true&amp;sd=true\">https:\/\/docs.google.com\/document\/d\/1mhMzFfkEFBa3RUByQnJUXNhhJysW0tId\/edit?usp=sharing&amp;ouid=115809861580591093229&amp;rtpof=true&amp;sd=true<\/a><\/p>\n<p style=\"text-align: center\"><strong>PROGRAMACIONES DID\u00c1CTICAS EDUCACI\u00d3N PRIMARIA <\/strong><\/p>\n<p><strong>Ciencias Naturales<\/strong><\/p>\n<p><a href=\"https:\/\/drive.google.com\/file\/d\/1Jx9Lc8Clpz0UhE1CQp8vH38remOskNb5\/view?usp=sharing\">https:\/\/drive.google.com\/file\/d\/1Jx9Lc8Clpz0UhE1CQp8vH38remOskNb5\/view?usp=sharing<\/a><\/p>\n<p><strong>Ciencias Sociales<\/strong><\/p>\n<p><a href=\"https:\/\/drive.google.com\/file\/d\/1vD4v39-oZKk6h69AN-puN9yZ7wGxV-QC\/view?usp=sharing\">https:\/\/drive.google.com\/file\/d\/1vD4v39-oZKk6h69AN-puN9yZ7wGxV-QC\/view?usp=sharing<\/a><\/p>\n<p><strong>Lengua <\/strong><\/p>\n<p><a href=\"https:\/\/drive.google.com\/file\/d\/1yYeglfwH4Os_6gCFH0wHVHFLGPw0OZRu\/view?usp=sharing\">https:\/\/drive.google.com\/file\/d\/1yYeglfwH4Os_6gCFH0wHVHFLGPw0OZRu\/view?usp=sharing<\/a><\/p>\n<p><strong>Matem\u00e1ticas<\/strong><\/p>\n<p><a href=\"https:\/\/drive.google.com\/file\/d\/1U6GfBTKZxOJ6fFmj3LITh19cDiM0tRFz\/view?usp=sharing\">https:\/\/drive.google.com\/file\/d\/1U6GfBTKZxOJ6fFmj3LITh19cDiM0tRFz\/view?usp=sharing<\/a><\/p>\n<p><strong>Educaci\u00f3n Art\u00edstica<\/strong><\/p>\n<p><a href=\"https:\/\/drive.google.com\/file\/d\/13dFGHimXwQqJ9DZKpgvHzyQbR7pfJrxZ\/view?usp=sharing\">https:\/\/drive.google.com\/file\/d\/13dFGHimXwQqJ9DZKpgvHzyQbR7pfJrxZ\/view?usp=sharing<\/a><\/p>\n<p><strong>Educaci\u00f3n F\u00edsica<\/strong><\/p>\n<p><a href=\"https:\/\/drive.google.com\/file\/d\/1PL8_7qUucm5pAWfNbRILZEBaXmap-iMF\/view?usp=sharing\">https:\/\/drive.google.com\/file\/d\/1PL8_7qUucm5pAWfNbRILZEBaXmap-iMF\/view?usp=sharing<\/a><\/p>\n<p><strong>Ingl\u00e9s<\/strong><\/p>\n<p><a href=\"https:\/\/drive.google.com\/file\/d\/1kpM_HJO9eEX7g22iFgXbvTVnLatQHTk-\/view?usp=sharing\">https:\/\/drive.google.com\/file\/d\/1kpM_HJO9eEX7g22iFgXbvTVnLatQHTk-\/view?usp=sharing<\/a><\/p>\n<p><strong>Franc\u00e9s<\/strong><\/p>\n<p><a href=\"https:\/\/drive.google.com\/file\/d\/1rUm_F9L-Jroqxv_WkMfF_rgGLuqllMky\/view?usp=sharing\">https:\/\/drive.google.com\/file\/d\/1rUm_F9L-Jroqxv_WkMfF_rgGLuqllMky\/view?usp=sharing<\/a><\/p>\n<p><strong>Educaci\u00f3n en valores<\/strong><\/p>\n<p><a href=\"https:\/\/drive.google.com\/file\/d\/1NkMD53Vt6JSq7W91b0NH1Ec-WSUQuhH0\/view?usp=sharing\">https:\/\/drive.google.com\/file\/d\/1NkMD53Vt6JSq7W91b0NH1Ec-WSUQuhH0\/view?usp=sharing<\/a><\/p>\n<p><strong>Ciudadan\u00eda<\/strong><\/p>\n<p><a href=\"https:\/\/drive.google.com\/file\/d\/1i3-SeDw2QFFWT0kJg9Oj5kag_hPUCwam\/view?usp=sharing\">https:\/\/drive.google.com\/file\/d\/1i3-SeDw2QFFWT0kJg9Oj5kag_hPUCwam\/view?usp=sharing<\/a><\/p>\n<p><strong>Religi\u00f3n<\/strong><\/p>\n<p><a href=\"https:\/\/drive.google.com\/file\/d\/1nGz72W-UI9DSMfG2Dt6F6pqUit8oKZMD\/view?usp=sharing\">https:\/\/drive.google.com\/file\/d\/1bSBtQJmbomCdwWKLaN_AADWtW5EJZAGo\/view?usp=sharing<\/a><\/p>\n<p><strong>PROGRAMACIONES DID\u00c1CTICAS EDUCACI\u00d3N SECUNDARIA<\/strong><\/p>\n<p><strong>Matem\u00e1ticas 1\u00ba E.S.O.<\/strong><\/p>\n<p><a href=\"https:\/\/docs.google.com\/document\/d\/1SukbUxPctLAyQpqDkaTdHC8qX1OyxZup\/edit?usp=sharing&amp;ouid=115809861580591093229&amp;rtpof=true&amp;sd=true\">https:\/\/docs.google.com\/document\/d\/1SukbUxPctLAyQpqDkaTdHC8qX1OyxZup\/edit?usp=sharing&amp;ouid=115809861580591093229&amp;rtpof=true&amp;sd=true<\/a><\/p>\n<p><strong>Matem\u00e1ticas 2\u00ba E.S.O.<\/strong><\/p>\n<p><a href=\"https:\/\/docs.google.com\/document\/d\/1xOih-y18LDrXBIYJCLeTt49gqz01DM1P\/edit?usp=sharing&amp;ouid=115809861580591093229&amp;rtpof=true&amp;sd=true\">https:\/\/docs.google.com\/document\/d\/1xOih-y18LDrXBIYJCLeTt49gqz01DM1P\/edit?usp=sharing&amp;ouid=115809861580591093229&amp;rtpof=true&amp;sd=true<\/a><\/p>\n<p><strong>Lengua 1\u00ba E.S.O.<\/strong><\/p>\n<p><a href=\"https:\/\/docs.google.com\/document\/d\/1P2erZJfp72TuOOl9r-BtdgKZrxv9XniT\/edit?usp=sharing&amp;ouid=115809861580591093229&amp;rtpof=true&amp;sd=true\">https:\/\/docs.google.com\/document\/d\/1P2erZJfp72TuOOl9r-BtdgKZrxv9XniT\/edit?usp=sharing&amp;ouid=115809861580591093229&amp;rtpof=true&amp;sd=true<\/a><\/p>\n<p><strong>Lengua 2\u00ba E.S.O.<\/strong><\/p>\n<p><a href=\"https:\/\/docs.google.com\/document\/d\/11w5kXBJbQyVklrOrfLudCAlizwTwe9iT\/edit?usp=sharing&amp;ouid=115809861580591093229&amp;rtpof=true&amp;sd=true\">https:\/\/docs.google.com\/document\/d\/11w5kXBJbQyVklrOrfLudCAlizwTwe9iT\/edit?usp=sharing&amp;ouid=115809861580591093229&amp;rtpof=true&amp;sd=true<\/a><\/p>\n<p><strong>Ingl\u00e9s 1\u00ba E.S.O.<\/strong><\/p>\n<p><a href=\"https:\/\/drive.google.com\/file\/d\/1lIvxvtqVgSkHlNEuPoQVt8xkfOcxEVMd\/view?usp=sharing\">https:\/\/drive.google.com\/file\/d\/1lIvxvtqVgSkHlNEuPoQVt8xkfOcxEVMd\/view?usp=sharing<\/a><\/p>\n<p><strong>Ingl\u00e9s 2\u00ba E.S.O.<\/strong><\/p>\n<p><a href=\"https:\/\/drive.google.com\/file\/d\/1zraudTfRC8NbX2MzzAIMo5u1dmZXk83x\/view?usp=sharing\">https:\/\/drive.google.com\/file\/d\/1zraudTfRC8NbX2MzzAIMo5u1dmZXk83x\/view?usp=sharing<\/a><\/p>\n<p><strong>M\u00fasica 1\u00ba y 2\u00ba E.S.O.<\/strong><\/p>\n<p><a href=\"https:\/\/drive.google.com\/file\/d\/1cG5ujB9uLMWvfggL2D-aqbLGBfxV7Mqe\/view?usp=sharing\">https:\/\/drive.google.com\/file\/d\/1cG5ujB9uLMWvfggL2D-aqbLGBfxV7Mqe\/view?usp=sharing<\/a><\/p>\n<p><strong>Franc\u00e9s 1\u00ba E.S.O.<\/strong><\/p>\n<p><a href=\"https:\/\/drive.google.com\/file\/d\/1V6c1VPB6HUTvUYsiYZyfpRdmUHVkF2ZN\/view?usp=sharing\">https:\/\/drive.google.com\/file\/d\/1V6c1VPB6HUTvUYsiYZyfpRdmUHVkF2ZN\/view?usp=sharing<\/a><\/p>\n<p><strong>Franc\u00e9s 2\u00ba E.S.O.<\/strong><\/p>\n<p><a href=\"https:\/\/drive.google.com\/file\/d\/1AQQqCVquQE4BomfhdKk63aP3gNZ_AQ1k\/view?usp=sharing\">https:\/\/drive.google.com\/file\/d\/1AQQqCVquQE4BomfhdKk63aP3gNZ_AQ1k\/view?usp=sharing<\/a><\/p>\n<p><strong>Geograf\u00eda e Historia 1\u00ba E.S.O.<\/strong><\/p>\n<p><a href=\"https:\/\/drive.google.com\/file\/d\/1KB_ojfqnNrN4G1Cl7qghiKxWHHOnC0WS\/view?usp=sharing\">https:\/\/drive.google.com\/file\/d\/1KB_ojfqnNrN4G1Cl7qghiKxWHHOnC0WS\/view?usp=sharing<\/a><\/p>\n<p><strong>Geograf\u00eda e Historia 2\u00ba E.S.O.<\/strong><\/p>\n<p><a href=\"https:\/\/drive.google.com\/file\/d\/1a8Vt_qoeqo-l1TcFheLeYFmQJxn6Vb73\/view?usp=sharing\">https:\/\/drive.google.com\/file\/d\/1a8Vt_qoeqo-l1TcFheLeYFmQJxn6Vb73\/view?usp=sharing<\/a><\/p>\n<p><strong>Taller de Lengua 1\u00ba E.S.O.<\/strong><\/p>\n<p><a href=\"https:\/\/drive.google.com\/file\/d\/120Acb05r7X6faXap88GJgUhI18PgeO6I\/view?usp=sharing\">https:\/\/drive.google.com\/file\/d\/120Acb05r7X6faXap88GJgUhI18PgeO6I\/view?usp=sharing<\/a><\/p>\n<p><strong>Taller de Lengua 2\u00ba E.S.O.<\/strong><\/p>\n<p><a href=\"https:\/\/drive.google.com\/file\/d\/1QnIbhFy9wnmRl4EThQKL-i-WsAecwvyz\/view?usp=sharing\">https:\/\/drive.google.com\/file\/d\/1QnIbhFy9wnmRl4EThQKL-i-WsAecwvyz\/view?usp=sharing<\/a><\/p>\n<p><strong>Educaci\u00f3n F\u00edsica 1\u00ba E.S.O.<\/strong><\/p>\n<p><a href=\"https:\/\/drive.google.com\/file\/d\/1c6RZoRJZURgebiNROWUgJIQu0lzlrsbi\/view?usp=sharing\">https:\/\/drive.google.com\/file\/d\/1c6RZoRJZURgebiNROWUgJIQu0lzlrsbi\/view?usp=sharing<\/a><\/p>\n<p><strong>Educaci\u00f3n F\u00edsica 2\u00ba E.S.O.<\/strong><\/p>\n<p><a href=\"https:\/\/drive.google.com\/file\/d\/1HOjLi3TCcto8N_pFbkMHGHKXr71-hJC8\/view?usp=sharing\">https:\/\/drive.google.com\/file\/d\/1HOjLi3TCcto8N_pFbkMHGHKXr71-hJC8\/view?usp=sharing<\/a><\/p>\n<p><strong>Educaci\u00f3n Pl\u00e1stica y Visual 1\u00ba E.S.O.<\/strong><\/p>\n<p><a href=\"https:\/\/drive.google.com\/file\/d\/1MrK5tVCBu7TVMR96qP3vvU7Ro5uQgT4X\/view?usp=sharing\">https:\/\/drive.google.com\/file\/d\/1MrK5tVCBu7TVMR96qP3vvU7Ro5uQgT4X\/view?usp=sharing<\/a><\/p>\n<p><strong>Educaci\u00f3n Pl\u00e1stica y Visual 2\u00ba E.S.O.<\/strong><\/p>\n<p><a href=\"https:\/\/drive.google.com\/file\/d\/1mmnbw_vOZKWiZ9xnOkpS56iWOy280Azt\/view?usp=sharing\">https:\/\/drive.google.com\/file\/d\/1mmnbw_vOZKWiZ9xnOkpS56iWOy280Azt\/view?usp=sharing<\/a><\/p>\n<p><strong>Educaci\u00f3n en Valores 1\u00ba E.S.O.<\/strong><\/p>\n<p><a href=\"https:\/\/drive.google.com\/file\/d\/1wRC7CodAZNHyaABV4m_AfU2sbzf1zJjp\/view?usp=sharing\">https:\/\/drive.google.com\/file\/d\/1wRC7CodAZNHyaABV4m_AfU2sbzf1zJjp\/view?usp=sharing<\/a><\/p>\n<p><strong>Educaci\u00f3n en Valores 2\u00ba E.S.O.<\/strong><\/p>\n<p><a href=\"https:\/\/drive.google.com\/file\/d\/1ZySaPfUZVYTZqJfXMSJJbSCbAqMYJMlE\/view?usp=sharing\">https:\/\/drive.google.com\/file\/d\/1ZySaPfUZVYTZqJfXMSJJbSCbAqMYJMlE\/view?usp=sharing<\/a><\/p>\n<p><strong>Religi\u00f3n 1\u00ba y 2\u00ba E.S.O.<\/strong><\/p>\n<p><a href=\"https:\/\/drive.google.com\/file\/d\/1n1m3OlOhpV5DC68V-4hy4x71S5xLq4h_\/view?usp=sharing\">https:\/\/drive.google.com\/file\/d\/1n1m3OlOhpV5DC68V-4hy4x71S5xLq4h_\/view?usp=sharing<\/a><\/p>\n<p><strong>Biolog\u00eda 1\u00ba E.S.O.<\/strong><\/p>\n<p><a href=\"https:\/\/docs.google.com\/document\/d\/1_fQqDdlx9t32NBOJYET_0hMRCv-O1R6n\/edit?usp=sharing&amp;ouid=115809861580591093229&amp;rtpof=true&amp;sd=true\">https:\/\/docs.google.com\/document\/d\/1_fQqDdlx9t32NBOJYET_0hMRCv-O1R6n\/edit?usp=sharing&amp;ouid=115809861580591093229&amp;rtpof=true&amp;sd=true<\/a><\/p>\n<p><strong>F\u00edsica y Qu\u00edmica 2\u00ba E.S.O.<\/strong><\/p>\n<p><a href=\"https:\/\/docs.google.com\/document\/d\/1beOegyMoEzAuV0di2u53ae98lj-jF-AZ\/edit?usp=sharing&amp;ouid=115809861580591093229&amp;rtpof=true&amp;sd=true\">https:\/\/docs.google.com\/document\/d\/1beOegyMoEzAuV0di2u53ae98lj-jF-AZ\/edit?usp=sharing&amp;ouid=115809861580591093229&amp;rtpof=true&amp;sd=true<\/a><\/p>\n<p><strong>Tecnolog\u00eda 2\u00ba E.S.O.<\/strong><\/p>\n<p><a href=\"https:\/\/docs.google.com\/document\/d\/1VHT8pM5YKDY9yJKvj4qCaUJR4f7kHuUo\/edit?usp=sharing&amp;ouid=115809861580591093229&amp;rtpof=true&amp;sd=true\">https:\/\/docs.google.com\/document\/d\/1VHT8pM5YKDY9yJKvj4qCaUJR4f7kHuUo\/edit?usp=sharing&amp;ouid=115809861580591093229&amp;rtpof=true&amp;sd=true<\/a><\/p>\n<p><strong>Libre Disposici\u00f3n 2\u00ba E.S.O.<\/strong><\/p>\n<p><a href=\"https:\/\/drive.google.com\/file\/d\/1MjIHRmSpNAbuuLiWpUZM53DRTi7Yif-b\/view?usp=sharing\">https:\/\/drive.google.com\/file\/d\/1MjIHRmSpNAbuuLiWpUZM53DRTi7Yif-b\/view?usp=sharing<\/a><\/p>\n<p>&nbsp;<\/p>\n<p>&nbsp;<\/p>\n<p>&nbsp;<\/p>\n<p>&nbsp;<\/p>\n","protected":false},"excerpt":{"rendered":"<p>CURSO 2021\/2022 PROPUESTAS PEDAG\u00d3GICAS. EDUCACI\u00d3N INFANTIL https:\/\/drive.google.com\/file\/d\/10iJq6Em_qgEt30tYHXu2d2DQ_ScpHWPH\/view?usp=sharing Programaci\u00f3n de Ingl\u00e9s para Educaci\u00f3n Infantil https:\/\/docs.google.com\/document\/d\/1mhMzFfkEFBa3RUByQnJUXNhhJysW0tId\/edit?usp=sharing&amp;ouid=115809861580591093229&amp;rtpof=true&amp;sd=true PROGRAMACIONES DID\u00c1CTICAS EDUCACI\u00d3N PRIMARIA Ciencias Naturales https:\/\/drive.google.com\/file\/d\/1Jx9Lc8Clpz0UhE1CQp8vH38remOskNb5\/view?usp=sharing Ciencias Sociales https:\/\/drive.google.com\/file\/d\/1vD4v39-oZKk6h69AN-puN9yZ7wGxV-QC\/view?usp=sharing Lengua https:\/\/drive.google.com\/file\/d\/1yYeglfwH4Os_6gCFH0wHVHFLGPw0OZRu\/view?usp=sharing Matem\u00e1ticas https:\/\/drive.google.com\/file\/d\/1U6GfBTKZxOJ6fFmj3LITh19cDiM0tRFz\/view?usp=sharing Educaci\u00f3n Art\u00edstica https:\/\/drive.google.com\/file\/d\/13dFGHimXwQqJ9DZKpgvHzyQbR7pfJrxZ\/view?usp=sharing Educaci\u00f3n F\u00edsica https:\/\/drive.google.com\/file\/d\/1PL8_7qUucm5pAWfNbRILZEBaXmap-iMF\/view?usp=sharing Ingl\u00e9s https:\/\/drive.google.com\/file\/d\/1kpM_HJO9eEX7g22iFgXbvTVnLatQHTk-\/view?usp=sharing Franc\u00e9s https:\/\/drive.google.com\/file\/d\/1rUm_F9L-Jroqxv_WkMfF_rgGLuqllMky\/view?usp=sharing Educaci\u00f3n en valores https:\/\/drive.google.com\/file\/d\/1NkMD53Vt6JSq7W91b0NH1Ec-WSUQuhH0\/view?usp=sharing Ciudadan\u00eda https:\/\/drive.google.com\/file\/d\/1i3-SeDw2QFFWT0kJg9Oj5kag_hPUCwam\/view?usp=sharing Religi\u00f3n https:\/\/drive.google.com\/file\/d\/1bSBtQJmbomCdwWKLaN_AADWtW5EJZAGo\/view?usp=sharing PROGRAMACIONES DID\u00c1CTICAS EDUCACI\u00d3N SECUNDARIA Matem\u00e1ticas 1\u00ba E.S.O. https:\/\/docs.google.com\/document\/d\/1SukbUxPctLAyQpqDkaTdHC8qX1OyxZup\/edit?usp=sharing&amp;ouid=115809861580591093229&amp;rtpof=true&amp;sd=true Matem\u00e1ticas &hellip; <a href=\"https:\/\/blogsaverroes.juntadeandalucia.es\/ceipfelixrodriguezbobadilla\/about-us\/\" class=\"more-link\">Seguir leyendo <span class=\"screen-reader-text\">Programaciones Did\u00e1cticas<\/span> <span class=\"meta-nav\">&rarr;<\/span><\/a><\/p>\n","protected":false},"author":1,"featured_media":0,"parent":0,"menu_order":0,"comment_status":"closed","ping_status":"closed","template":"","meta":{"ngg_post_thumbnail":0,"footnotes":""},"aioseo_notices":[],"_links":{"self":[{"href":"https:\/\/blogsaverroes.juntadeandalucia.es\/ceipfelixrodriguezbobadilla\/wp-json\/wp\/v2\/pages\/15"}],"collection":[{"href":"https:\/\/blogsaverroes.juntadeandalucia.es\/ceipfelixrodriguezbobadilla\/wp-json\/wp\/v2\/pages"}],"about":[{"href":"https:\/\/blogsaverroes.juntadeandalucia.es\/ceipfelixrodriguezbobadilla\/wp-json\/wp\/v2\/types\/page"}],"author":[{"embeddable":true,"href":"https:\/\/blogsaverroes.juntadeandalucia.es\/ceipfelixrodriguezbobadilla\/wp-json\/wp\/v2\/users\/1"}],"replies":[{"embeddable":true,"href":"https:\/\/blogsaverroes.juntadeandalucia.es\/ceipfelixrodriguezbobadilla\/wp-json\/wp\/v2\/comments?post=15"}],"version-history":[{"count":6,"href":"https:\/\/blogsaverroes.juntadeandalucia.es\/ceipfelixrodriguezbobadilla\/wp-json\/wp\/v2\/pages\/15\/revisions"}],"predecessor-version":[{"id":313,"href":"https:\/\/blogsaverroes.juntadeandalucia.es\/ceipfelixrodriguezbobadilla\/wp-json\/wp\/v2\/pages\/15\/revisions\/313"}],"wp:attachment":[{"href":"https:\/\/blogsaverroes.juntadeandalucia.es\/ceipfelixrodriguezbobadilla\/wp-json\/wp\/v2\/media?parent=15"}],"curies":[{"name":"wp","href":"https:\/\/api.w.org\/{rel}","templated":true}]}}