{"id":44,"date":"2011-04-03T01:03:28","date_gmt":"2011-04-03T01:03:28","guid":{"rendered":"https:\/\/themify.me\/demo\/themes\/bizco\/?page_id=568"},"modified":"2021-01-14T08:58:46","modified_gmt":"2021-01-14T08:58:46","slug":"2-column","status":"publish","type":"page","link":"https:\/\/blogsaverroes.juntadeandalucia.es\/ceipfelixrodriguezbobadilla\/layouts-2\/sidebar-left\/2-column\/","title":{"rendered":"DATOS DEL CENTRO"},"content":{"rendered":"<p>&nbsp;<\/p>\n<p>DATOS DEL CENTRO<\/p>\n<p>Direcci\u00f3n: Calle San Isidro, s\/n, 29540 Bobadilla-Estaci\u00f3n, M\u00e1laga<\/p>\n<p>Tel\u00e9fonos:&nbsp;&nbsp; 95 271 27 93 \/ 92<\/p>\n<p>M\u00f3viles: 671 566 636 \/ 671 590 302 \/ 671 566 637 (infantil)<\/p>\n<p><iframe loading=\"lazy\" src=\"\/\/www.google.com\/maps\/embed?pb=!1m18!1m12!1m3!1d1869.1263310835175!2d-4.728487041416749!3d37.034742689821684!2m3!1f0!2f0!3f0!3m2!1i1024!2i768!4f13.1!3m3!1m2!1s0xd729800c7d5c209%3A0x75f7a08a94e9308!2sColegio%20P%C3%BAblico%20F%C3%A9lix%20Rodr%C3%ADguez%20de%20la%20Fuente!5e1!3m2!1ses!2ses!4v1610614357139!5m2!1ses!2ses&quot;\" width=\"&quot;400&quot;\" height=\"&quot;300&quot;\" frameborder=\"&quot;0&quot;\"><\/iframe><\/p>\n<p>&nbsp;<\/p>\n","protected":false},"excerpt":{"rendered":"<p>&nbsp; DATOS DEL CENTRO Direcci\u00f3n: Calle San Isidro, s\/n, 29540 Bobadilla-Estaci\u00f3n, M\u00e1laga Tel\u00e9fonos:&nbsp;&nbsp; 95 271 27 93 \/ 92 M\u00f3viles: 671 566 636 \/ 671 590 302 \/ 671 566 637 (infantil) &nbsp;<\/p>\n","protected":false},"author":11714,"featured_media":0,"parent":43,"menu_order":0,"comment_status":"closed","ping_status":"closed","template":"","meta":{"ngg_post_thumbnail":0,"footnotes":""},"aioseo_notices":[],"_links":{"self":[{"href":"https:\/\/blogsaverroes.juntadeandalucia.es\/ceipfelixrodriguezbobadilla\/wp-json\/wp\/v2\/pages\/44"}],"collection":[{"href":"https:\/\/blogsaverroes.juntadeandalucia.es\/ceipfelixrodriguezbobadilla\/wp-json\/wp\/v2\/pages"}],"about":[{"href":"https:\/\/blogsaverroes.juntadeandalucia.es\/ceipfelixrodriguezbobadilla\/wp-json\/wp\/v2\/types\/page"}],"author":[{"embeddable":true,"href":"https:\/\/blogsaverroes.juntadeandalucia.es\/ceipfelixrodriguezbobadilla\/wp-json\/wp\/v2\/users\/11714"}],"replies":[{"embeddable":true,"href":"https:\/\/blogsaverroes.juntadeandalucia.es\/ceipfelixrodriguezbobadilla\/wp-json\/wp\/v2\/comments?post=44"}],"version-history":[{"count":19,"href":"https:\/\/blogsaverroes.juntadeandalucia.es\/ceipfelixrodriguezbobadilla\/wp-json\/wp\/v2\/pages\/44\/revisions"}],"predecessor-version":[{"id":120,"href":"https:\/\/blogsaverroes.juntadeandalucia.es\/ceipfelixrodriguezbobadilla\/wp-json\/wp\/v2\/pages\/44\/revisions\/120"}],"up":[{"embeddable":true,"href":"https:\/\/blogsaverroes.juntadeandalucia.es\/ceipfelixrodriguezbobadilla\/wp-json\/wp\/v2\/pages\/43"}],"wp:attachment":[{"href":"https:\/\/blogsaverroes.juntadeandalucia.es\/ceipfelixrodriguezbobadilla\/wp-json\/wp\/v2\/media?parent=44"}],"curies":[{"name":"wp","href":"https:\/\/api.w.org\/{rel}","templated":true}]}}

<p>&nbsp;</p>
<p>DATOS DEL CENTRO</p>
<p>Dirección: Calle San Isidro, s/n, 29540 Bobadilla-Estación, Málaga</p>
<p>Teléfonos:&nbsp;&nbsp; 95 271 27 93 / 92</p>
<p>Móviles: 671 566 636 / 671 590 302 / 671 566 637 (infantil)</p>
<p><iframe loading="lazy" src="//www.google.com/maps/embed?pb=!1m18!1m12!1m3!1d1869.1263310835175!2d-4.728487041416749!3d37.034742689821684!2m3!1f0!2f0!3f0!3m2!1i1024!2i768!4f13.1!3m3!1m2!1s0xd729800c7d5c209%3A0x75f7a08a94e9308!2sColegio%20P%C3%BAblico%20F%C3%A9lix%20Rodr%C3%ADguez%20de%20la%20Fuente!5e1!3m2!1ses!2ses!4v1610614357139!5m2!1ses!2ses&quot;" width="&quot;400&quot;" height="&quot;300&quot;" frameborder="&quot;0&quot;"></iframe></p>
<p>&nbsp;</p>

<p>&nbsp; DATOS DEL CENTRO Dirección: Calle San Isidro, s/n, 29540 Bobadilla-Estación, Málaga Teléfonos:&nbsp;&nbsp; 95 271 27 93 / 92 Móviles: 671 566 636 / 671 590 302 / 671 566 637 (infantil) &nbsp;</p>
