{"id":141,"date":"2024-02-21T06:40:24","date_gmt":"2024-02-21T05:40:24","guid":{"rendered":"http:\/\/blogsaverroes.juntadeandalucia.es\/pre\/ceip\/?page_id=141"},"modified":"2026-03-01T12:02:00","modified_gmt":"2026-03-01T11:02:00","slug":"escolarizacion","status":"publish","type":"page","link":"https:\/\/blogsaverroes.juntadeandalucia.es\/ceipfernandofeliu\/escolarizacion\/","title":{"rendered":"Escolarizaci\u00f3n"},"content":{"rendered":"<p><img loading=\"lazy\" decoding=\"async\" class=\"aligncenter\" src=\"https:\/\/www.juntadeandalucia.es\/educacion\/portals\/image\/layout_set_logo?img_id=22116&amp;t=1646106431354\" alt=\"Escolarizaci\u00f3n 2022\/2023\" width=\"499\" height=\"164\"><\/p>\n<p>&nbsp;<\/p>\n<p><strong>INICIO DEL PERIODO DE&nbsp;<\/strong><strong>ADMISI\u00d3N&nbsp;<\/strong><\/p>\n<p><strong>ROGAMOS DIFUSI\u00d3N ENTRE LAS FAMILIAS DE NUEVO INGRESO PARA EL CURSO 2026\/2027<\/strong><\/p>\n<p>En marzo permanecer\u00e1 abierto en Andaluc\u00eda el plazo para la <strong>presentaci\u00f3n de solicitudes de admisi\u00f3n<\/strong> correspondientes al curso escolar 2026\/27. Se inicia de este modo el proceso de escolarizaci\u00f3n en el que participan todos los <strong>ni\u00f1os y ni\u00f1as que se incorporan por primera vez a nuestro colegio.<\/strong><\/p>\n<p>El alumnado ya matriculado en el centro no tiene que hacer nada hasta junio.<\/p>\n<p>&nbsp;<\/p>\n<p style=\"text-align: center\"><span style=\"color: #33cccc\"><a style=\"color: #33cccc\" title=\"Portal escolarizaci\u00f3n\" href=\"https:\/\/www.juntadeandalucia.es\/educacion\/secretariavirtual\/accesoTramite\/543\/\" target=\"_blank\" rel=\"noopener noreferrer\">Enlace al tr\u00e1mite mediante la secretar\u00eda virtual. (<strong>OPCI\u00d3N RECOMENDADA POR EL CENTRO<\/strong>)<\/a><\/span><\/p>\n<p style=\"text-align: center\"><span style=\"color: #33cccc\"><span style=\"color: #00ccff\"><a href=\"https:\/\/blogsaverroes.juntadeandalucia.es\/ceipfernandofeliu\/files\/2026\/03\/ESCOLARIZACION-26-27-.pdf\">ESCOLARIZACI\u00d3N-2026-2027<\/a><\/span><span style=\"color: #333333\">, resumen y documentaci\u00f3n a anexar caso de no hacerlo online.<\/span><\/span><\/p>\n<p style=\"text-align: center\"><a href=\"https:\/\/blogsaverroes.juntadeandalucia.es\/ceipfernandofeliu\/files\/2023\/03\/CUMPLIMENTAR-SOLICITUD.pdf\" target=\"_blank\" rel=\"noopener noreferrer\">PINCHA AQU\u00cd PARA SABER C\u00d3MO CUMPLIMENTAR LA SOLICITUD<\/a><\/p>\n<p>&nbsp;<\/p>\n<p style=\"text-align: center\"><strong>POR SI NECESIT\u00c1IS M\u00c1S AYUDA<\/strong><\/p>\n<p style=\"text-align: center\"><span style=\"color: #33cccc\"><a style=\"color: #33cccc\" title=\"Portal escolarizaci\u00f3n\" href=\"https:\/\/www.juntadeandalucia.es\/educacion\/portales\/web\/escolarizacion\" target=\"_blank\" rel=\"noopener noreferrer\">Enlace al portal de escolarizaci\u00f3n.<\/a><\/span><\/p>\n<p style=\"text-align: center\"><span style=\"color: #333333\"><a style=\"color: #333333\" title=\"Procedimiento\" href=\"https:\/\/www.juntadeandalucia.es\/educacion\/portales\/web\/escolarizacion\/infantil-a-bachillerato\/normativa\" target=\"_blank\" rel=\"noopener noreferrer\"><span style=\"color: #33cccc\">Normativa<\/span><\/a><span style=\"color: #33cccc\">&nbsp;<\/span>sobre el proceso de escolarizaci\u00f3n.<\/span><\/p>\n<p>&nbsp;<\/p>\n<p style=\"text-align: center\"><strong style=\"color: #008000\">Reuni\u00f3n&nbsp; con las familias:<\/strong><\/p>\n<p style=\"text-align: center\"><span style=\"color: #008000\"><strong>El lunes 2 de marzo de 2026 a las 17:30 horas en la biblioteca del PUA, tendremos nuestra jornada de informaci\u00f3n y puertas abiertas<\/strong><\/span><\/p>\n<p style=\"text-align: center\"><span style=\"color: #008000\"><strong>para las familias de nuevo ingreso en el centro.<\/strong><\/span><\/p>\n<p style=\"text-align: center\"><span style=\"color: #008000\"><strong>\u00a1Os esperamos!<\/strong><\/span><\/p>\n<p><img loading=\"lazy\" decoding=\"async\" class=\" wp-image-3656 aligncenter\" src=\"https:\/\/blogsaverroes.juntadeandalucia.es\/ceipfernandofeliu\/files\/2026\/03\/Reunion-de-ESCOLARIZACION-4-1024x1024.jpg\" alt=\"\" width=\"626\" height=\"626\" srcset=\"https:\/\/blogsaverroes.juntadeandalucia.es\/ceipfernandofeliu\/files\/2026\/03\/Reunion-de-ESCOLARIZACION-4-1024x1024.jpg 1024w, https:\/\/blogsaverroes.juntadeandalucia.es\/ceipfernandofeliu\/files\/2026\/03\/Reunion-de-ESCOLARIZACION-4-300x300.jpg 300w, https:\/\/blogsaverroes.juntadeandalucia.es\/ceipfernandofeliu\/files\/2026\/03\/Reunion-de-ESCOLARIZACION-4-150x150.jpg 150w, https:\/\/blogsaverroes.juntadeandalucia.es\/ceipfernandofeliu\/files\/2026\/03\/Reunion-de-ESCOLARIZACION-4-768x768.jpg 768w, https:\/\/blogsaverroes.juntadeandalucia.es\/ceipfernandofeliu\/files\/2026\/03\/Reunion-de-ESCOLARIZACION-4-80x80.jpg 80w, https:\/\/blogsaverroes.juntadeandalucia.es\/ceipfernandofeliu\/files\/2026\/03\/Reunion-de-ESCOLARIZACION-4-320x320.jpg 320w, https:\/\/blogsaverroes.juntadeandalucia.es\/ceipfernandofeliu\/files\/2026\/03\/Reunion-de-ESCOLARIZACION-4.jpg 1080w\" sizes=\"(max-width: 626px) 100vw, 626px\" \/><\/p>\n<p style=\"text-align: center\"><strong style=\"color: #333399\">PRESENTACI\u00d3N REUNI\u00d3N FAMILIAS (Pendiente de actualizaci\u00f3n al curso 2026\/2027)<\/strong><\/p>\n","protected":false},"excerpt":{"rendered":"<p>&#46;&#46;&#46;<\/p>\n","protected":false},"author":1,"featured_media":0,"parent":0,"menu_order":0,"comment_status":"closed","ping_status":"open","template":"","meta":{"ngg_post_thumbnail":0,"footnotes":"","_mc_calendar":[]},"aioseo_notices":[],"_links":{"self":[{"href":"https:\/\/blogsaverroes.juntadeandalucia.es\/ceipfernandofeliu\/wp-json\/wp\/v2\/pages\/141"}],"collection":[{"href":"https:\/\/blogsaverroes.juntadeandalucia.es\/ceipfernandofeliu\/wp-json\/wp\/v2\/pages"}],"about":[{"href":"https:\/\/blogsaverroes.juntadeandalucia.es\/ceipfernandofeliu\/wp-json\/wp\/v2\/types\/page"}],"author":[{"embeddable":true,"href":"https:\/\/blogsaverroes.juntadeandalucia.es\/ceipfernandofeliu\/wp-json\/wp\/v2\/users\/1"}],"replies":[{"embeddable":true,"href":"https:\/\/blogsaverroes.juntadeandalucia.es\/ceipfernandofeliu\/wp-json\/wp\/v2\/comments?post=141"}],"version-history":[{"count":53,"href":"https:\/\/blogsaverroes.juntadeandalucia.es\/ceipfernandofeliu\/wp-json\/wp\/v2\/pages\/141\/revisions"}],"predecessor-version":[{"id":3659,"href":"https:\/\/blogsaverroes.juntadeandalucia.es\/ceipfernandofeliu\/wp-json\/wp\/v2\/pages\/141\/revisions\/3659"}],"wp:attachment":[{"href":"https:\/\/blogsaverroes.juntadeandalucia.es\/ceipfernandofeliu\/wp-json\/wp\/v2\/media?parent=141"}],"curies":[{"name":"wp","href":"https:\/\/api.w.org\/{rel}","templated":true}]}}