{"id":3055,"date":"2023-02-20T13:29:36","date_gmt":"2023-02-20T12:29:36","guid":{"rendered":"http:\/\/blogsaverroes.juntadeandalucia.es\/ceipfernandofeliu\/?page_id=3055"},"modified":"2024-08-16T09:04:56","modified_gmt":"2024-08-16T08:04:56","slug":"conocenos","status":"publish","type":"page","link":"https:\/\/blogsaverroes.juntadeandalucia.es\/ceipfernandofeliu\/conocenos\/","title":{"rendered":"Con\u00f3cenos"},"content":{"rendered":"ngg_shortcode_0_placeholder\n<div><strong><em>HISTORIA DEL CENTRO<\/em><\/strong><\/div>\n<div><strong><em>&nbsp;<\/em><\/strong><\/div>\n<p><strong>Comencemos por un principio: Nuestra historia escolar comienza all\u00e1 por 1927. En Gerena se construy\u00f3 el que sin duda era uno de los mejores colegios de Andaluc\u00eda.<\/strong><\/p>\n<p><strong>Datos hist\u00f3ricos de inter\u00e9s en este Centro.<\/strong><\/p>\n<p>Algunos acontecimientos dignos de menci\u00f3n:<\/p>\n<p>&#8211; Hasta&nbsp;<em><strong>1972<\/strong><\/em>&nbsp;hab\u00eda varios edificios escolares diseminados por el pueblo, tras la demolici\u00f3n del Colegio Cervantes.<\/p>\n<p>&#8211; En&nbsp;<strong><em>1973<\/em><\/strong>&nbsp;se edifica el PUA (Plan Urgente Andaluz)- All\u00ed se concentran todos los escolares.<\/p>\n<p>&#8211; En&nbsp;<strong><em>1982<\/em><\/strong>, ante el aumento de la poblaci\u00f3n escolar se edifica \u00abLa Estaci\u00f3n\u00bb.<\/p>\n<p>&#8211; En&nbsp;<strong><em>1987<\/em><\/strong>&nbsp;se inaugura el Cervantes, edificado como r\u00e9plica del edificio de 1927.En esos a\u00f1os se experimentaba la Reforma en el Ciclo Superior. Fueron a\u00f1os de gran conflictividad entre los sectores de la comunidad educativa.<\/p>\n<p>&#8211; A\u00f1o&nbsp;<strong><em>2002<\/em><\/strong>.Uno de los 50 primeros Centros con PLAN DE APERTURA.<\/p>\n<p>&#8211; En&nbsp;<strong><em>2003<\/em><\/strong>. Uno de los 13 primeros Colegios de Infantil y Primaria en ser Centro TIC con 200 ordenadores en red conectados a Internet.<\/p>\n<p>&#8211; A\u00f1o&nbsp;<strong><em>2005<\/em><\/strong>: PREMIO ANDALUZ DE LA ONCE IV CENTENARIO DEL QUIJOTE. &nbsp;&nbsp;&nbsp;&nbsp;&nbsp;&nbsp;&nbsp;&nbsp;&nbsp;&nbsp;&nbsp;&nbsp;&nbsp;&nbsp;<\/p>\n<p>&#8211; A\u00f1o&nbsp;<strong><em>2008<\/em><\/strong>: Centro pionero en Comunidades de Aprendizaje (solo 8 centros en toda Andaluc\u00eda en ese momento).<\/p>\n<p>&#8211; A\u00f1o&nbsp;<strong><em>2010<\/em><\/strong>: Uno de los 50 Centros de toda Espa\u00f1a seleccionados por el IFIIE (Ministerio de Educaci\u00f3n) para desarrollar la integraci\u00f3n de las Competencias B\u00e1sicas (Proyecto COMBAS).<\/p>\n<p>&#8211; Curso&nbsp;<strong><em>2013-2014<\/em><\/strong>: Centro promotor de Convivencia Positiva en el \u00e1mbito de promoci\u00f3n de la convivencia: desarrollo de valores, actitudes, habilidades y h\u00e1bitos.<\/p>\n<p>&#8211; Curso <strong>2009 a la actualidad<\/strong>: Inicio del programa de Escuelas deportivas, Deporte en la escuela, con especial relevancia en la promoci\u00f3n del balonmano femenino.<\/p>\n<p>&#8211; Curso <strong>2023-2024<\/strong>: Centro participante en&nbsp; Etwinning y de acogida del programa Erasmus.<\/p>\n<p>&nbsp;<\/p>\n<p>Volvamos a la actualidad, te presentamos nuestras Redes Sociales, en ellas encontrar\u00e1s m\u00e1s informaci\u00f3n sobre nuestro centro y las actividades que desarrollamos (aunque recuerda, el canal oficial es el IPasen):<\/p>\n<h4 style=\"text-align: center\">Visita nuestras <a href=\"https:\/\/twitter.com\/CeipFeliu\">Redes<\/a><\/h4>\n","protected":false},"excerpt":{"rendered":"<p>&#46;&#46;&#46;<\/p>\n","protected":false},"author":4234,"featured_media":0,"parent":0,"menu_order":0,"comment_status":"closed","ping_status":"closed","template":"","meta":{"ngg_post_thumbnail":0,"footnotes":"","_mc_calendar":[]},"aioseo_notices":[],"_links":{"self":[{"href":"https:\/\/blogsaverroes.juntadeandalucia.es\/ceipfernandofeliu\/wp-json\/wp\/v2\/pages\/3055"}],"collection":[{"href":"https:\/\/blogsaverroes.juntadeandalucia.es\/ceipfernandofeliu\/wp-json\/wp\/v2\/pages"}],"about":[{"href":"https:\/\/blogsaverroes.juntadeandalucia.es\/ceipfernandofeliu\/wp-json\/wp\/v2\/types\/page"}],"author":[{"embeddable":true,"href":"https:\/\/blogsaverroes.juntadeandalucia.es\/ceipfernandofeliu\/wp-json\/wp\/v2\/users\/4234"}],"replies":[{"embeddable":true,"href":"https:\/\/blogsaverroes.juntadeandalucia.es\/ceipfernandofeliu\/wp-json\/wp\/v2\/comments?post=3055"}],"version-history":[{"count":10,"href":"https:\/\/blogsaverroes.juntadeandalucia.es\/ceipfernandofeliu\/wp-json\/wp\/v2\/pages\/3055\/revisions"}],"predecessor-version":[{"id":3441,"href":"https:\/\/blogsaverroes.juntadeandalucia.es\/ceipfernandofeliu\/wp-json\/wp\/v2\/pages\/3055\/revisions\/3441"}],"wp:attachment":[{"href":"https:\/\/blogsaverroes.juntadeandalucia.es\/ceipfernandofeliu\/wp-json\/wp\/v2\/media?parent=3055"}],"curies":[{"name":"wp","href":"https:\/\/api.w.org\/{rel}","templated":true}]}}