{"id":3491,"date":"2024-11-07T22:54:31","date_gmt":"2024-11-07T21:54:31","guid":{"rendered":"https:\/\/blogsaverroes.juntadeandalucia.es\/ceipfernandofeliu\/?page_id=3491"},"modified":"2026-03-19T00:37:05","modified_gmt":"2026-03-18T23:37:05","slug":"portal-de-transparencia","status":"publish","type":"page","link":"https:\/\/blogsaverroes.juntadeandalucia.es\/ceipfernandofeliu\/portal-de-transparencia\/","title":{"rendered":"Portal de transparencia"},"content":{"rendered":"<p>Este espacio ha sido creado para compartir con toda la comunidad educativa los documentos oficiales de nuestro colegio.<\/p>\n<p>A continuaci\u00f3n podr\u00e9is acceder a las distintas secciones de las que se compone este portal. Si a\u00fan as\u00ed tienes alguna duda o echas de menos algo, no dudes en ponerte en contacto con nosotros a trav\u00e9s de nuestro correo ceipfernandofeliu@ceipfernandofeliu.es<\/p>\n<p><span style=\"color: #ff0000\">Este espacio est\u00e1 en actualizaci\u00f3n para el curso 2025\/2026<\/span><\/p>\n<p><a href=\"https:\/\/blogsaverroes.juntadeandalucia.es\/ceipfernandofeliu\/files\/2026\/03\/PLAN-DE-CENTRO-FF-OK-1.pdf\" target=\"_blank\" rel=\"noopener\">PLAN DE CENTRO&nbsp;<\/a><\/p>\n<p><a href=\"https:\/\/blogsaverroes.juntadeandalucia.es\/ceipfernandofeliu\/files\/2025\/10\/03.-PLAN-DE-MEJORA-25-26-FF.pdf\" target=\"_blank\" rel=\"noopener\">PLAN DE MEJORA 25 26<\/a><\/p>\n","protected":false},"excerpt":{"rendered":"<p>&#46;&#46;&#46;<\/p>\n","protected":false},"author":4234,"featured_media":0,"parent":0,"menu_order":0,"comment_status":"closed","ping_status":"closed","template":"","meta":{"ngg_post_thumbnail":0,"footnotes":"","_mc_calendar":[]},"aioseo_notices":[],"_links":{"self":[{"href":"https:\/\/blogsaverroes.juntadeandalucia.es\/ceipfernandofeliu\/wp-json\/wp\/v2\/pages\/3491"}],"collection":[{"href":"https:\/\/blogsaverroes.juntadeandalucia.es\/ceipfernandofeliu\/wp-json\/wp\/v2\/pages"}],"about":[{"href":"https:\/\/blogsaverroes.juntadeandalucia.es\/ceipfernandofeliu\/wp-json\/wp\/v2\/types\/page"}],"author":[{"embeddable":true,"href":"https:\/\/blogsaverroes.juntadeandalucia.es\/ceipfernandofeliu\/wp-json\/wp\/v2\/users\/4234"}],"replies":[{"embeddable":true,"href":"https:\/\/blogsaverroes.juntadeandalucia.es\/ceipfernandofeliu\/wp-json\/wp\/v2\/comments?post=3491"}],"version-history":[{"count":5,"href":"https:\/\/blogsaverroes.juntadeandalucia.es\/ceipfernandofeliu\/wp-json\/wp\/v2\/pages\/3491\/revisions"}],"predecessor-version":[{"id":3664,"href":"https:\/\/blogsaverroes.juntadeandalucia.es\/ceipfernandofeliu\/wp-json\/wp\/v2\/pages\/3491\/revisions\/3664"}],"wp:attachment":[{"href":"https:\/\/blogsaverroes.juntadeandalucia.es\/ceipfernandofeliu\/wp-json\/wp\/v2\/media?parent=3491"}],"curies":[{"name":"wp","href":"https:\/\/api.w.org\/{rel}","templated":true}]}}

<p>Este espacio ha sido creado para compartir con toda la comunidad educativa los documentos oficiales de nuestro colegio.</p>
<p>A continuación podréis acceder a las distintas secciones de las que se compone este portal. Si aún así tienes alguna duda o echas de menos algo, no dudes en ponerte en contacto con nosotros a través de nuestro correo ceipfernandofeliu@ceipfernandofeliu.es</p>
<p><span style="color: #ff0000">Este espacio está en actualización para el curso 2025/2026</span></p>
<p><a href="https://blogsaverroes.juntadeandalucia.es/ceipfernandofeliu/files/2026/03/PLAN-DE-CENTRO-FF-OK-1.pdf" target="_blank" rel="noopener">PLAN DE CENTRO&nbsp;</a></p>
<p><a href="https://blogsaverroes.juntadeandalucia.es/ceipfernandofeliu/files/2025/10/03.-PLAN-DE-MEJORA-25-26-FF.pdf" target="_blank" rel="noopener">PLAN DE MEJORA 25 26</a></p>
