{"id":3530,"date":"2025-04-02T17:25:29","date_gmt":"2025-04-02T16:25:29","guid":{"rendered":"https:\/\/blogsaverroes.juntadeandalucia.es\/ceipfernandofeliu\/?page_id=3530"},"modified":"2025-04-23T09:50:49","modified_gmt":"2025-04-23T08:50:49","slug":"escuela-de-familias","status":"publish","type":"page","link":"https:\/\/blogsaverroes.juntadeandalucia.es\/ceipfernandofeliu\/escuela-de-familias\/","title":{"rendered":"Escuela de familias"},"content":{"rendered":"<p><a href=\"https:\/\/sites.google.com\/view\/ceipfernandofeliu?usp=sharing\" target=\"_blank\" rel=\"noopener\"><strong>ESCUELA DE FAMILIAS<\/strong><\/a><\/p>\n<p>Con el fin de complementar la labor educativa y fomentar la colaboraci\u00f3n entre la escuela y las familias, hemos creado un espacio digital llamado<a href=\"https:\/\/sites.google.com\/view\/ceipfernandofeliu?usp=sharing\" target=\"_blank\" rel=\"noopener\"><strong> \u201cEscuela de Familias\u201d<\/strong><\/a>, donde encontrar\u00e1n <strong>recursos y herramientas pr\u00e1cticas para apoyar a sus hijos e hijas<\/strong> en su d\u00eda a d\u00eda. Este espacio lo continuaremos ampliando el contenido de nuevas tem\u00e1ticas relevantes para el desarrollo integral de su hijo\/a.<\/p>\n<p dir=\"auto\">Les animamos a visitarlo y aprovechar los recursos que hemos preparado. Creemos que <strong>la implicaci\u00f3n familiar es clave<\/strong> para potenciar el \u00e9xito acad\u00e9mico y personal de los alumnos y alumnas. Estamos convencidos de que, juntos, podemos brindarles las mejores oportunidades para crecer, aprender y desarrollar su m\u00e1ximo potencial. Su papel en este proceso es fundamental, y nos encantar\u00eda contar con su participaci\u00f3n a trav\u00e9s de la <strong>lectura y puesta en pr\u00e1ctica<\/strong> de este espacio que hemos creado con tanto cari\u00f1o.<\/p>\n<p dir=\"auto\"><a href=\"https:\/\/sites.google.com\/view\/ceipfernandofeliu?usp=sharing\" target=\"_blank\" rel=\"noopener\">PINCHA AQU\u00cd PARA ACCEDER A LA P\u00c1GINA DE LA ESCUELA DE FAMILIAS<\/a><\/p>\n","protected":false},"excerpt":{"rendered":"<p>&#46;&#46;&#46;<\/p>\n","protected":false},"author":4234,"featured_media":0,"parent":0,"menu_order":0,"comment_status":"closed","ping_status":"closed","template":"","meta":{"ngg_post_thumbnail":0,"footnotes":"","_mc_calendar":[]},"aioseo_notices":[],"_links":{"self":[{"href":"https:\/\/blogsaverroes.juntadeandalucia.es\/ceipfernandofeliu\/wp-json\/wp\/v2\/pages\/3530"}],"collection":[{"href":"https:\/\/blogsaverroes.juntadeandalucia.es\/ceipfernandofeliu\/wp-json\/wp\/v2\/pages"}],"about":[{"href":"https:\/\/blogsaverroes.juntadeandalucia.es\/ceipfernandofeliu\/wp-json\/wp\/v2\/types\/page"}],"author":[{"embeddable":true,"href":"https:\/\/blogsaverroes.juntadeandalucia.es\/ceipfernandofeliu\/wp-json\/wp\/v2\/users\/4234"}],"replies":[{"embeddable":true,"href":"https:\/\/blogsaverroes.juntadeandalucia.es\/ceipfernandofeliu\/wp-json\/wp\/v2\/comments?post=3530"}],"version-history":[{"count":5,"href":"https:\/\/blogsaverroes.juntadeandalucia.es\/ceipfernandofeliu\/wp-json\/wp\/v2\/pages\/3530\/revisions"}],"predecessor-version":[{"id":3540,"href":"https:\/\/blogsaverroes.juntadeandalucia.es\/ceipfernandofeliu\/wp-json\/wp\/v2\/pages\/3530\/revisions\/3540"}],"wp:attachment":[{"href":"https:\/\/blogsaverroes.juntadeandalucia.es\/ceipfernandofeliu\/wp-json\/wp\/v2\/media?parent=3530"}],"curies":[{"name":"wp","href":"https:\/\/api.w.org\/{rel}","templated":true}]}}

<p><a href="https://sites.google.com/view/ceipfernandofeliu?usp=sharing" target="_blank" rel="noopener"><strong>ESCUELA DE FAMILIAS</strong></a></p>
<p>Con el fin de complementar la labor educativa y fomentar la colaboración entre la escuela y las familias, hemos creado un espacio digital llamado<a href="https://sites.google.com/view/ceipfernandofeliu?usp=sharing" target="_blank" rel="noopener"><strong> “Escuela de Familias”</strong></a>, donde encontrarán <strong>recursos y herramientas prácticas para apoyar a sus hijos e hijas</strong> en su día a día. Este espacio lo continuaremos ampliando el contenido de nuevas temáticas relevantes para el desarrollo integral de su hijo/a.</p>
<p dir="auto">Les animamos a visitarlo y aprovechar los recursos que hemos preparado. Creemos que <strong>la implicación familiar es clave</strong> para potenciar el éxito académico y personal de los alumnos y alumnas. Estamos convencidos de que, juntos, podemos brindarles las mejores oportunidades para crecer, aprender y desarrollar su máximo potencial. Su papel en este proceso es fundamental, y nos encantaría contar con su participación a través de la <strong>lectura y puesta en práctica</strong> de este espacio que hemos creado con tanto cariño.</p>
<p dir="auto"><a href="https://sites.google.com/view/ceipfernandofeliu?usp=sharing" target="_blank" rel="noopener">PINCHA AQUÍ PARA ACCEDER A LA PÁGINA DE LA ESCUELA DE FAMILIAS</a></p>
