{"id":871,"date":"2015-03-16T07:25:46","date_gmt":"2015-03-16T07:25:46","guid":{"rendered":"http:\/\/blogsaverroes.juntadeandalucia.es\/pre\/ceip\/?page_id=106"},"modified":"2025-10-28T17:12:03","modified_gmt":"2025-10-28T16:12:03","slug":"actividades-extraescolares","status":"publish","type":"page","link":"https:\/\/blogsaverroes.juntadeandalucia.es\/ceipfernandofeliu\/actividades-extraescolares\/","title":{"rendered":"Actividades extraescolares"},"content":{"rendered":"<h4 style=\"text-align: center\"><a href=\"http:\/\/blogsaverroes.juntadeandalucia.es\/ceipfernandofeliu\/files\/2015\/03\/talleres.jpg\"><img loading=\"lazy\" decoding=\"async\" class=\"alignnone wp-image-556\" src=\"https:\/\/blogsaverroes.juntadeandalucia.es\/ceipfernandofeliu\/files\/2014\/12\/talleres-1024x682.jpg\" alt=\"\" width=\"536\" height=\"357\" srcset=\"https:\/\/blogsaverroes.juntadeandalucia.es\/ceipfernandofeliu\/files\/2014\/12\/talleres-1024x682.jpg 1024w, https:\/\/blogsaverroes.juntadeandalucia.es\/ceipfernandofeliu\/files\/2014\/12\/talleres-300x199.jpg 300w, https:\/\/blogsaverroes.juntadeandalucia.es\/ceipfernandofeliu\/files\/2014\/12\/talleres.jpg 1280w\" sizes=\"(max-width: 536px) 100vw, 536px\" \/><\/a><\/h4>\n<h4>&nbsp;<\/h4>\n<h4 style=\"text-align: center\"><span style=\"color: #333399\"><a href=\"https:\/\/blogsaverroes.juntadeandalucia.es\/ceipfernandofeliu\/files\/2025\/09\/HORARIO_AAEE_FF-3.pdf\" target=\"_blank\" rel=\"noopener\">Informaci\u00f3n sobre las actividades&nbsp;extraescolares 2025\/2026<\/a><\/span><\/h4>\n<table style=\"height: 72px;width: 0%;border-collapse: collapse;border-color: #141313\" border=\"5\" cellpadding=\"3\">\n<tbody>\n<tr style=\"height: 24px\">\n<td style=\"width: 20%;text-align: center;height: 24px\">HORARIO<\/td>\n<td style=\"width: 20%;text-align: center;height: 24px\"><strong>LUNES<\/strong><\/td>\n<td style=\"width: 20%;text-align: center;height: 24px\"><strong>MARTES<\/strong><\/td>\n<td style=\"width: 20%;text-align: center;height: 24px\"><strong>MI\u00c9RCOLES<\/strong><\/td>\n<td style=\"width: 20%;text-align: center;height: 24px\"><strong>JUEVES<\/strong><\/td>\n<\/tr>\n<tr style=\"height: 24px\">\n<td style=\"width: 20%;text-align: center;height: 24px\">16:00 A 17:00<\/td>\n<td style=\"width: 20%;text-align: center;height: 24px\">TEATRO PRIMARIA<\/td>\n<td style=\"width: 20%;text-align: center;height: 24px\">TEATRO INFANTIL<\/td>\n<td style=\"width: 20%;text-align: center;height: 24px\">TEATRO PRIMARIA<\/td>\n<td style=\"width: 20%;text-align: center;height: 24px\">TEATRO INFANTIL<\/td>\n<\/tr>\n<tr style=\"height: 24px\">\n<td style=\"width: 20%;text-align: center;height: 24px\">16:00 A 17:00<\/td>\n<td style=\"width: 20%;text-align: center;height: 24px\">MASTERCHEF INFANTIL<\/td>\n<td style=\"width: 20%;text-align: center;height: 24px\">MASTERCHEF PRIMARIA<\/td>\n<td style=\"width: 20%;text-align: center;height: 24px\">MASTERCHEF INFANTIL<\/td>\n<td style=\"width: 20%;text-align: center;height: 24px\">MASTERCHEF PRIMARIA<\/td>\n<\/tr>\n<\/tbody>\n<\/table>\n<p style=\"text-align: center\">Las actividades extraescolares tienen lugar en horario de tarde, y en nuestro dentro abarcan aspectos como el deporte, el teatro, y la cocina, entre otras actividades l\u00fadicas y formativas.<\/p>\n<p>Los&nbsp;<strong>precios<\/strong>&nbsp;de los servicios complementarios de&nbsp;<em>Aula Matinal, Comedor Escolar y Actividades Extraescolares<\/em>, impuestos incluidos y sin tener en cuenta la bonificaci\u00f3n que les pudiera corresponder, seg\u00fan&nbsp;acuerdo del Consejo de Gobierno, son los que a continuaci\u00f3n se detallan:<\/p>\n<ul>\n<li><strong>Servicio de actividades extraescolares:<\/strong><\/li>\n<\/ul>\n<p>\u2013 Precio mensual: 17,51 euros por cada actividad.&nbsp;<\/p>\n<p>Conviene destacar que, caso de corresponder bonificaci\u00f3n, s\u00f3lo se aplicar\u00eda a una sola Actividad extraescolar.<\/p>\n<p>Modelo de <strong>solicitud de alta<\/strong> en las actividades a entregar en Secretar\u00eda del centro o por <a href=\"https:\/\/secretariavirtual.juntadeandalucia.es\/secretariavirtual\/accesoTramite\/462\/\" target=\"_blank\" rel=\"noopener\">secretar\u00eda virtual<\/a>:<\/p>\n<p><a href=\"https:\/\/blogsaverroes.juntadeandalucia.es\/ceipfernandofeliu\/files\/2025\/10\/ANEXO_II_SER-1.pdf\">ANEXO_II_Solicitud de admisi\u00f3n en servicios complementarios (Por favor, indicar la actividad seleccionada)<\/a><\/p>\n<p>Modelo de <strong>solicitud de baja<\/strong> en las actividades a entregar en Secretar\u00eda del centro o por <a href=\"https:\/\/secretariavirtual.juntadeandalucia.es\/secretariavirtual\/accesoTramite\/462\/\" target=\"_blank\" rel=\"noopener\">secretar\u00eda virtual<\/a>:<\/p>\n<p><a href=\"https:\/\/blogsaverroes.juntadeandalucia.es\/ceipfernandofeliu\/files\/2025\/10\/solicitud_baja_paf-1.pdf\">Solicitud_baja (Por favor, indicar claramente la actividad que causa baja)<\/a><\/p>\n<hr>\n<p><span style=\"color: #0000ff\"><strong>Programa M\u00e1s Deporte<\/strong><\/span><\/p>\n<p><strong>ESCUELAS DEPORTIVAS. PROGRAMA M\u00c1S DEPORTE<\/strong><\/p>\n<p>Las modalidades que desarrollamos son fundamentalmente <strong>balonmano y multideporte<\/strong>.<\/p>\n<p>Nuestro centro, en colaboraci\u00f3n con el club de balonmano Ierenna lleva desarrollando la modalidad de balonmano femenino desde hace varios a\u00f1os, siendo un pilar fundamental del deporte femenino de la localidad.<\/p>\n<p>En este curso 2025\/2026 desarrollaremos las siguientes modalidades deportivas:<\/p>\n<p>Comienzo de las actividades del lunes 27 de octubre de 2025.<\/p>\n<table style=\"height: 192px;width: 0%;border-collapse: collapse\" border=\"5\" cellpadding=\"3\">\n<tbody>\n<tr style=\"height: 24px\">\n<td style=\"width: 20%;text-align: center;height: 48px\" rowspan=\"2\">HORARIO<\/td>\n<td style=\"width: 20%;text-align: center;height: 24px\" colspan=\"2\"><strong>LUNES<\/strong><\/td>\n<td style=\"width: 20%;text-align: center;height: 24px\" colspan=\"2\"><strong>MI\u00c9RCOLES<\/strong><\/td>\n<\/tr>\n<tr style=\"height: 24px\">\n<td style=\"width: 20%;text-align: center;height: 24px\"><span style=\"color: #339966\"><strong>PABELL\u00d3N<\/strong><\/span><\/td>\n<td style=\"width: 20%;text-align: center;height: 24px\"><span style=\"color: #339966\"><strong>COLEGIO PUA<\/strong><\/span><\/td>\n<td style=\"width: 20%;text-align: center;height: 24px\"><span style=\"color: #339966\"><strong>PABELL\u00d3N<\/strong><\/span><\/td>\n<td style=\"width: 78.2353%;text-align: center;height: 24px\"><span style=\"color: #339966\"><strong>COLEGIO PUA<\/strong><\/span><\/td>\n<\/tr>\n<tr style=\"height: 24px\">\n<td style=\"width: 20%;text-align: center;height: 24px\">16:00 A 17:00<\/td>\n<td style=\"width: 20%;text-align: center;height: 24px\">BALONMANO DE 2\u00ba A 4\u00ba<\/td>\n<td style=\"width: 20%;text-align: center;height: 24px\">&nbsp;<\/td>\n<td style=\"width: 20%;text-align: center;height: 24px\">BALONMANO DE 2\u00ba A 4\u00ba<\/td>\n<td style=\"width: 78.2353%;text-align: center;height: 24px\">&nbsp;<\/td>\n<\/tr>\n<tr style=\"height: 24px\">\n<td style=\"width: 20%;text-align: center;height: 24px\">17:00 A 18:00<\/td>\n<td style=\"width: 20%;text-align: center;height: 24px\">BALONMANO DE 5\u00ba A 6\u00ba<\/td>\n<td style=\"width: 20%;text-align: center;height: 24px\">MULTIDEPORTE<\/p>\n<p>DE 1\u00ba A 2\u00ba<\/td>\n<td style=\"width: 20%;text-align: center;height: 24px\">BALONMANO DE 5\u00ba A 6\u00ba<\/td>\n<td style=\"width: 78.2353%;text-align: center;height: 24px\">MULTIDEPORTE<\/p>\n<p>DE 1\u00ba A 2\u00ba<\/td>\n<\/tr>\n<tr style=\"height: 96px\">\n<td style=\"width: 20%;text-align: center;height: 96px\">18:00 A 19:00<\/td>\n<td style=\"width: 20%;text-align: center;height: 96px\">&nbsp;<\/td>\n<td style=\"width: 20%;text-align: center;height: 96px\">MULTIDEPORTE<\/p>\n<p>DE 3\u00ba A 6\u00ba<\/td>\n<td style=\"width: 20%;text-align: center;height: 96px\">&nbsp;<\/td>\n<td style=\"width: 78.2353%;text-align: center;height: 96px\">MULTIDEPORTE<\/p>\n<p>DE 3\u00ba A 6\u00ba<\/td>\n<\/tr>\n<\/tbody>\n<\/table>\n<p>Modelo de <strong>solicitud de alta<\/strong> en la actividad a entregar en Secretar\u00eda del centro o por <a href=\"https:\/\/secretariavirtual.juntadeandalucia.es\/secretariavirtual\/accesoTramite\/462\/\" target=\"_blank\" rel=\"noopener\">secretar\u00eda virtual<\/a> :<\/p>\n<p><a href=\"https:\/\/blogsaverroes.juntadeandalucia.es\/ceipfernandofeliu\/files\/2025\/10\/alta_md.pdf\" target=\"_blank\" rel=\"noopener\">Alta en M\u00e1s Deporte<\/a><\/p>\n","protected":false},"excerpt":{"rendered":"<p>&#46;&#46;&#46;<\/p>\n","protected":false},"author":1,"featured_media":0,"parent":0,"menu_order":0,"comment_status":"closed","ping_status":"open","template":"","meta":{"ngg_post_thumbnail":0,"footnotes":"","_mc_calendar":[]},"aioseo_notices":[],"_links":{"self":[{"href":"https:\/\/blogsaverroes.juntadeandalucia.es\/ceipfernandofeliu\/wp-json\/wp\/v2\/pages\/871"}],"collection":[{"href":"https:\/\/blogsaverroes.juntadeandalucia.es\/ceipfernandofeliu\/wp-json\/wp\/v2\/pages"}],"about":[{"href":"https:\/\/blogsaverroes.juntadeandalucia.es\/ceipfernandofeliu\/wp-json\/wp\/v2\/types\/page"}],"author":[{"embeddable":true,"href":"https:\/\/blogsaverroes.juntadeandalucia.es\/ceipfernandofeliu\/wp-json\/wp\/v2\/users\/1"}],"replies":[{"embeddable":true,"href":"https:\/\/blogsaverroes.juntadeandalucia.es\/ceipfernandofeliu\/wp-json\/wp\/v2\/comments?post=871"}],"version-history":[{"count":23,"href":"https:\/\/blogsaverroes.juntadeandalucia.es\/ceipfernandofeliu\/wp-json\/wp\/v2\/pages\/871\/revisions"}],"predecessor-version":[{"id":3646,"href":"https:\/\/blogsaverroes.juntadeandalucia.es\/ceipfernandofeliu\/wp-json\/wp\/v2\/pages\/871\/revisions\/3646"}],"wp:attachment":[{"href":"https:\/\/blogsaverroes.juntadeandalucia.es\/ceipfernandofeliu\/wp-json\/wp\/v2\/media?parent=871"}],"curies":[{"name":"wp","href":"https:\/\/api.w.org\/{rel}","templated":true}]}}

<h4 style="text-align: center"><a href="http://blogsaverroes.juntadeandalucia.es/ceipfernandofeliu/files/2015/03/talleres.jpg"><img loading="lazy" decoding="async" class="alignnone wp-image-556" src="https://blogsaverroes.juntadeandalucia.es/ceipfernandofeliu/files/2014/12/talleres-1024x682.jpg" alt="" width="536" height="357" srcset="https://blogsaverroes.juntadeandalucia.es/ceipfernandofeliu/files/2014/12/talleres-1024x682.jpg 1024w, https://blogsaverroes.juntadeandalucia.es/ceipfernandofeliu/files/2014/12/talleres-300x199.jpg 300w, https://blogsaverroes.juntadeandalucia.es/ceipfernandofeliu/files/2014/12/talleres.jpg 1280w" sizes="(max-width: 536px) 100vw, 536px" /></a></h4>
<h4>&nbsp;</h4>
<h4 style="text-align: center"><span style="color: #333399"><a href="https://blogsaverroes.juntadeandalucia.es/ceipfernandofeliu/files/2025/09/HORARIO_AAEE_FF-3.pdf" target="_blank" rel="noopener">Información sobre las actividades&nbsp;extraescolares 2025/2026</a></span></h4>
<table style="height: 72px;width: 0%;border-collapse: collapse;border-color: #141313" border="5" cellpadding="3">
<tbody>
<tr style="height: 24px">
<td style="width: 20%;text-align: center;height: 24px">HORARIO</td>
<td style="width: 20%;text-align: center;height: 24px"><strong>LUNES</strong></td>
<td style="width: 20%;text-align: center;height: 24px"><strong>MARTES</strong></td>
<td style="width: 20%;text-align: center;height: 24px"><strong>MIÉRCOLES</strong></td>
<td style="width: 20%;text-align: center;height: 24px"><strong>JUEVES</strong></td>
</tr>
<tr style="height: 24px">
<td style="width: 20%;text-align: center;height: 24px">16:00 A 17:00</td>
<td style="width: 20%;text-align: center;height: 24px">TEATRO PRIMARIA</td>
<td style="width: 20%;text-align: center;height: 24px">TEATRO INFANTIL</td>
<td style="width: 20%;text-align: center;height: 24px">TEATRO PRIMARIA</td>
<td style="width: 20%;text-align: center;height: 24px">TEATRO INFANTIL</td>
</tr>
<tr style="height: 24px">
<td style="width: 20%;text-align: center;height: 24px">16:00 A 17:00</td>
<td style="width: 20%;text-align: center;height: 24px">MASTERCHEF INFANTIL</td>
<td style="width: 20%;text-align: center;height: 24px">MASTERCHEF PRIMARIA</td>
<td style="width: 20%;text-align: center;height: 24px">MASTERCHEF INFANTIL</td>
<td style="width: 20%;text-align: center;height: 24px">MASTERCHEF PRIMARIA</td>
</tr>
</tbody>
</table>
<p style="text-align: center">Las actividades extraescolares tienen lugar en horario de tarde, y en nuestro dentro abarcan aspectos como el deporte, el teatro, y la cocina, entre otras actividades lúdicas y formativas.</p>
<p>Los&nbsp;<strong>precios</strong>&nbsp;de los servicios complementarios de&nbsp;<em>Aula Matinal, Comedor Escolar y Actividades Extraescolares</em>, impuestos incluidos y sin tener en cuenta la bonificación que les pudiera corresponder, según&nbsp;acuerdo del Consejo de Gobierno, son los que a continuación se detallan:</p>
<ul>
<li><strong>Servicio de actividades extraescolares:</strong></li>
</ul>
<p>– Precio mensual: 17,51 euros por cada actividad.&nbsp;</p>
<p>Conviene destacar que, caso de corresponder bonificación, sólo se aplicaría a una sola Actividad extraescolar.</p>
<p>Modelo de <strong>solicitud de alta</strong> en las actividades a entregar en Secretaría del centro o por <a href="https://secretariavirtual.juntadeandalucia.es/secretariavirtual/accesoTramite/462/" target="_blank" rel="noopener">secretaría virtual</a>:</p>
<p><a href="https://blogsaverroes.juntadeandalucia.es/ceipfernandofeliu/files/2025/10/ANEXO_II_SER-1.pdf">ANEXO_II_Solicitud de admisión en servicios complementarios (Por favor, indicar la actividad seleccionada)</a></p>
<p>Modelo de <strong>solicitud de baja</strong> en las actividades a entregar en Secretaría del centro o por <a href="https://secretariavirtual.juntadeandalucia.es/secretariavirtual/accesoTramite/462/" target="_blank" rel="noopener">secretaría virtual</a>:</p>
<p><a href="https://blogsaverroes.juntadeandalucia.es/ceipfernandofeliu/files/2025/10/solicitud_baja_paf-1.pdf">Solicitud_baja (Por favor, indicar claramente la actividad que causa baja)</a></p>
<hr>
<p><span style="color: #0000ff"><strong>Programa Más Deporte</strong></span></p>
<p><strong>ESCUELAS DEPORTIVAS. PROGRAMA MÁS DEPORTE</strong></p>
<p>Las modalidades que desarrollamos son fundamentalmente <strong>balonmano y multideporte</strong>.</p>
<p>Nuestro centro, en colaboración con el club de balonmano Ierenna lleva desarrollando la modalidad de balonmano femenino desde hace varios años, siendo un pilar fundamental del deporte femenino de la localidad.</p>
<p>En este curso 2025/2026 desarrollaremos las siguientes modalidades deportivas:</p>
<p>Comienzo de las actividades del lunes 27 de octubre de 2025.</p>
<table style="height: 192px;width: 0%;border-collapse: collapse" border="5" cellpadding="3">
<tbody>
<tr style="height: 24px">
<td style="width: 20%;text-align: center;height: 48px" rowspan="2">HORARIO</td>
<td style="width: 20%;text-align: center;height: 24px" colspan="2"><strong>LUNES</strong></td>
<td style="width: 20%;text-align: center;height: 24px" colspan="2"><strong>MIÉRCOLES</strong></td>
</tr>
<tr style="height: 24px">
<td style="width: 20%;text-align: center;height: 24px"><span style="color: #339966"><strong>PABELLÓN</strong></span></td>
<td style="width: 20%;text-align: center;height: 24px"><span style="color: #339966"><strong>COLEGIO PUA</strong></span></td>
<td style="width: 20%;text-align: center;height: 24px"><span style="color: #339966"><strong>PABELLÓN</strong></span></td>
<td style="width: 78.2353%;text-align: center;height: 24px"><span style="color: #339966"><strong>COLEGIO PUA</strong></span></td>
</tr>
<tr style="height: 24px">
<td style="width: 20%;text-align: center;height: 24px">16:00 A 17:00</td>
<td style="width: 20%;text-align: center;height: 24px">BALONMANO DE 2º A 4º</td>
<td style="width: 20%;text-align: center;height: 24px">&nbsp;</td>
<td style="width: 20%;text-align: center;height: 24px">BALONMANO DE 2º A 4º</td>
<td style="width: 78.2353%;text-align: center;height: 24px">&nbsp;</td>
</tr>
<tr style="height: 24px">
<td style="width: 20%;text-align: center;height: 24px">17:00 A 18:00</td>
<td style="width: 20%;text-align: center;height: 24px">BALONMANO DE 5º A 6º</td>
<td style="width: 20%;text-align: center;height: 24px">MULTIDEPORTE</p>
<p>DE 1º A 2º</td>
<td style="width: 20%;text-align: center;height: 24px">BALONMANO DE 5º A 6º</td>
<td style="width: 78.2353%;text-align: center;height: 24px">MULTIDEPORTE</p>
<p>DE 1º A 2º</td>
</tr>
<tr style="height: 96px">
<td style="width: 20%;text-align: center;height: 96px">18:00 A 19:00</td>
<td style="width: 20%;text-align: center;height: 96px">&nbsp;</td>
<td style="width: 20%;text-align: center;height: 96px">MULTIDEPORTE</p>
<p>DE 3º A 6º</td>
<td style="width: 20%;text-align: center;height: 96px">&nbsp;</td>
<td style="width: 78.2353%;text-align: center;height: 96px">MULTIDEPORTE</p>
<p>DE 3º A 6º</td>
</tr>
</tbody>
</table>
<p>Modelo de <strong>solicitud de alta</strong> en la actividad a entregar en Secretaría del centro o por <a href="https://secretariavirtual.juntadeandalucia.es/secretariavirtual/accesoTramite/462/" target="_blank" rel="noopener">secretaría virtual</a> :</p>
<p><a href="https://blogsaverroes.juntadeandalucia.es/ceipfernandofeliu/files/2025/10/alta_md.pdf" target="_blank" rel="noopener">Alta en Más Deporte</a></p>
