{"id":1068,"date":"2024-10-26T19:17:33","date_gmt":"2024-10-26T18:17:33","guid":{"rendered":"https:\/\/blogsaverroes.juntadeandalucia.es\/ceipfranciscobadillo\/?page_id=1068"},"modified":"2024-10-26T19:17:33","modified_gmt":"2024-10-26T18:17:33","slug":"recursos-pt-y-al","status":"publish","type":"page","link":"https:\/\/blogsaverroes.juntadeandalucia.es\/ceipfranciscobadillo\/recursos-pt-y-al\/","title":{"rendered":"RECURSOS PT y AL"},"content":{"rendered":"<p><a href=\"http:\/\/mestreacasa.gva.es\/web\/manes_mil\/24\" target=\"_blank\" rel=\"noopener\">ORIENTACIONES Estimulaci\u00f3n del Lenguaje Oral<\/a><\/p>\n<p><a href=\"https:\/\/drive.google.com\/file\/d\/1BgfL_9-w3prYAjw7qFz47RaUJUVJb88h\/view?usp=sharing\" target=\"_blank\" rel=\"noopener\">WEBs de inter\u00e9s PT y AL<\/a><\/p>\n<p><a href=\"https:\/\/drive.google.com\/file\/d\/1U58jpMQ_JDlqaRCBJEs_dL1GSUwydiDv\/view?usp=sharing\" target=\"_blank\" rel=\"noopener\">Actividades PT y AL<\/a><\/p>\n<p><a href=\"https:\/\/drive.google.com\/file\/d\/1rWxBx5GQvcC_gxvcLfJR0mc_jc9cwHRB\/view?usp=sharing\" target=\"_blank\" rel=\"noopener\">Emociones<\/a><\/p>\n<p><a href=\"https:\/\/drive.google.com\/file\/d\/1Jvorg1-v40W5UW0U7Q4eu3dIJdZWnZQN\/view?usp=sharing\" target=\"_blank\" rel=\"noopener\">Gu\u00eda gesti\u00f3n de las emociones<\/a><\/p>\n<p><a href=\"https:\/\/drive.google.com\/file\/d\/1iK2x7hYI5f88oHxkzfSpStzeV1bxUpI7\/view?usp=sharing\" target=\"_blank\" rel=\"noopener\">Desarrollo Cognitivo<\/a><\/p>\n<p><a href=\"https:\/\/docs.google.com\/document\/d\/1qhp_cv_9w3MJJ_kn75Ton1KtafbjRKZikzOMpZS2wr0\/edit?usp=sharing\" target=\"_blank\" rel=\"noopener\">Absurdos verbales<\/a><\/p>\n<p><a href=\"https:\/\/drive.google.com\/file\/d\/1f7Kee_6KFfqDqOB47dpcYRjFODqkjC2X\/view?usp=sharing\" target=\"_blank\" rel=\"noopener\">Juegos Educativos<\/a><\/p>\n<p><a href=\"https:\/\/drive.google.com\/file\/d\/1J-Xpw8kEZqKdLzE_UbsZoAoRS0a5tlSY\/view?usp=sharing\" target=\"_blank\" rel=\"noopener\">Recursos AL<\/a><\/p>\n<p><a href=\"https:\/\/drive.google.com\/drive\/folders\/1G8_u1pvenbvDdAfGqMT6OpHPPh3lQQZS?usp=sharing\" target=\"_blank\" rel=\"noopener\">Lecturas en im\u00e1genes<\/a><\/p>\n<p><a href=\"https:\/\/drive.google.com\/drive\/folders\/19Q-RAQTxnoVoK4NLo_5pUSnS2gH-PHNu?usp=sharing\" target=\"_blank\" rel=\"noopener\">Lecturas comprensivas<\/a><\/p>\n<p><a href=\"https:\/\/drive.google.com\/file\/d\/12JidY_knRuKxrgAS_LpWDYitGKrJDgVs\/view?usp=sharing\" target=\"_blank\" rel=\"noopener\">Inferencias<\/a><\/p>\n<p><a href=\"https:\/\/drive.google.com\/file\/d\/1Pjrwv78o6vo0CXlZY9xiN0_MJPyVTQQk\/view?usp=sharing\" target=\"_blank\" rel=\"noopener\">Habilidades Sociales<\/a><\/p>\n<p><a href=\"https:\/\/docs.google.com\/document\/d\/1OITb8ZN6UbIPx0h9Wp2DgXW02l6oq9tk8OoacglKcBQ\/edit?usp=sharing\" target=\"_blank\" rel=\"noopener\">Desarrollo motricidad fina y cognitiva<\/a><\/p>\n<p><a href=\"https:\/\/docs.google.com\/presentation\/d\/1JLGX8WNsTP-YOtEuEqbMo_k2hPptjpCMGLLxIIVTQ0A\/edit?usp=sharing\" target=\"_blank\" rel=\"noopener\">Conceptos b\u00e1sicos PT<\/a><\/p>\n<p><a href=\"https:\/\/drive.google.com\/file\/d\/1nr68bWIg6mCgch6oz1t7Lli8Rnpnqdpw\/view?usp=sharing\" target=\"_blank\" rel=\"noopener\">Oca de fonemas<\/a><\/p>\n<p><a href=\"https:\/\/drive.google.com\/file\/d\/16w--wB93yVHBU3j4UTgCQ665zsuL4WpT\/view?usp=sharing\" target=\"_blank\" rel=\"noopener\">Cuaderno para trabajar las trabadas<\/a><\/p>\n<p><a href=\"https:\/\/drive.google.com\/file\/d\/14kMAZiMdRegWzWxdMrq58l9p3ghxsB59\/view?usp=sharing\" target=\"_blank\" rel=\"noopener\">Pautas para estimular el lenguaje oral<\/a><br \/>\n<a href=\"https:\/\/docs.google.com\/document\/d\/1XF_Obhx-LKOauVOl7vCpj8KZNJcsLN1hD0T2DEj4P5Q\/edit?usp=sharing\" target=\"_blank\" rel=\"noopener\"><br \/><\/a><br \/>\n<a href=\"https:\/\/docs.google.com\/document\/d\/1XF_Obhx-LKOauVOl7vCpj8KZNJcsLN1hD0T2DEj4P5Q\/edit?usp=sharing\" target=\"_blank\" rel=\"noopener\">Altas Capacidades<\/a><\/p>\n<p><a href=\"https:\/\/drive.google.com\/drive\/folders\/1wM7sRH_4Ta1USBa69t4zmB3ONbm4yUz2?usp=sharing\" target=\"_blank\" rel=\"noopener\">Libros de Fichas Desarrollo Inteligencia por Niveles Primaria<\/a><\/p>\n","protected":false},"excerpt":{"rendered":"<p>ORIENTACIONES Estimulaci\u00f3n del Lenguaje Oral WEBs de inter\u00e9s PT y AL Actividades PT y AL Emociones Gu\u00eda gesti\u00f3n de las emociones Desarrollo Cognitivo Absurdos verbales Juegos Educativos Recursos AL Lecturas en im\u00e1genes Lecturas comprensivas Inferencias Habilidades Sociales Desarrollo motricidad fina y cognitiva Conceptos b\u00e1sicos PT Oca de fonemas Cuaderno para trabajar las trabadas Pautas para [&hellip;]<\/p>\n","protected":false},"author":8073,"featured_media":0,"parent":0,"menu_order":0,"comment_status":"closed","ping_status":"closed","template":"","meta":{"_et_pb_use_builder":"","_et_pb_old_content":"","_et_gb_content_width":"","ngg_post_thumbnail":0,"footnotes":""},"aioseo_notices":[],"_links":{"self":[{"href":"https:\/\/blogsaverroes.juntadeandalucia.es\/ceipfranciscobadillo\/wp-json\/wp\/v2\/pages\/1068"}],"collection":[{"href":"https:\/\/blogsaverroes.juntadeandalucia.es\/ceipfranciscobadillo\/wp-json\/wp\/v2\/pages"}],"about":[{"href":"https:\/\/blogsaverroes.juntadeandalucia.es\/ceipfranciscobadillo\/wp-json\/wp\/v2\/types\/page"}],"author":[{"embeddable":true,"href":"https:\/\/blogsaverroes.juntadeandalucia.es\/ceipfranciscobadillo\/wp-json\/wp\/v2\/users\/8073"}],"replies":[{"embeddable":true,"href":"https:\/\/blogsaverroes.juntadeandalucia.es\/ceipfranciscobadillo\/wp-json\/wp\/v2\/comments?post=1068"}],"version-history":[{"count":1,"href":"https:\/\/blogsaverroes.juntadeandalucia.es\/ceipfranciscobadillo\/wp-json\/wp\/v2\/pages\/1068\/revisions"}],"predecessor-version":[{"id":1069,"href":"https:\/\/blogsaverroes.juntadeandalucia.es\/ceipfranciscobadillo\/wp-json\/wp\/v2\/pages\/1068\/revisions\/1069"}],"wp:attachment":[{"href":"https:\/\/blogsaverroes.juntadeandalucia.es\/ceipfranciscobadillo\/wp-json\/wp\/v2\/media?parent=1068"}],"curies":[{"name":"wp","href":"https:\/\/api.w.org\/{rel}","templated":true}]}}