{"id":2066,"date":"2025-05-15T16:45:52","date_gmt":"2025-05-15T15:45:52","guid":{"rendered":"https:\/\/blogsaverroes.juntadeandalucia.es\/ceipfranciscobadillo\/?page_id=2066"},"modified":"2025-05-15T16:45:52","modified_gmt":"2025-05-15T15:45:52","slug":"cima","status":"publish","type":"page","link":"https:\/\/blogsaverroes.juntadeandalucia.es\/ceipfranciscobadillo\/cima\/","title":{"rendered":"CIMA"},"content":{"rendered":"<p style=\"text-align: justify\"><span style=\"font-family: 'comic sans ms', sans-serif;font-size: 12pt\">El Programa CI<img loading=\"lazy\" decoding=\"async\" class=\"size-full wp-image-2062 alignleft\" src=\"https:\/\/blogsaverroes.juntadeandalucia.es\/ceipfranciscobadillo\/files\/2025\/05\/CIMA-logo.jpg\" alt=\"\" width=\"218\" height=\"252\">MA tiene como objetivo general impulsar la innovaci\u00f3n educativa y la mejora continua del aprendizaje a trav\u00e9s de la puesta en marcha de diferentes L\u00edneas de Actuaci\u00f3n enfocadas al tratamiento de la competencia global con la que formar a nuestros j\u00f3venes para su participaci\u00f3n en la sociedad actual, desde un enfoque sist\u00e9mico e integral de la intervenci\u00f3n. <\/span><\/p>\n<p style=\"text-align: justify\"><span style=\"font-family: 'comic sans ms', sans-serif;font-size: 12pt\">Son <em><strong>objetivos espec\u00edficos<\/strong> <\/em>del Programa, los siguientes: <\/span><\/p>\n<p style=\"text-align: justify\"><span style=\"font-family: 'comic sans ms', sans-serif;font-size: 12pt\">a. Dise\u00f1ar modelos m\u00e1s eficientes de simplificaci\u00f3n administrativa, desde la reestructuraci\u00f3n del proceso de gesti\u00f3n de programas, proyectos y actuaciones de innovaci\u00f3n educativa en los centros. <\/span><\/p>\n<p style=\"text-align: justify\"><span style=\"font-family: 'comic sans ms', sans-serif;font-size: 12pt\">b. Facilitar el desarrollo de proyectos para la innovaci\u00f3n y mejora del aprendizaje personalizados e inclusivos que supongan una transformaci\u00f3n efectiva y eficaz del Proyecto Educativo de cada centro. <\/span><\/p>\n<p style=\"text-align: justify\"><span style=\"font-family: 'comic sans ms', sans-serif;font-size: 12pt\">c. Promover los cambios y mejoras a partir del diagn\u00f3stico de las posibilidades de intervenci\u00f3n, desde el an\u00e1lisis de las necesidades y realidades educativas del centro y desde la adaptaci\u00f3n de nuevos modelos de aprendizaje. <\/span><\/p>\n<p style=\"text-align: justify\"><span style=\"font-family: 'comic sans ms', sans-serif;font-size: 12pt\">d. Promover cambios en la gesti\u00f3n y cultura organizativa del centro desde el liderazgo en redarqu\u00eda. <\/span><\/p>\n<p style=\"text-align: justify\"><span style=\"font-family: 'comic sans ms', sans-serif;font-size: 12pt\">e. Fomentar una cultura de la participaci\u00f3n, el an\u00e1lisis y la reflexi\u00f3n compartida para el dise\u00f1o y desarrollo de proyectos innovadores en los centros educativos. <\/span><\/p>\n<p style=\"text-align: justify\"><span style=\"font-family: 'comic sans ms', sans-serif;font-size: 12pt\">f. Favorecer la participaci\u00f3n del alumnado y las familias en las actuaciones innovadoras de los centros.<\/span><\/p>\n<p style=\"text-align: justify\"><span style=\"font-family: 'comic sans ms', sans-serif;font-size: 12pt\">g. Impulsar la capacitaci\u00f3n del profesorado para el cambio y la mejora de la profesionalizaci\u00f3n docente. h. Potenciar actuaciones que favorezcan la aplicaci\u00f3n de pedagog\u00edas activas y metodolog\u00edas de innovaci\u00f3n educativa, desde modelos pedag\u00f3gicos de investigaci\u00f3n y acci\u00f3n fundamentada. <\/span><\/p>\n<p style=\"text-align: justify\"><span style=\"font-family: 'comic sans ms', sans-serif;font-size: 12pt\">i. Acompa\u00f1ar a los centros y a toda la comunidad educativa en el proceso de transformaci\u00f3n y mejora de su Proyecto Educativo. <\/span><\/p>\n<p style=\"text-align: justify\"><span style=\"font-family: 'comic sans ms', sans-serif;font-size: 12pt\">j. Impulsar procesos evaluativos, de difusi\u00f3n y comunicaci\u00f3n de pr\u00e1cticas de \u00e9xito educativo. <\/span><\/p>\n<p style=\"text-align: justify\"><span style=\"font-family: 'comic sans ms', sans-serif;font-size: 12pt\">La <em><strong>estructura organizativa del Programa CIMA<\/strong><\/em> se configura a trav\u00e9s de L\u00edneas de Actuaci\u00f3n tem\u00e1ticas categorizadas en seis \u00e1mbitos de conocimiento: <\/span><\/p>\n<p style=\"text-align: justify\"><span style=\"font-family: 'comic sans ms', sans-serif;font-size: 12pt\">a. Promoci\u00f3n de H\u00e1bitos de Vida Saludable (HHVS). <\/span><\/p>\n<p style=\"text-align: justify\"><span style=\"font-family: 'comic sans ms', sans-serif;font-size: 12pt\">b. Educaci\u00f3n Ambiental para la Sostenibilidad (Aldea). <\/span><\/p>\n<p style=\"text-align: justify\"><span style=\"font-family: 'comic sans ms', sans-serif;font-size: 12pt\">c. STEAM. <\/span><\/p>\n<p style=\"text-align: justify\"><span style=\"font-family: 'comic sans ms', sans-serif;font-size: 12pt\">d. Arte, Cultura y Creatividad. <\/span><\/p>\n<p style=\"text-align: justify\"><span style=\"font-family: 'comic sans ms', sans-serif;font-size: 12pt\">e. Innovaci\u00f3n Social y Educaci\u00f3n para el Desarrollo. <\/span><\/p>\n<p style=\"text-align: justify\"><span style=\"font-family: 'comic sans ms', sans-serif;font-size: 12pt\">f. EduComunicaci\u00f3n.<\/span><\/p>\n<p style=\"text-align: justify\"><span style=\"font-family: 'comic sans ms', sans-serif;font-size: 12pt\"><strong><em>Redes de investigaci\u00f3n e innovaci\u00f3n educativa.<\/em> <\/strong>Los centros participantes en el Programa CIMA que lo deseen podr\u00e1n solicitar la participaci\u00f3n o la renovaci\u00f3n de la participaci\u00f3n en Redes nacionales e internacionales ofertadas por la Administraci\u00f3n Educativa, mediante resoluci\u00f3n de la Direcci\u00f3n General de Tecnolog\u00edas Avanzadas y Transformaci\u00f3n Educativa, entre las que se incluyen: <\/span><\/p>\n<p style=\"text-align: justify\"><span style=\"font-family: 'comic sans ms', sans-serif;font-size: 12pt\">a. Red Andaluza de Ecoescuelas. <\/span><\/p>\n<p style=\"text-align: justify\"><span style=\"font-family: 'comic sans ms', sans-serif;font-size: 12pt\">b. Red de Escuelas Promotoras de Salud de Andaluc\u00eda (EPSA).<\/span><\/p>\n","protected":false},"excerpt":{"rendered":"<p>El Programa CIMA tiene como objetivo general impulsar la innovaci\u00f3n educativa y la mejora continua del aprendizaje a trav\u00e9s de la puesta en marcha de diferentes L\u00edneas de Actuaci\u00f3n enfocadas al tratamiento de la competencia global con la que formar a nuestros j\u00f3venes para su participaci\u00f3n en la sociedad actual, desde un enfoque sist\u00e9mico e [&hellip;]<\/p>\n","protected":false},"author":8073,"featured_media":0,"parent":0,"menu_order":0,"comment_status":"closed","ping_status":"closed","template":"","meta":{"_et_pb_use_builder":"","_et_pb_old_content":"","_et_gb_content_width":"","ngg_post_thumbnail":0,"footnotes":""},"aioseo_notices":[],"_links":{"self":[{"href":"https:\/\/blogsaverroes.juntadeandalucia.es\/ceipfranciscobadillo\/wp-json\/wp\/v2\/pages\/2066"}],"collection":[{"href":"https:\/\/blogsaverroes.juntadeandalucia.es\/ceipfranciscobadillo\/wp-json\/wp\/v2\/pages"}],"about":[{"href":"https:\/\/blogsaverroes.juntadeandalucia.es\/ceipfranciscobadillo\/wp-json\/wp\/v2\/types\/page"}],"author":[{"embeddable":true,"href":"https:\/\/blogsaverroes.juntadeandalucia.es\/ceipfranciscobadillo\/wp-json\/wp\/v2\/users\/8073"}],"replies":[{"embeddable":true,"href":"https:\/\/blogsaverroes.juntadeandalucia.es\/ceipfranciscobadillo\/wp-json\/wp\/v2\/comments?post=2066"}],"version-history":[{"count":1,"href":"https:\/\/blogsaverroes.juntadeandalucia.es\/ceipfranciscobadillo\/wp-json\/wp\/v2\/pages\/2066\/revisions"}],"predecessor-version":[{"id":2068,"href":"https:\/\/blogsaverroes.juntadeandalucia.es\/ceipfranciscobadillo\/wp-json\/wp\/v2\/pages\/2066\/revisions\/2068"}],"wp:attachment":[{"href":"https:\/\/blogsaverroes.juntadeandalucia.es\/ceipfranciscobadillo\/wp-json\/wp\/v2\/media?parent=2066"}],"curies":[{"name":"wp","href":"https:\/\/api.w.org\/{rel}","templated":true}]}}