{"id":2394,"date":"2021-01-11T18:08:56","date_gmt":"2021-01-11T18:08:56","guid":{"rendered":"https:\/\/blogsaverroes.juntadeandalucia.es\/ceipfranciscofernandezpozar\/?page_id=2394"},"modified":"2025-11-12T09:32:04","modified_gmt":"2025-11-12T09:32:04","slug":"proyecto-de-gestion","status":"publish","type":"page","link":"https:\/\/blogsaverroes.juntadeandalucia.es\/ceipfranciscofernandezpozar\/proyecto-de-gestion\/","title":{"rendered":"PROYECTO DE GESTI\u00d3N"},"content":{"rendered":"<h1 style=\"text-align: center\"><span style=\"color: #008000\">PROYECTO DE GESTI\u00d3N<\/span><\/h1>\n<p style=\"text-align: justify\">El Proyecto de Gesti\u00f3n de las escuelas infantiles de segundo ciclo, de los colegios de educaci\u00f3n primaria, de los colegios de educaci\u00f3n infantil y primaria y de los centros p\u00fablicos espec\u00edficos de educaci\u00f3n especial recoger\u00e1 la ordenaci\u00f3n y utilizaci\u00f3n de los recursos del centro, tanto materiales como humanos.<\/p>\n<h2 style=\"text-align: center\"><strong><span style=\"color: #008000\">\u00cdNDICE<\/span><\/strong><\/h2>\n<p style=\"text-align: justify\"><span style=\"color: #008000\">&nbsp;A. CRITERIOS PARA LA ELABORACI\u00d3N DEL PRESUPUESTO ANUAL DEL CENTRO Y PARA LA DISTRIBUCI\u00d3N DE LOS INGRESOS ENTRE LAS DISTINTAS PARTIDAS DE GASTO.<\/span><\/p>\n<p style=\"text-align: justify\"><span style=\"color: #008000\">B. CRITERIOS PARA LA GESTI\u00d3N DE LAS SUSTITUCIONES DE LAS AUSENCIAS DEL PROFESORADO.<\/span><\/p>\n<p style=\"text-align: justify\"><span style=\"color: #008000\">C. MEDIDAS PARA LA CONSERVACI\u00d3N Y RENOVACI\u00d3N DE LAS INSTALACIONES Y DEL EQUIPAMIENTO ESCOLAR.<\/span><\/p>\n<p style=\"text-align: justify\"><span style=\"color: #008000\">D. CRITERIOS PARA LA OBTENCI\u00d3N DE INGRESOS DERIVADOS DE LA PRESTACI\u00d3N DE SERVICIOS DISTINTOS DE LOS GRAVADOS POR TASAS, AS\u00cd COMO OTROS FONDOS PROCEDENTES DE ENTES P\u00daBLICOS, PRIVADOS O PARTICULARES.<\/span><\/p>\n<p style=\"text-align: justify\"><span style=\"color: #008000\">E. PROCEDIMIENTOS PARA LA ELABORACI\u00d3N DEL INVENTARIO ANUAL GENERAL DEL CENTRO.<\/span><\/p>\n<p style=\"text-align: justify\"><span style=\"color: #008000\">F. CRITERIOS PARA UNA GESTI\u00d3N SOSTENIBLE DE LOS RECURSOS DEL CENTRO Y DE LOS RESIDUOS QUE GENERE QUE, EN TODO CASO, SER\u00c1 EFICIENTE Y COMPATIBLE CON LA CONSERVACI\u00d3N DEL MEDIO AMBIENTE.<\/span><\/p>\n<p style=\"text-align: justify\"><span style=\"color: #008000\">G. CUALESQUIERA OTROS ASPECTOS RELATIVOS A LA GESTI\u00d3N ECON\u00d3MICA DEL CENTRO NO CONTEMPLADOS EN LA NORMATIVA VIGENTE.<\/span><\/p>\n<p>&nbsp;<\/p>\n<h2 style=\"text-align: center\"><a href=\"https:\/\/drive.google.com\/file\/d\/1VIk8hsZ1BOUD9ItafunTCT-23RZXp4A-\/view?usp=drive_link\"><strong>ACCESO AL DOCUMENTO<\/strong><\/a><\/h2>\n","protected":false},"excerpt":{"rendered":"<p>PROYECTO DE GESTI\u00d3N El Proyecto de Gesti\u00f3n de las escuelas infantiles de segundo ciclo, de los colegios de educaci\u00f3n primaria, de los colegios de educaci\u00f3n infantil y primaria y de los centros p\u00fablicos espec\u00edficos&#46;&#46;&#46;<\/p>\n","protected":false},"author":10647,"featured_media":0,"parent":0,"menu_order":0,"comment_status":"closed","ping_status":"closed","template":"","meta":{"ngg_post_thumbnail":0,"footnotes":"","_mc_calendar":[]},"aioseo_notices":[],"_links":{"self":[{"href":"https:\/\/blogsaverroes.juntadeandalucia.es\/ceipfranciscofernandezpozar\/wp-json\/wp\/v2\/pages\/2394"}],"collection":[{"href":"https:\/\/blogsaverroes.juntadeandalucia.es\/ceipfranciscofernandezpozar\/wp-json\/wp\/v2\/pages"}],"about":[{"href":"https:\/\/blogsaverroes.juntadeandalucia.es\/ceipfranciscofernandezpozar\/wp-json\/wp\/v2\/types\/page"}],"author":[{"embeddable":true,"href":"https:\/\/blogsaverroes.juntadeandalucia.es\/ceipfranciscofernandezpozar\/wp-json\/wp\/v2\/users\/10647"}],"replies":[{"embeddable":true,"href":"https:\/\/blogsaverroes.juntadeandalucia.es\/ceipfranciscofernandezpozar\/wp-json\/wp\/v2\/comments?post=2394"}],"version-history":[{"count":4,"href":"https:\/\/blogsaverroes.juntadeandalucia.es\/ceipfranciscofernandezpozar\/wp-json\/wp\/v2\/pages\/2394\/revisions"}],"predecessor-version":[{"id":3033,"href":"https:\/\/blogsaverroes.juntadeandalucia.es\/ceipfranciscofernandezpozar\/wp-json\/wp\/v2\/pages\/2394\/revisions\/3033"}],"wp:attachment":[{"href":"https:\/\/blogsaverroes.juntadeandalucia.es\/ceipfranciscofernandezpozar\/wp-json\/wp\/v2\/media?parent=2394"}],"curies":[{"name":"wp","href":"https:\/\/api.w.org\/{rel}","templated":true}]}}