{"id":2615,"date":"2019-05-19T22:54:10","date_gmt":"2019-05-19T22:54:10","guid":{"rendered":"https:\/\/blogsaverroes.juntadeandalucia.es\/ceipfrayalbinocor\/?page_id=2615"},"modified":"2024-01-28T19:07:21","modified_gmt":"2024-01-28T19:07:21","slug":"eoe","status":"publish","type":"page","link":"https:\/\/blogsaverroes.juntadeandalucia.es\/ceipfrayalbinocor\/eoe\/","title":{"rendered":"EOE"},"content":{"rendered":"<p>&nbsp;&nbsp;&nbsp;&nbsp;El Equipo de Orientaci\u00f3n Educativa del centro (EOE) est\u00e1 integrado por profesionales que realizan una importante labor de detecci\u00f3n, an\u00e1lisis y diagn\u00f3stico de alumnado que presenta &nbsp;dificultades de aprendizaje, pudiendo ser \u00e9stas de car\u00e1cter psicopedag\u00f3gico, cl\u00ednico y social. Estos profesionales, adem\u00e1s, realizan labores de asesoramiento a familias y profesorado, as\u00ed como intervenciones a nivel de grupos de alumnado.<\/p>\n<p>&nbsp; &nbsp; &nbsp;Nuestro colegio se encuentra en el \u00e1rea de actuaci\u00f3n del EOE Sur, integrado por los\/as profesionales siguientes:<\/p>\n<ul>\n<li>Do\u00f1a <b>Lourdes Rubia Torres<\/b>. Psicopedagoga. Asiste al centro&nbsp; lunes, martes y jueves, y forma parte del ETCP (Equipo &nbsp;T\u00e9cnico de &nbsp;Coordinaci\u00f3n Pedag\u00f3gica), que se re\u00fane una vez al mes.<\/li>\n<li>Do\u00f1a&nbsp;<strong>M\u00aa Inmaculada Morillas Chaparro<\/strong>. Logopeda. Asiste al centro seg\u00fan demanda.<\/li>\n<li>Do\u00f1a&nbsp;<strong>Isabel P\u00e9rez Urqu\u00edzar<\/strong>. Trabajadora Social. Asiste al centro seg\u00fan demanda.<\/li>\n<\/ul>\n<p>&nbsp; &nbsp; &nbsp; &nbsp; &nbsp; &nbsp; &nbsp; &nbsp; &nbsp; &nbsp;&nbsp;<\/p>\n<p>&nbsp;<\/p>\n<p>&nbsp;<\/p>\n<p>&nbsp;<\/p>\n<p>&nbsp;<\/p>\n<p>&nbsp;<\/p>\n<!--themify_builder_content-->\n<div id=\"themify_builder_content-2615\" data-postid=\"2615\" class=\"themify_builder_content themify_builder_content-2615 themify_builder tf_clear\">\n    <\/div>\n<!--\/themify_builder_content-->\n","protected":false},"excerpt":{"rendered":"<p>&nbsp;&nbsp;&nbsp;&nbsp;El Equipo de Orientaci\u00f3n Educativa del centro (EOE) est\u00e1 integrado por profesionales que realizan una importante labor de detecci\u00f3n, an\u00e1lisis y diagn\u00f3stico de alumnado que presenta &nbsp;dificultades de aprendizaje, pudiendo ser \u00e9stas de car\u00e1cter psicopedag\u00f3gico, cl\u00ednico y social. Estos profesionales, adem\u00e1s, realizan labores de asesoramiento a familias y profesorado, as\u00ed como intervenciones a nivel de [&hellip;]<\/p>\n","protected":false},"author":6521,"featured_media":0,"parent":0,"menu_order":0,"comment_status":"closed","ping_status":"closed","template":"","meta":{"ngg_post_thumbnail":0,"footnotes":"","_mc_calendar":[]},"aioseo_notices":[],"_links":{"self":[{"href":"https:\/\/blogsaverroes.juntadeandalucia.es\/ceipfrayalbinocor\/wp-json\/wp\/v2\/pages\/2615"}],"collection":[{"href":"https:\/\/blogsaverroes.juntadeandalucia.es\/ceipfrayalbinocor\/wp-json\/wp\/v2\/pages"}],"about":[{"href":"https:\/\/blogsaverroes.juntadeandalucia.es\/ceipfrayalbinocor\/wp-json\/wp\/v2\/types\/page"}],"author":[{"embeddable":true,"href":"https:\/\/blogsaverroes.juntadeandalucia.es\/ceipfrayalbinocor\/wp-json\/wp\/v2\/users\/6521"}],"replies":[{"embeddable":true,"href":"https:\/\/blogsaverroes.juntadeandalucia.es\/ceipfrayalbinocor\/wp-json\/wp\/v2\/comments?post=2615"}],"version-history":[{"count":9,"href":"https:\/\/blogsaverroes.juntadeandalucia.es\/ceipfrayalbinocor\/wp-json\/wp\/v2\/pages\/2615\/revisions"}],"predecessor-version":[{"id":5316,"href":"https:\/\/blogsaverroes.juntadeandalucia.es\/ceipfrayalbinocor\/wp-json\/wp\/v2\/pages\/2615\/revisions\/5316"}],"wp:attachment":[{"href":"https:\/\/blogsaverroes.juntadeandalucia.es\/ceipfrayalbinocor\/wp-json\/wp\/v2\/media?parent=2615"}],"curies":[{"name":"wp","href":"https:\/\/api.w.org\/{rel}","templated":true}]}}