{"id":1381,"date":"2022-08-20T11:22:46","date_gmt":"2022-08-20T10:22:46","guid":{"rendered":"https:\/\/blogsaverroes.juntadeandalucia.es\/ceipfuentealegre\/?page_id=1381"},"modified":"2024-03-01T12:22:59","modified_gmt":"2024-03-01T11:22:59","slug":"conoce-nuestro-colegio","status":"publish","type":"page","link":"https:\/\/blogsaverroes.juntadeandalucia.es\/ceipfuentealegre\/conoce-nuestro-colegio\/","title":{"rendered":"Conoce nuestro colegio"},"content":{"rendered":"<p>Aqu\u00ed tienen el v\u00eddeo que elaboramos todos los a\u00f1os para que las futuras familias conozcan nuestro colegio. En \u00e9l podr\u00e1n conocer nuestras instalaciones, los Planes y Proyectos que desarrollamos, los servicios ofertados, las Actividades Complementarias y Extraescolares del curso 23\/24 y toda la informaci\u00f3n de inter\u00e9s con una muestra visual, porque: &#8220;Una imagen vale m\u00e1s que mil palabras&#8221;.&nbsp;<\/p>\n<p>&nbsp;<\/p>\n<div style=\"width: 1080px;\" class=\"wp-video\"><!--[if lt IE 9]><script>document.createElement('video');<\/script><![endif]-->\n<video class=\"wp-video-shortcode\" id=\"video-1381-1\" width=\"1080\" height=\"608\" preload=\"metadata\" controls=\"controls\"><source type=\"video\/mp4\" src=\"https:\/\/blogsaverroes.juntadeandalucia.es\/ceipfuentealegre\/files\/2024\/02\/CEIP-FUENTE-ALEGRE.pdf-1.mp4?_=1\" \/><a href=\"https:\/\/blogsaverroes.juntadeandalucia.es\/ceipfuentealegre\/files\/2024\/02\/CEIP-FUENTE-ALEGRE.pdf-1.mp4\">https:\/\/blogsaverroes.juntadeandalucia.es\/ceipfuentealegre\/files\/2024\/02\/CEIP-FUENTE-ALEGRE.pdf-1.mp4<\/a><\/video><\/div>\n<p>&nbsp;<\/p>\n","protected":false},"excerpt":{"rendered":"<p>Aqu\u00ed tienen el v\u00eddeo que elaboramos todos los a\u00f1os para que las futuras familias conozcan nuestro colegio. En \u00e9l podr\u00e1n conocer nuestras instalaciones, los Planes y Proyectos que desarrollamos, los servicios ofertados, las Actividades Complementarias y Extraescolares del curso 23\/24 y toda la informaci\u00f3n de inter\u00e9s con una muestra visual, porque: &#8220;Una imagen vale m\u00e1s [&hellip;]<\/p>\n","protected":false},"author":10626,"featured_media":0,"parent":0,"menu_order":0,"comment_status":"closed","ping_status":"closed","template":"","meta":{"_et_pb_use_builder":"","_et_pb_old_content":"","_et_gb_content_width":"","ngg_post_thumbnail":0,"footnotes":""},"aioseo_notices":[],"_links":{"self":[{"href":"https:\/\/blogsaverroes.juntadeandalucia.es\/ceipfuentealegre\/wp-json\/wp\/v2\/pages\/1381"}],"collection":[{"href":"https:\/\/blogsaverroes.juntadeandalucia.es\/ceipfuentealegre\/wp-json\/wp\/v2\/pages"}],"about":[{"href":"https:\/\/blogsaverroes.juntadeandalucia.es\/ceipfuentealegre\/wp-json\/wp\/v2\/types\/page"}],"author":[{"embeddable":true,"href":"https:\/\/blogsaverroes.juntadeandalucia.es\/ceipfuentealegre\/wp-json\/wp\/v2\/users\/10626"}],"replies":[{"embeddable":true,"href":"https:\/\/blogsaverroes.juntadeandalucia.es\/ceipfuentealegre\/wp-json\/wp\/v2\/comments?post=1381"}],"version-history":[{"count":5,"href":"https:\/\/blogsaverroes.juntadeandalucia.es\/ceipfuentealegre\/wp-json\/wp\/v2\/pages\/1381\/revisions"}],"predecessor-version":[{"id":1919,"href":"https:\/\/blogsaverroes.juntadeandalucia.es\/ceipfuentealegre\/wp-json\/wp\/v2\/pages\/1381\/revisions\/1919"}],"wp:attachment":[{"href":"https:\/\/blogsaverroes.juntadeandalucia.es\/ceipfuentealegre\/wp-json\/wp\/v2\/media?parent=1381"}],"curies":[{"name":"wp","href":"https:\/\/api.w.org\/{rel}","templated":true}]}}