{"id":1384,"date":"2022-08-20T11:42:08","date_gmt":"2022-08-20T10:42:08","guid":{"rendered":"https:\/\/blogsaverroes.juntadeandalucia.es\/ceipfuentealegre\/?page_id=1384"},"modified":"2022-08-20T11:43:12","modified_gmt":"2022-08-20T10:43:12","slug":"documentos-centro","status":"publish","type":"page","link":"https:\/\/blogsaverroes.juntadeandalucia.es\/ceipfuentealegre\/documentos-centro\/","title":{"rendered":"Protocolos de actuaci\u00f3n"},"content":{"rendered":"<p>&nbsp;<\/p>\n<table style=\"border-collapse: collapse;width: 80%;height: 387px\">\n<tbody>\n<tr style=\"height: 40px\">\n<td style=\"width: 50%;text-align: center;height: 40px\"><strong>PROTOCOLOS<\/strong><\/td>\n<\/tr>\n<tr style=\"height: 40px\">\n<td style=\"width: 50%;height: 40px\"><span style=\"color: #0000ff\"><strong><a style=\"color: #0000ff\" href=\"https:\/\/blogsaverroes.juntadeandalucia.es\/ceipfuentealegre\/files\/2022\/08\/1-Protocolo-acoso-escolar.pdf\">&nbsp;1- Protocolo-acoso-escolar<\/a><\/strong><\/span><\/td>\n<\/tr>\n<tr style=\"height: 40px\">\n<td style=\"width: 50%;height: 40px\"><strong><span style=\"color: #0000ff\"><a style=\"color: #0000ff\" href=\"https:\/\/blogsaverroes.juntadeandalucia.es\/ceipfuentealegre\/files\/2022\/08\/2-Protocolo-maltrato-infantil.pdf\">&nbsp;2- Protocolo-maltrato-infantil<\/a><\/span><\/strong><\/td>\n<\/tr>\n<tr style=\"height: 51px\">\n<td style=\"width: 50%;height: 51px\"><strong><span style=\"color: #0000ff\"><a style=\"color: #0000ff\" href=\"https:\/\/blogsaverroes.juntadeandalucia.es\/ceipfuentealegre\/files\/2022\/08\/3-Protocolo-violencia-genero.pdf\">&nbsp;3- Protocolo-violencia-g\u00e9nero<\/a><\/span><\/strong><\/td>\n<\/tr>\n<tr style=\"height: 51px\">\n<td style=\"width: 50%;text-align: left;height: 51px\"><strong><span style=\"color: #0000ff\"><a style=\"color: #0000ff\" href=\"https:\/\/blogsaverroes.juntadeandalucia.es\/ceipfuentealegre\/files\/2022\/08\/4-Protocolo-agresion-profesorado.pdf\">&nbsp;4- Protocolo-agresi\u00f3n-profesorado<\/a><\/span><\/strong><\/td>\n<\/tr>\n<tr style=\"height: 51px\">\n<td style=\"width: 50%;height: 51px\"><span style=\"color: #0000ff\"><strong><a style=\"color: #0000ff\" href=\"https:\/\/blogsaverroes.juntadeandalucia.es\/ceipfuentealegre\/files\/2022\/08\/5-Protocolo-Identidad-de-G\u00e9nero.pdf\">&nbsp;5- Protocolo-Identidad-de-G\u00e9nero<\/a><\/strong><\/span><\/td>\n<\/tr>\n<tr style=\"height: 51px\">\n<td style=\"width: 50%;height: 51px\"><span style=\"color: #0000ff\"><strong><a style=\"color: #0000ff\" href=\"https:\/\/blogsaverroes.juntadeandalucia.es\/ceipfuentealegre\/files\/2022\/08\/6-Protocolo-padres-separados-divorciados.pdf\">&nbsp;6- Protocolo-padres-separados-divorciados<\/a><\/strong><\/span><\/td>\n<\/tr>\n<tr style=\"height: 63px\">\n<td style=\"width: 50%;height: 63px\"><span style=\"color: #0000ff\"><strong><a style=\"color: #0000ff\" href=\"https:\/\/blogsaverroes.juntadeandalucia.es\/ceipfuentealegre\/files\/2022\/08\/7-Protocolo-ciberacoso.pdf\">&nbsp;7- Protocolo-ciberacoso<\/a><\/strong><\/span><\/td>\n<\/tr>\n<\/tbody>\n<\/table>\n","protected":false},"excerpt":{"rendered":"<p>&nbsp; PROTOCOLOS &nbsp;1- Protocolo-acoso-escolar &nbsp;2- Protocolo-maltrato-infantil &nbsp;3- Protocolo-violencia-g\u00e9nero &nbsp;4- Protocolo-agresi\u00f3n-profesorado &nbsp;5- Protocolo-Identidad-de-G\u00e9nero &nbsp;6- Protocolo-padres-separados-divorciados &nbsp;7- Protocolo-ciberacoso<\/p>\n","protected":false},"author":10626,"featured_media":0,"parent":0,"menu_order":0,"comment_status":"closed","ping_status":"closed","template":"","meta":{"_et_pb_use_builder":"","_et_pb_old_content":"","_et_gb_content_width":"","ngg_post_thumbnail":0,"footnotes":""},"aioseo_notices":[],"_links":{"self":[{"href":"https:\/\/blogsaverroes.juntadeandalucia.es\/ceipfuentealegre\/wp-json\/wp\/v2\/pages\/1384"}],"collection":[{"href":"https:\/\/blogsaverroes.juntadeandalucia.es\/ceipfuentealegre\/wp-json\/wp\/v2\/pages"}],"about":[{"href":"https:\/\/blogsaverroes.juntadeandalucia.es\/ceipfuentealegre\/wp-json\/wp\/v2\/types\/page"}],"author":[{"embeddable":true,"href":"https:\/\/blogsaverroes.juntadeandalucia.es\/ceipfuentealegre\/wp-json\/wp\/v2\/users\/10626"}],"replies":[{"embeddable":true,"href":"https:\/\/blogsaverroes.juntadeandalucia.es\/ceipfuentealegre\/wp-json\/wp\/v2\/comments?post=1384"}],"version-history":[{"count":2,"href":"https:\/\/blogsaverroes.juntadeandalucia.es\/ceipfuentealegre\/wp-json\/wp\/v2\/pages\/1384\/revisions"}],"predecessor-version":[{"id":1393,"href":"https:\/\/blogsaverroes.juntadeandalucia.es\/ceipfuentealegre\/wp-json\/wp\/v2\/pages\/1384\/revisions\/1393"}],"wp:attachment":[{"href":"https:\/\/blogsaverroes.juntadeandalucia.es\/ceipfuentealegre\/wp-json\/wp\/v2\/media?parent=1384"}],"curies":[{"name":"wp","href":"https:\/\/api.w.org\/{rel}","templated":true}]}}