{"id":1862,"date":"2024-02-29T13:37:12","date_gmt":"2024-02-29T12:37:12","guid":{"rendered":"https:\/\/blogsaverroes.juntadeandalucia.es\/ceipfuentealegre\/?page_id=1862"},"modified":"2024-02-29T13:40:13","modified_gmt":"2024-02-29T12:40:13","slug":"presentacion-electronica-de-documentos","status":"publish","type":"page","link":"https:\/\/blogsaverroes.juntadeandalucia.es\/ceipfuentealegre\/presentacion-electronica-de-documentos\/","title":{"rendered":"Presentaci\u00f3n electr\u00f3nica de documentos"},"content":{"rendered":"<table>\n<tbody>\n<tr>\n<td>\n<h4><span style=\"font-size: 12pt\">1. Descripci\u00f3n del procedimiento de presentaci\u00f3n general de documentos en los centros educativos andaluces: ayudas, escritos\u2026<\/span><\/h4>\n<p>(NO para Escolarizaci\u00f3n y Matriculaci\u00f3n, que tienen su tr\u00e1mite espec\u00edfico )<\/td>\n<\/tr>\n<tr>\n<td><iframe loading=\"lazy\" src=\"https:\/\/www.youtube.com\/embed\/6qnpRCkgJxQ\" width=\"560\" height=\"315\" frameborder=\"0\"><\/iframe><\/td>\n<\/tr>\n<\/tbody>\n<\/table>\n<p>&nbsp;<\/p>\n<p>En este enlace encontrar\u00e1n un pdf donde tendr\u00e1n m\u00e1s informaci\u00f3n sobre el tr\u00e1mite de presentaci\u00f3n electr\u00f3nica general de documentaci\u00f3n.<\/p>\n<p><strong><span style=\"color: #3366ff\"><a style=\"color: #3366ff\" href=\"https:\/\/blogsaverroes.juntadeandalucia.es\/ceipfuentealegre\/files\/2024\/02\/NUEVA_PRESENTACION_ELECTRONICA_GENERAL_PARA_LOS_CENTROS.pdf\">NUEVA_PRESENTACION_ELECTRONICA_GENERAL_PARA_LOS_CENTROS<\/a><\/span><\/strong><\/p>\n","protected":false},"excerpt":{"rendered":"<p>1. Descripci\u00f3n del procedimiento de presentaci\u00f3n general de documentos en los centros educativos andaluces: ayudas, escritos\u2026 (NO para Escolarizaci\u00f3n y Matriculaci\u00f3n, que tienen su tr\u00e1mite espec\u00edfico ) &nbsp; En este enlace encontrar\u00e1n un pdf donde tendr\u00e1n m\u00e1s informaci\u00f3n sobre el tr\u00e1mite de presentaci\u00f3n electr\u00f3nica general de documentaci\u00f3n. NUEVA_PRESENTACION_ELECTRONICA_GENERAL_PARA_LOS_CENTROS<\/p>\n","protected":false},"author":10626,"featured_media":0,"parent":0,"menu_order":0,"comment_status":"closed","ping_status":"closed","template":"","meta":{"_et_pb_use_builder":"","_et_pb_old_content":"","_et_gb_content_width":"","ngg_post_thumbnail":0,"footnotes":""},"aioseo_notices":[],"_links":{"self":[{"href":"https:\/\/blogsaverroes.juntadeandalucia.es\/ceipfuentealegre\/wp-json\/wp\/v2\/pages\/1862"}],"collection":[{"href":"https:\/\/blogsaverroes.juntadeandalucia.es\/ceipfuentealegre\/wp-json\/wp\/v2\/pages"}],"about":[{"href":"https:\/\/blogsaverroes.juntadeandalucia.es\/ceipfuentealegre\/wp-json\/wp\/v2\/types\/page"}],"author":[{"embeddable":true,"href":"https:\/\/blogsaverroes.juntadeandalucia.es\/ceipfuentealegre\/wp-json\/wp\/v2\/users\/10626"}],"replies":[{"embeddable":true,"href":"https:\/\/blogsaverroes.juntadeandalucia.es\/ceipfuentealegre\/wp-json\/wp\/v2\/comments?post=1862"}],"version-history":[{"count":5,"href":"https:\/\/blogsaverroes.juntadeandalucia.es\/ceipfuentealegre\/wp-json\/wp\/v2\/pages\/1862\/revisions"}],"predecessor-version":[{"id":1868,"href":"https:\/\/blogsaverroes.juntadeandalucia.es\/ceipfuentealegre\/wp-json\/wp\/v2\/pages\/1862\/revisions\/1868"}],"wp:attachment":[{"href":"https:\/\/blogsaverroes.juntadeandalucia.es\/ceipfuentealegre\/wp-json\/wp\/v2\/media?parent=1862"}],"curies":[{"name":"wp","href":"https:\/\/api.w.org\/{rel}","templated":true}]}}