{"id":2116,"date":"2016-02-03T10:09:09","date_gmt":"2016-02-03T10:09:09","guid":{"rendered":"http:\/\/blogsaverroes.juntadeandalucia.es\/ceipfuentedelbaden\/?page_id=2116"},"modified":"2025-11-25T20:50:28","modified_gmt":"2025-11-25T19:50:28","slug":"blogs-del-centro","status":"publish","type":"page","link":"https:\/\/blogsaverroes.juntadeandalucia.es\/ceipfuentedelbaden\/blogs-del-centro\/","title":{"rendered":"PROA"},"content":{"rendered":"<p style=\"text-align: center\"><strong><span style=\"color: #008000\">Programa de Refuerzo, Orientaci\u00f3n y Apoyo en los centro docentes p\u00fablicos de Andaluc\u00eda (PROA)<\/span><\/strong><\/p>\n<p><img loading=\"lazy\" decoding=\"async\" class=\"aligncenter size-large wp-image-7358\" src=\"https:\/\/blogsaverroes.juntadeandalucia.es\/ceipfuentedelbaden\/files\/2025\/11\/Logos-PROA_25-26-1024x78.jpg\" alt=\"\" width=\"525\" height=\"40\" srcset=\"https:\/\/blogsaverroes.juntadeandalucia.es\/ceipfuentedelbaden\/files\/2025\/11\/Logos-PROA_25-26-1024x78.jpg 1024w, https:\/\/blogsaverroes.juntadeandalucia.es\/ceipfuentedelbaden\/files\/2025\/11\/Logos-PROA_25-26-300x23.jpg 300w, https:\/\/blogsaverroes.juntadeandalucia.es\/ceipfuentedelbaden\/files\/2025\/11\/Logos-PROA_25-26-150x11.jpg 150w, https:\/\/blogsaverroes.juntadeandalucia.es\/ceipfuentedelbaden\/files\/2025\/11\/Logos-PROA_25-26-768x59.jpg 768w, https:\/\/blogsaverroes.juntadeandalucia.es\/ceipfuentedelbaden\/files\/2025\/11\/Logos-PROA_25-26.jpg 1281w\" sizes=\"(max-width: 525px) 100vw, 525px\" \/><\/p>\n<h3 style=\"text-align: center\"><strong><span style=\"color: #ff0000\">HORARIOS:<\/span><\/strong><\/h3>\n<p style=\"text-align: center\"><strong>Grupo 1 (2\u00ba ciclo): Martes y jueves de 16:00 a 18:00 horas<\/strong><\/p>\n<p style=\"text-align: center\"><strong>Grupo 2 (3\u00ba ciclo) : Martes y jueves de 16:00 a 18:00 horas<\/strong><\/p>\n<p>M\u00e1s informaci\u00f3n en las Instrucciones de 1 de septiembre de 2025 de la Direcci\u00f3n General de Participaci\u00f3n e Inclusi\u00f3n Educativa por las que se establece la organizaci\u00f3n y el funcionamiento del Programa de Refuerzo, Orientaci\u00f3n y Apoyo en los centros docentes p\u00fablicos para el curso 2025-2026.<\/p>\n","protected":false},"excerpt":{"rendered":"<p>Programa de Refuerzo, Orientaci\u00f3n y Apoyo en los centro docentes p\u00fablicos de Andaluc\u00eda (PROA) HORARIOS: Grupo 1 (2\u00ba ciclo): Martes y jueves de 16:00 a 18:00 horas Grupo 2 (3\u00ba ciclo) : Martes y jueves de 16:00 a 18:00 horas M\u00e1s informaci\u00f3n en las Instrucciones de 1 de septiembre de 2025 de la Direcci\u00f3n General &hellip; <\/p>\n<p class=\"link-more\"><a href=\"https:\/\/blogsaverroes.juntadeandalucia.es\/ceipfuentedelbaden\/blogs-del-centro\/\" class=\"more-link\">Continuar leyendo<span class=\"screen-reader-text\"> \u00abPROA\u00bb<\/span><\/a><\/p>\n","protected":false},"author":1990,"featured_media":0,"parent":0,"menu_order":0,"comment_status":"open","ping_status":"open","template":"","meta":{"ngg_post_thumbnail":0,"footnotes":"","_mc_calendar":[]},"aioseo_notices":[],"_links":{"self":[{"href":"https:\/\/blogsaverroes.juntadeandalucia.es\/ceipfuentedelbaden\/wp-json\/wp\/v2\/pages\/2116"}],"collection":[{"href":"https:\/\/blogsaverroes.juntadeandalucia.es\/ceipfuentedelbaden\/wp-json\/wp\/v2\/pages"}],"about":[{"href":"https:\/\/blogsaverroes.juntadeandalucia.es\/ceipfuentedelbaden\/wp-json\/wp\/v2\/types\/page"}],"author":[{"embeddable":true,"href":"https:\/\/blogsaverroes.juntadeandalucia.es\/ceipfuentedelbaden\/wp-json\/wp\/v2\/users\/1990"}],"replies":[{"embeddable":true,"href":"https:\/\/blogsaverroes.juntadeandalucia.es\/ceipfuentedelbaden\/wp-json\/wp\/v2\/comments?post=2116"}],"version-history":[{"count":9,"href":"https:\/\/blogsaverroes.juntadeandalucia.es\/ceipfuentedelbaden\/wp-json\/wp\/v2\/pages\/2116\/revisions"}],"predecessor-version":[{"id":7359,"href":"https:\/\/blogsaverroes.juntadeandalucia.es\/ceipfuentedelbaden\/wp-json\/wp\/v2\/pages\/2116\/revisions\/7359"}],"wp:attachment":[{"href":"https:\/\/blogsaverroes.juntadeandalucia.es\/ceipfuentedelbaden\/wp-json\/wp\/v2\/media?parent=2116"}],"curies":[{"name":"wp","href":"https:\/\/api.w.org\/{rel}","templated":true}]}}

<p style="text-align: center"><strong><span style="color: #008000">Programa de Refuerzo, Orientación y Apoyo en los centro docentes públicos de Andalucía (PROA)</span></strong></p>
<p><img loading="lazy" decoding="async" class="aligncenter size-large wp-image-7358" src="https://blogsaverroes.juntadeandalucia.es/ceipfuentedelbaden/files/2025/11/Logos-PROA_25-26-1024x78.jpg" alt="" width="525" height="40" srcset="https://blogsaverroes.juntadeandalucia.es/ceipfuentedelbaden/files/2025/11/Logos-PROA_25-26-1024x78.jpg 1024w, https://blogsaverroes.juntadeandalucia.es/ceipfuentedelbaden/files/2025/11/Logos-PROA_25-26-300x23.jpg 300w, https://blogsaverroes.juntadeandalucia.es/ceipfuentedelbaden/files/2025/11/Logos-PROA_25-26-150x11.jpg 150w, https://blogsaverroes.juntadeandalucia.es/ceipfuentedelbaden/files/2025/11/Logos-PROA_25-26-768x59.jpg 768w, https://blogsaverroes.juntadeandalucia.es/ceipfuentedelbaden/files/2025/11/Logos-PROA_25-26.jpg 1281w" sizes="(max-width: 525px) 100vw, 525px" /></p>
<h3 style="text-align: center"><strong><span style="color: #ff0000">HORARIOS:</span></strong></h3>
<p style="text-align: center"><strong>Grupo 1 (2º ciclo): Martes y jueves de 16:00 a 18:00 horas</strong></p>
<p style="text-align: center"><strong>Grupo 2 (3º ciclo) : Martes y jueves de 16:00 a 18:00 horas</strong></p>
<p>Más información en las Instrucciones de 1 de septiembre de 2025 de la Dirección General de Participación e Inclusión Educativa por las que se establece la organización y el funcionamiento del Programa de Refuerzo, Orientación y Apoyo en los centros docentes públicos para el curso 2025-2026.</p>

<p>Programa de Refuerzo, Orientación y Apoyo en los centro docentes públicos de Andalucía (PROA) HORARIOS: Grupo 1 (2º ciclo): Martes y jueves de 16:00 a 18:00 horas Grupo 2 (3º ciclo) : Martes y jueves de 16:00 a 18:00 horas Más información en las Instrucciones de 1 de septiembre de 2025 de la Dirección General &hellip; </p>
<p class="link-more"><a href="https://blogsaverroes.juntadeandalucia.es/ceipfuentedelbaden/blogs-del-centro/" class="more-link">Continuar leyendo<span class="screen-reader-text"> «PROA»</span></a></p>
