{"id":2235,"date":"2016-02-12T09:39:22","date_gmt":"2016-02-12T09:39:22","guid":{"rendered":"http:\/\/blogsaverroes.juntadeandalucia.es\/ceipfuentedelbaden\/?page_id=2235"},"modified":"2020-02-21T18:14:18","modified_gmt":"2020-02-21T18:14:18","slug":"comunidad-de-aprendizaje","status":"publish","type":"page","link":"https:\/\/blogsaverroes.juntadeandalucia.es\/ceipfuentedelbaden\/comunidad-de-aprendizaje\/","title":{"rendered":"Comunidad de Aprendizaje."},"content":{"rendered":"<p style=\"text-align: justify\">Comunidades de&nbsp;Aprendizaje&nbsp;es un&nbsp;proyecto&nbsp;de transformaci\u00f3n de centros educativos dirigido a la<strong> superaci\u00f3n<\/strong> del fracaso escolar y la eliminaci\u00f3n de&nbsp;conflictos. Este proyecto se distingue por una apuesta por el <strong>aprendizaje dial\u00f3gico<\/strong> mediante los&nbsp;grupos&nbsp;interactivos, donde el&nbsp;di\u00e1logo&nbsp;igualitario se convierte en un esfuerzo com\u00fan para lograr la&nbsp;igualdad&nbsp;educativa de todas las alumnas y alumnos.<\/p>\n<p style=\"text-align: justify\">La transformaci\u00f3n est\u00e1 orientada hacia el sue\u00f1o de la&nbsp;escuela&nbsp;que se quiere conseguir. E<a href=\"https:\/\/www.monografias.com\/trabajos5\/teap\/teap.shtml\">l<\/a> aprendizaje&nbsp;escolar no recae exclusivamente en manos del profesorado, sino que el logro de una&nbsp;educaci\u00f3n&nbsp;de gran&nbsp;calidad depende de la participaci\u00f3n conjunta de las familias, las asociaciones del barrio, el voluntariado, etc.<\/p>\n<p style=\"text-align: justify\">Las comunidades de aprendizaje representan una apuesta por la <strong>igualdad educativa<\/strong> en el marco de la&nbsp;sociedad&nbsp;de la&nbsp;informaci\u00f3n&nbsp;para combatir las situaciones de desigualdad en las que se encuentran muchas personas. Es la reivindicaci\u00f3n de&nbsp;la educaci\u00f3n&nbsp;que todas las personas queremos para nuestras hijas e hijos, para todas las ni\u00f1as y&nbsp;ni\u00f1os&nbsp;del mundo.<\/p>\n<p style=\"text-align: justify\">El&nbsp;<strong>objetivo<\/strong>&nbsp;de las comunidades de aprendizaje es el&nbsp;cambio&nbsp;en la pr\u00e1ctica educativa para conseguir la utop\u00eda de aquella escuela o de la educaci\u00f3n que todo el mundo quiera tener y, sobre todo, hacer realidad el sue\u00f1o de que ning\u00fan ni\u00f1o ni ni\u00f1a quede marginado\/a o etiquetado\/a por la procedencia de su&nbsp;clase&nbsp;social,&nbsp;etnia, estatus econ\u00f3mico,&nbsp;g\u00e9nero, etc.<\/p>\n<p style=\"text-align: justify\">A partir de este sue\u00f1o, se plantea el verdadero&nbsp;<strong>\u00e9xito<\/strong><strong>&nbsp;acad\u00e9mico <\/strong>del alumnado con una educaci\u00f3n de calidad gracias a un profesorado m\u00e1s aut\u00f3nomo para innovar, experimentar, aprender en las aulas donde las familias y la&nbsp;comunidad&nbsp;en general sean part\u00edcipes activas en la educaci\u00f3n integral de sus hijos e hijas.<\/p>\n<p style=\"text-align: justify\">Las comunidades de aprendizaje son una apuesta por la igualdad educativa en el marco de la sociedad de la informaci\u00f3n para combatir las situaciones de desigualdad de muchas personas en&nbsp;riesgo&nbsp;de&nbsp;exclusi\u00f3n social.<\/p>\n<p style=\"text-align: justify\">El proceso de transformaci\u00f3n de nuestro centro, se inici\u00f3 en el curso 2014\/2015 con la presentaci\u00f3n del Proyecto Comunidad de Aprendizaje y la realizaci\u00f3n de la fase de sensibilizaci\u00f3n. Supuso un gran esfuerzo por parte de toda la comunidad educativa, pero el objetivo se logr\u00f3, fuimos reconocidos como comunidad de aprendizaje en la <em>Resoluci\u00f3n de 26 de mayo de 2015 de la Direcci\u00f3n General de Participaci\u00f3n y Equidad.<\/em><\/p>\n<p style=\"text-align: justify\"><strong>&nbsp; &nbsp; &nbsp; &nbsp; &nbsp; <\/strong><\/p>\n<p>&nbsp;<\/p>\n<p>&nbsp;<\/p>\n<p>&nbsp;<\/p>\n<p>&nbsp;<\/p>\n","protected":false},"excerpt":{"rendered":"<p>Comunidades de&nbsp;Aprendizaje&nbsp;es un&nbsp;proyecto&nbsp;de transformaci\u00f3n de centros educativos dirigido a la superaci\u00f3n del fracaso escolar y la eliminaci\u00f3n de&nbsp;conflictos. Este proyecto se distingue por una apuesta por el aprendizaje dial\u00f3gico mediante los&nbsp;grupos&nbsp;interactivos, donde el&nbsp;di\u00e1logo&nbsp;igualitario se convierte en un esfuerzo com\u00fan para lograr la&nbsp;igualdad&nbsp;educativa de todas las alumnas y alumnos. La transformaci\u00f3n est\u00e1 orientada hacia el sue\u00f1o &hellip; <\/p>\n<p class=\"link-more\"><a href=\"https:\/\/blogsaverroes.juntadeandalucia.es\/ceipfuentedelbaden\/comunidad-de-aprendizaje\/\" class=\"more-link\">Continuar leyendo<span class=\"screen-reader-text\"> \u00abComunidad de Aprendizaje.\u00bb<\/span><\/a><\/p>\n","protected":false},"author":1990,"featured_media":0,"parent":0,"menu_order":0,"comment_status":"open","ping_status":"open","template":"","meta":{"ngg_post_thumbnail":0,"footnotes":"","_mc_calendar":[]},"aioseo_notices":[],"_links":{"self":[{"href":"https:\/\/blogsaverroes.juntadeandalucia.es\/ceipfuentedelbaden\/wp-json\/wp\/v2\/pages\/2235"}],"collection":[{"href":"https:\/\/blogsaverroes.juntadeandalucia.es\/ceipfuentedelbaden\/wp-json\/wp\/v2\/pages"}],"about":[{"href":"https:\/\/blogsaverroes.juntadeandalucia.es\/ceipfuentedelbaden\/wp-json\/wp\/v2\/types\/page"}],"author":[{"embeddable":true,"href":"https:\/\/blogsaverroes.juntadeandalucia.es\/ceipfuentedelbaden\/wp-json\/wp\/v2\/users\/1990"}],"replies":[{"embeddable":true,"href":"https:\/\/blogsaverroes.juntadeandalucia.es\/ceipfuentedelbaden\/wp-json\/wp\/v2\/comments?post=2235"}],"version-history":[{"count":3,"href":"https:\/\/blogsaverroes.juntadeandalucia.es\/ceipfuentedelbaden\/wp-json\/wp\/v2\/pages\/2235\/revisions"}],"predecessor-version":[{"id":4213,"href":"https:\/\/blogsaverroes.juntadeandalucia.es\/ceipfuentedelbaden\/wp-json\/wp\/v2\/pages\/2235\/revisions\/4213"}],"wp:attachment":[{"href":"https:\/\/blogsaverroes.juntadeandalucia.es\/ceipfuentedelbaden\/wp-json\/wp\/v2\/media?parent=2235"}],"curies":[{"name":"wp","href":"https:\/\/api.w.org\/{rel}","templated":true}]}}

<p style="text-align: justify">Comunidades de&nbsp;Aprendizaje&nbsp;es un&nbsp;proyecto&nbsp;de transformación de centros educativos dirigido a la<strong> superación</strong> del fracaso escolar y la eliminación de&nbsp;conflictos. Este proyecto se distingue por una apuesta por el <strong>aprendizaje dialógico</strong> mediante los&nbsp;grupos&nbsp;interactivos, donde el&nbsp;diálogo&nbsp;igualitario se convierte en un esfuerzo común para lograr la&nbsp;igualdad&nbsp;educativa de todas las alumnas y alumnos.</p>
<p style="text-align: justify">La transformación está orientada hacia el sueño de la&nbsp;escuela&nbsp;que se quiere conseguir. E<a href="https://www.monografias.com/trabajos5/teap/teap.shtml">l</a> aprendizaje&nbsp;escolar no recae exclusivamente en manos del profesorado, sino que el logro de una&nbsp;educación&nbsp;de gran&nbsp;calidad depende de la participación conjunta de las familias, las asociaciones del barrio, el voluntariado, etc.</p>
<p style="text-align: justify">Las comunidades de aprendizaje representan una apuesta por la <strong>igualdad educativa</strong> en el marco de la&nbsp;sociedad&nbsp;de la&nbsp;información&nbsp;para combatir las situaciones de desigualdad en las que se encuentran muchas personas. Es la reivindicación de&nbsp;la educación&nbsp;que todas las personas queremos para nuestras hijas e hijos, para todas las niñas y&nbsp;niños&nbsp;del mundo.</p>
<p style="text-align: justify">El&nbsp;<strong>objetivo</strong>&nbsp;de las comunidades de aprendizaje es el&nbsp;cambio&nbsp;en la práctica educativa para conseguir la utopía de aquella escuela o de la educación que todo el mundo quiera tener y, sobre todo, hacer realidad el sueño de que ningún niño ni niña quede marginado/a o etiquetado/a por la procedencia de su&nbsp;clase&nbsp;social,&nbsp;etnia, estatus económico,&nbsp;género, etc.</p>
<p style="text-align: justify">A partir de este sueño, se plantea el verdadero&nbsp;<strong>éxito</strong><strong>&nbsp;académico </strong>del alumnado con una educación de calidad gracias a un profesorado más autónomo para innovar, experimentar, aprender en las aulas donde las familias y la&nbsp;comunidad&nbsp;en general sean partícipes activas en la educación integral de sus hijos e hijas.</p>
<p style="text-align: justify">Las comunidades de aprendizaje son una apuesta por la igualdad educativa en el marco de la sociedad de la información para combatir las situaciones de desigualdad de muchas personas en&nbsp;riesgo&nbsp;de&nbsp;exclusión social.</p>
<p style="text-align: justify">El proceso de transformación de nuestro centro, se inició en el curso 2014/2015 con la presentación del Proyecto Comunidad de Aprendizaje y la realización de la fase de sensibilización. Supuso un gran esfuerzo por parte de toda la comunidad educativa, pero el objetivo se logró, fuimos reconocidos como comunidad de aprendizaje en la <em>Resolución de 26 de mayo de 2015 de la Dirección General de Participación y Equidad.</em></p>
<p style="text-align: justify"><strong>&nbsp; &nbsp; &nbsp; &nbsp; &nbsp; </strong></p>
<p>&nbsp;</p>
<p>&nbsp;</p>
<p>&nbsp;</p>
<p>&nbsp;</p>

<p>Comunidades de&nbsp;Aprendizaje&nbsp;es un&nbsp;proyecto&nbsp;de transformación de centros educativos dirigido a la superación del fracaso escolar y la eliminación de&nbsp;conflictos. Este proyecto se distingue por una apuesta por el aprendizaje dialógico mediante los&nbsp;grupos&nbsp;interactivos, donde el&nbsp;diálogo&nbsp;igualitario se convierte en un esfuerzo común para lograr la&nbsp;igualdad&nbsp;educativa de todas las alumnas y alumnos. La transformación está orientada hacia el sueño &hellip; </p>
<p class="link-more"><a href="https://blogsaverroes.juntadeandalucia.es/ceipfuentedelbaden/comunidad-de-aprendizaje/" class="more-link">Continuar leyendo<span class="screen-reader-text"> «Comunidad de Aprendizaje.»</span></a></p>
