{"id":6928,"date":"2022-12-08T19:29:35","date_gmt":"2022-12-08T19:29:35","guid":{"rendered":"https:\/\/blogsaverroes.juntadeandalucia.es\/ceipfuentedelbaden\/?page_id=6928"},"modified":"2025-11-25T20:44:08","modified_gmt":"2025-11-25T19:44:08","slug":"biblioteca","status":"publish","type":"page","link":"https:\/\/blogsaverroes.juntadeandalucia.es\/ceipfuentedelbaden\/biblioteca\/","title":{"rendered":"Biblioteca"},"content":{"rendered":"<p>Nuestra biblioteca est\u00e1 abierta a toda la comunidad educativa.<\/p>\n<p>Contamos con colecciones completas populares y muy novedosas. \u00a1Tambi\u00e9n ejemplares en ingl\u00e9s!<\/p>\n<p>Adem\u00e1s es uno de los lugares m\u00e1s acogedores del centro donde tambi\u00e9n podr\u00e1s ver actividades diversas a lo largo del curso.<\/p>\n<p><img loading=\"lazy\" decoding=\"async\" class=\"aligncenter size-large wp-image-7354\" src=\"https:\/\/blogsaverroes.juntadeandalucia.es\/ceipfuentedelbaden\/files\/2025\/11\/PHOTO-2025-11-06-12-27-01-768x1024.jpg\" alt=\"\" width=\"525\" height=\"700\" srcset=\"https:\/\/blogsaverroes.juntadeandalucia.es\/ceipfuentedelbaden\/files\/2025\/11\/PHOTO-2025-11-06-12-27-01-768x1024.jpg 768w, https:\/\/blogsaverroes.juntadeandalucia.es\/ceipfuentedelbaden\/files\/2025\/11\/PHOTO-2025-11-06-12-27-01-225x300.jpg 225w, https:\/\/blogsaverroes.juntadeandalucia.es\/ceipfuentedelbaden\/files\/2025\/11\/PHOTO-2025-11-06-12-27-01-113x150.jpg 113w, https:\/\/blogsaverroes.juntadeandalucia.es\/ceipfuentedelbaden\/files\/2025\/11\/PHOTO-2025-11-06-12-27-01-1152x1536.jpg 1152w, https:\/\/blogsaverroes.juntadeandalucia.es\/ceipfuentedelbaden\/files\/2025\/11\/PHOTO-2025-11-06-12-27-01.jpg 1200w\" sizes=\"(max-width: 525px) 100vw, 525px\" \/> <img loading=\"lazy\" decoding=\"async\" class=\"aligncenter size-large wp-image-7355\" src=\"https:\/\/blogsaverroes.juntadeandalucia.es\/ceipfuentedelbaden\/files\/2025\/11\/PHOTO-2025-04-23-14-39-08-1024x766.jpg\" alt=\"\" width=\"525\" height=\"393\" srcset=\"https:\/\/blogsaverroes.juntadeandalucia.es\/ceipfuentedelbaden\/files\/2025\/11\/PHOTO-2025-04-23-14-39-08-1024x766.jpg 1024w, https:\/\/blogsaverroes.juntadeandalucia.es\/ceipfuentedelbaden\/files\/2025\/11\/PHOTO-2025-04-23-14-39-08-300x224.jpg 300w, https:\/\/blogsaverroes.juntadeandalucia.es\/ceipfuentedelbaden\/files\/2025\/11\/PHOTO-2025-04-23-14-39-08-150x112.jpg 150w, https:\/\/blogsaverroes.juntadeandalucia.es\/ceipfuentedelbaden\/files\/2025\/11\/PHOTO-2025-04-23-14-39-08-768x575.jpg 768w, https:\/\/blogsaverroes.juntadeandalucia.es\/ceipfuentedelbaden\/files\/2025\/11\/PHOTO-2025-04-23-14-39-08-1536x1149.jpg 1536w, https:\/\/blogsaverroes.juntadeandalucia.es\/ceipfuentedelbaden\/files\/2025\/11\/PHOTO-2025-04-23-14-39-08.jpg 2048w\" sizes=\"(max-width: 525px) 100vw, 525px\" \/> <img loading=\"lazy\" decoding=\"async\" class=\"aligncenter size-large wp-image-7356\" src=\"https:\/\/blogsaverroes.juntadeandalucia.es\/ceipfuentedelbaden\/files\/2025\/11\/PHOTO-2025-04-10-14-33-02-768x1024.jpg\" alt=\"\" width=\"525\" height=\"700\" srcset=\"https:\/\/blogsaverroes.juntadeandalucia.es\/ceipfuentedelbaden\/files\/2025\/11\/PHOTO-2025-04-10-14-33-02-768x1024.jpg 768w, https:\/\/blogsaverroes.juntadeandalucia.es\/ceipfuentedelbaden\/files\/2025\/11\/PHOTO-2025-04-10-14-33-02-225x300.jpg 225w, https:\/\/blogsaverroes.juntadeandalucia.es\/ceipfuentedelbaden\/files\/2025\/11\/PHOTO-2025-04-10-14-33-02-113x150.jpg 113w, https:\/\/blogsaverroes.juntadeandalucia.es\/ceipfuentedelbaden\/files\/2025\/11\/PHOTO-2025-04-10-14-33-02-1152x1536.jpg 1152w, https:\/\/blogsaverroes.juntadeandalucia.es\/ceipfuentedelbaden\/files\/2025\/11\/PHOTO-2025-04-10-14-33-02.jpg 1200w\" sizes=\"(max-width: 525px) 100vw, 525px\" \/><\/p>\n","protected":false},"excerpt":{"rendered":"<p>Nuestra biblioteca est\u00e1 abierta a toda la comunidad educativa. Contamos con colecciones completas populares y muy novedosas. \u00a1Tambi\u00e9n ejemplares en ingl\u00e9s! Adem\u00e1s es uno de los lugares m\u00e1s acogedores del centro donde tambi\u00e9n podr\u00e1s ver actividades diversas a lo largo del curso.<\/p>\n","protected":false},"author":1990,"featured_media":0,"parent":0,"menu_order":0,"comment_status":"closed","ping_status":"closed","template":"","meta":{"ngg_post_thumbnail":0,"footnotes":"","_mc_calendar":[]},"aioseo_notices":[],"_links":{"self":[{"href":"https:\/\/blogsaverroes.juntadeandalucia.es\/ceipfuentedelbaden\/wp-json\/wp\/v2\/pages\/6928"}],"collection":[{"href":"https:\/\/blogsaverroes.juntadeandalucia.es\/ceipfuentedelbaden\/wp-json\/wp\/v2\/pages"}],"about":[{"href":"https:\/\/blogsaverroes.juntadeandalucia.es\/ceipfuentedelbaden\/wp-json\/wp\/v2\/types\/page"}],"author":[{"embeddable":true,"href":"https:\/\/blogsaverroes.juntadeandalucia.es\/ceipfuentedelbaden\/wp-json\/wp\/v2\/users\/1990"}],"replies":[{"embeddable":true,"href":"https:\/\/blogsaverroes.juntadeandalucia.es\/ceipfuentedelbaden\/wp-json\/wp\/v2\/comments?post=6928"}],"version-history":[{"count":3,"href":"https:\/\/blogsaverroes.juntadeandalucia.es\/ceipfuentedelbaden\/wp-json\/wp\/v2\/pages\/6928\/revisions"}],"predecessor-version":[{"id":7357,"href":"https:\/\/blogsaverroes.juntadeandalucia.es\/ceipfuentedelbaden\/wp-json\/wp\/v2\/pages\/6928\/revisions\/7357"}],"wp:attachment":[{"href":"https:\/\/blogsaverroes.juntadeandalucia.es\/ceipfuentedelbaden\/wp-json\/wp\/v2\/media?parent=6928"}],"curies":[{"name":"wp","href":"https:\/\/api.w.org\/{rel}","templated":true}]}}

<p>Nuestra biblioteca está abierta a toda la comunidad educativa.</p>
<p>Contamos con colecciones completas populares y muy novedosas. ¡También ejemplares en inglés!</p>
<p>Además es uno de los lugares más acogedores del centro donde también podrás ver actividades diversas a lo largo del curso.</p>
<p><img loading="lazy" decoding="async" class="aligncenter size-large wp-image-7354" src="https://blogsaverroes.juntadeandalucia.es/ceipfuentedelbaden/files/2025/11/PHOTO-2025-11-06-12-27-01-768x1024.jpg" alt="" width="525" height="700" srcset="https://blogsaverroes.juntadeandalucia.es/ceipfuentedelbaden/files/2025/11/PHOTO-2025-11-06-12-27-01-768x1024.jpg 768w, https://blogsaverroes.juntadeandalucia.es/ceipfuentedelbaden/files/2025/11/PHOTO-2025-11-06-12-27-01-225x300.jpg 225w, https://blogsaverroes.juntadeandalucia.es/ceipfuentedelbaden/files/2025/11/PHOTO-2025-11-06-12-27-01-113x150.jpg 113w, https://blogsaverroes.juntadeandalucia.es/ceipfuentedelbaden/files/2025/11/PHOTO-2025-11-06-12-27-01-1152x1536.jpg 1152w, https://blogsaverroes.juntadeandalucia.es/ceipfuentedelbaden/files/2025/11/PHOTO-2025-11-06-12-27-01.jpg 1200w" sizes="(max-width: 525px) 100vw, 525px" /> <img loading="lazy" decoding="async" class="aligncenter size-large wp-image-7355" src="https://blogsaverroes.juntadeandalucia.es/ceipfuentedelbaden/files/2025/11/PHOTO-2025-04-23-14-39-08-1024x766.jpg" alt="" width="525" height="393" srcset="https://blogsaverroes.juntadeandalucia.es/ceipfuentedelbaden/files/2025/11/PHOTO-2025-04-23-14-39-08-1024x766.jpg 1024w, https://blogsaverroes.juntadeandalucia.es/ceipfuentedelbaden/files/2025/11/PHOTO-2025-04-23-14-39-08-300x224.jpg 300w, https://blogsaverroes.juntadeandalucia.es/ceipfuentedelbaden/files/2025/11/PHOTO-2025-04-23-14-39-08-150x112.jpg 150w, https://blogsaverroes.juntadeandalucia.es/ceipfuentedelbaden/files/2025/11/PHOTO-2025-04-23-14-39-08-768x575.jpg 768w, https://blogsaverroes.juntadeandalucia.es/ceipfuentedelbaden/files/2025/11/PHOTO-2025-04-23-14-39-08-1536x1149.jpg 1536w, https://blogsaverroes.juntadeandalucia.es/ceipfuentedelbaden/files/2025/11/PHOTO-2025-04-23-14-39-08.jpg 2048w" sizes="(max-width: 525px) 100vw, 525px" /> <img loading="lazy" decoding="async" class="aligncenter size-large wp-image-7356" src="https://blogsaverroes.juntadeandalucia.es/ceipfuentedelbaden/files/2025/11/PHOTO-2025-04-10-14-33-02-768x1024.jpg" alt="" width="525" height="700" srcset="https://blogsaverroes.juntadeandalucia.es/ceipfuentedelbaden/files/2025/11/PHOTO-2025-04-10-14-33-02-768x1024.jpg 768w, https://blogsaverroes.juntadeandalucia.es/ceipfuentedelbaden/files/2025/11/PHOTO-2025-04-10-14-33-02-225x300.jpg 225w, https://blogsaverroes.juntadeandalucia.es/ceipfuentedelbaden/files/2025/11/PHOTO-2025-04-10-14-33-02-113x150.jpg 113w, https://blogsaverroes.juntadeandalucia.es/ceipfuentedelbaden/files/2025/11/PHOTO-2025-04-10-14-33-02-1152x1536.jpg 1152w, https://blogsaverroes.juntadeandalucia.es/ceipfuentedelbaden/files/2025/11/PHOTO-2025-04-10-14-33-02.jpg 1200w" sizes="(max-width: 525px) 100vw, 525px" /></p>

<p>Nuestra biblioteca está abierta a toda la comunidad educativa. Contamos con colecciones completas populares y muy novedosas. ¡También ejemplares en inglés! Además es uno de los lugares más acogedores del centro donde también podrás ver actividades diversas a lo largo del curso.</p>
