{"id":4137,"date":"2018-03-03T00:56:44","date_gmt":"2018-03-02T23:56:44","guid":{"rendered":"http:\/\/blogsaverroes.juntadeandalucia.es\/ceipgabrielcara\/?page_id=4137"},"modified":"2018-03-03T02:56:31","modified_gmt":"2018-03-03T01:56:31","slug":"donde-estamos","status":"publish","type":"page","link":"https:\/\/blogsaverroes.juntadeandalucia.es\/ceipgabrielcara\/donde-estamos\/","title":{"rendered":"D\u00f3nde estamos"},"content":{"rendered":"<p>El C.E.I.P. \u00abGabriel Cara\u00bb est\u00e1 localizado en la barriada de Las Marinas, municipio de Roquetas de Mar, en la provincia de Almer\u00eda.<\/p>\n<p>&nbsp;<\/p>\n<p><strong>Direcci\u00f3n:&nbsp;<\/strong><\/p>\n<p>C\/ Cerro Muriano, 1 &nbsp; &nbsp;C.P.&nbsp;04740 \u2013 Roquetas de Mar (Almer\u00eda)<\/p>\n<p>&nbsp;<\/p>\n<p>Pueden consultar la ubicaci\u00f3n en el siguiente enlace:<\/p>\n<p style=\"text-align: center\"><a href=\"https:\/\/www.google.es\/maps\/@36.7327515,-2.6259511,371m\/data=!3m1!1e3\" target=\"_blank\" rel=\"noopener\">Localizaci\u00f3n (google maps)<\/a><\/p>\n","protected":false},"excerpt":{"rendered":"<p>El C.E.I.P. \u00abGabriel Cara\u00bb est\u00e1 localizado en la barriada de Las Marinas, municipio de Roquetas de Mar, en la provincia de Almer\u00eda. &nbsp; Direcci\u00f3n:&nbsp; C\/ Cerro Muriano, 1 &nbsp; &nbsp;C.P.&nbsp;04740 \u2013 Roquetas de Mar&#46;&#46;&#46;<\/p>\n","protected":false},"author":1904,"featured_media":0,"parent":0,"menu_order":0,"comment_status":"closed","ping_status":"closed","template":"","meta":{"ngg_post_thumbnail":0,"footnotes":""},"aioseo_notices":[],"_links":{"self":[{"href":"https:\/\/blogsaverroes.juntadeandalucia.es\/ceipgabrielcara\/wp-json\/wp\/v2\/pages\/4137"}],"collection":[{"href":"https:\/\/blogsaverroes.juntadeandalucia.es\/ceipgabrielcara\/wp-json\/wp\/v2\/pages"}],"about":[{"href":"https:\/\/blogsaverroes.juntadeandalucia.es\/ceipgabrielcara\/wp-json\/wp\/v2\/types\/page"}],"author":[{"embeddable":true,"href":"https:\/\/blogsaverroes.juntadeandalucia.es\/ceipgabrielcara\/wp-json\/wp\/v2\/users\/1904"}],"replies":[{"embeddable":true,"href":"https:\/\/blogsaverroes.juntadeandalucia.es\/ceipgabrielcara\/wp-json\/wp\/v2\/comments?post=4137"}],"version-history":[{"count":4,"href":"https:\/\/blogsaverroes.juntadeandalucia.es\/ceipgabrielcara\/wp-json\/wp\/v2\/pages\/4137\/revisions"}],"predecessor-version":[{"id":4231,"href":"https:\/\/blogsaverroes.juntadeandalucia.es\/ceipgabrielcara\/wp-json\/wp\/v2\/pages\/4137\/revisions\/4231"}],"wp:attachment":[{"href":"https:\/\/blogsaverroes.juntadeandalucia.es\/ceipgabrielcara\/wp-json\/wp\/v2\/media?parent=4137"}],"curies":[{"name":"wp","href":"https:\/\/api.w.org\/{rel}","templated":true}]}}