{"id":4150,"date":"2018-03-03T01:47:42","date_gmt":"2018-03-03T00:47:42","guid":{"rendered":"http:\/\/blogsaverroes.juntadeandalucia.es\/ceipgabrielcara\/?page_id=4150"},"modified":"2025-05-28T11:41:54","modified_gmt":"2025-05-28T09:41:54","slug":"aula-matinal-2","status":"publish","type":"page","link":"https:\/\/blogsaverroes.juntadeandalucia.es\/ceipgabrielcara\/aula-matinal-2\/","title":{"rendered":"Aula matinal"},"content":{"rendered":"<p>El plazo para solicitar los servicios de <span style=\"text-decoration: underline\"><strong>Aula Matinal, Comedor y Actividades Extraescolares<\/strong><\/span> es del <strong><span style=\"text-decoration: underline\">1 al 10 de junio de 2025<\/span>, ambos inclusive.<\/strong><\/p>\n<p><span style=\"text-decoration: underline\"><strong>Se priorizar\u00e1 la presentaci\u00f3n de la solicitud de manera telem\u00e1tica junto a la matr\u00edcula<\/strong><\/span> a trav\u00e9s de la Secretar\u00eda Virtual de la Junta de Andaluc\u00eda, en el siguiente enlace:<\/p>\n<p><u><a href=\"https:\/\/www.juntadeandalucia.es\/educacion\/secretariavirtual\/solicitudes\/\" target=\"_blank\" rel=\"noopener\">https:\/\/www.juntadeandalucia.es\/educacion\/secretariavirtual\/solicitudes\/<\/a><\/u><u><\/u><\/p>\n<p>En caso de que quieran solicitar alguno de estos servicios de manera presencial, deber\u00e1n <strong><span style=\"text-decoration: underline\">pedir cita previa en el tel\u00e9fono 950153635<\/span><\/strong> y asistir al centro en horario de secretar\u00eda (de lunes a viernes, de 9:20 a 10:50 horas y de 12:10 a 13:30 horas).&nbsp;<\/p>\n<p><a href=\"https:\/\/blogsaverroes.juntadeandalucia.es\/ceipgabrielcara\/files\/2021\/10\/desc-pdf.jpg\"><img loading=\"lazy\" decoding=\"async\" class=\"wp-image-5396 size-thumbnail alignleft\" src=\"https:\/\/blogsaverroes.juntadeandalucia.es\/ceipgabrielcara\/files\/2021\/10\/desc-pdf-150x150.jpg\" alt=\"\" width=\"150\" height=\"150\" srcset=\"https:\/\/blogsaverroes.juntadeandalucia.es\/ceipgabrielcara\/files\/2021\/10\/desc-pdf-150x150.jpg 150w, https:\/\/blogsaverroes.juntadeandalucia.es\/ceipgabrielcara\/files\/2021\/10\/desc-pdf-300x300.jpg 300w, https:\/\/blogsaverroes.juntadeandalucia.es\/ceipgabrielcara\/files\/2021\/10\/desc-pdf.jpg 450w\" sizes=\"(max-width: 150px) 100vw, 150px\" \/><\/a><\/p>\n<p>&nbsp;<\/p>\n<p>&nbsp;<\/p>\n<p>*<a href=\"https:\/\/blogsaverroes.juntadeandalucia.es\/ceipgabrielcara\/files\/2024\/05\/SOLICITUD-SERVICIOS-COMPLEMENTARIOS.pdf\">Solicitud servicios complementarios (aula matinal, comedor y actividades extraescolares)<\/a><\/p>\n<p>&nbsp;<\/p>\n<p>&nbsp;<\/p>\n<p>Documentaci\u00f3n a aportar para solicitar Comedor y Aula Matinal:<\/p>\n<ul>\n<li>Impreso Anexo II de solicitud.<\/li>\n<li>Informe de vida laboral de las personas que ostentan la guarda y custodia o certificado de la unidad de personal de su destino como funcionario.<\/li>\n<li>Certificado de empresa con la duraci\u00f3n de la jornada y el horario de trabajo.<\/li>\n<li>En el caso de desarrollar una actividad laboral por cuenta propia, alta en el Impuesto de actividades econ\u00f3micas y una declaraci\u00f3n responsable de la persona interesa sobre la vigencia de la misma y del horario que requiere la actividad.<\/li>\n<li>Otras casu\u00edsticas recogidas en el impreso Anexo II de solicitud.<\/li>\n<\/ul>\n<p>Documentaci\u00f3n a aportar para las Actividades Extraescolares:<\/p>\n<ul>\n<li>Impreso Anexo II de solicitud.<\/li>\n<\/ul>\n<p>Para acreditar la situaci\u00f3n de familia monoparental ser\u00e1 necesario aportar copia autenticada del libro de familia o documento judicial de monoparentalidad.<\/p>\n<p>Les recordamos que la solicitud de <strong><u>bonificaciones<\/u><\/strong> de los servicios de comedor, matinal y actividades extraescolares se realizar\u00e1 <strong><u>del 1 al 8 de septiembre de 2025.<\/u><\/strong><\/p>\n<p>&nbsp;<\/p>\n<p><strong>HORARIO AULA MATINAL:&nbsp;<\/strong>7:30 \u2013 9:00<\/p>\n<p><strong>SERVICIOS COMPLEMENTARIOS: CAMBIOS, AUSENCIAS Y BAJAS<\/strong><\/p>\n<p style=\"text-align: justify\">Se recuerda que, de acuerdo con lo establecido en la <strong>Orden de 17 de abril de 2017<\/strong>, <em>por la que se regula la organizaci\u00f3n y funcionamiento de los servicios complementarios de aula matinal, comedor escolar y actividades extraescolares, as\u00ed como el uso de las instalaciones de los centros docentes p\u00fablicos de la Comunidad Aut\u00f3noma de Andaluc\u00eda fuera de horario escolar<\/em>; la <strong>solicitud de baja o modificaci\u00f3n <\/strong>de la opci\u00f3n inicialmente elegida en el servicio de aula matinal se comunicar\u00e1 a la persona que ejerce la direcci\u00f3n del centro docente <strong>antes del \u00faltimo d\u00eda lectivo de la semana anterior a aquella en la que se pretenda hacer <\/strong><strong>efectiva la baja o modificaci\u00f3n.<\/strong><\/p>\n<p>&nbsp;<\/p>\n<p><a href=\"https:\/\/blogsaverroes.juntadeandalucia.es\/ceipgabrielcara\/files\/2021\/10\/desc-pdf.jpg\"><img loading=\"lazy\" decoding=\"async\" class=\"alignleft wp-image-5396 size-thumbnail\" src=\"https:\/\/blogsaverroes.juntadeandalucia.es\/ceipgabrielcara\/files\/2021\/10\/desc-pdf-150x150.jpg\" alt=\"\" width=\"150\" height=\"150\" srcset=\"https:\/\/blogsaverroes.juntadeandalucia.es\/ceipgabrielcara\/files\/2021\/10\/desc-pdf-150x150.jpg 150w, https:\/\/blogsaverroes.juntadeandalucia.es\/ceipgabrielcara\/files\/2021\/10\/desc-pdf-300x300.jpg 300w, https:\/\/blogsaverroes.juntadeandalucia.es\/ceipgabrielcara\/files\/2021\/10\/desc-pdf.jpg 450w\" sizes=\"(max-width: 150px) 100vw, 150px\" \/><\/a><\/p>\n<p><span style=\"font-family: 'Arial','sans-serif'\">&nbsp;<\/span>*<a href=\"https:\/\/blogsaverroes.juntadeandalucia.es\/ceipgabrielcara\/files\/2018\/03\/AULA-MATINAL-CAMBIOS-Y-AUSENCIAS.pdf\">Aula matinal: cambios y ausencias.<\/a><\/p>\n<p>*<a href=\"https:\/\/blogsaverroes.juntadeandalucia.es\/ceipgabrielcara\/files\/2018\/03\/CAMBIO-N\u00ba-CUENTA.pdf\">Cambio n\u00famero de cuenta<\/a><\/p>\n<p>*<a href=\"https:\/\/blogsaverroes.juntadeandalucia.es\/ceipgabrielcara\/files\/2021\/10\/solicitud_baja_paf.pdf\">Solicitud de baja<\/a><\/p>\n<p>&nbsp;<\/p>\n","protected":false},"excerpt":{"rendered":"<p>El plazo para solicitar los servicios de Aula Matinal, Comedor y Actividades Extraescolares es del 1 al 10 de junio de 2025, ambos inclusive. Se priorizar\u00e1 la presentaci\u00f3n de la solicitud de manera telem\u00e1tica&#46;&#46;&#46;<\/p>\n","protected":false},"author":1904,"featured_media":0,"parent":0,"menu_order":0,"comment_status":"closed","ping_status":"closed","template":"","meta":{"ngg_post_thumbnail":0,"footnotes":""},"aioseo_notices":[],"_links":{"self":[{"href":"https:\/\/blogsaverroes.juntadeandalucia.es\/ceipgabrielcara\/wp-json\/wp\/v2\/pages\/4150"}],"collection":[{"href":"https:\/\/blogsaverroes.juntadeandalucia.es\/ceipgabrielcara\/wp-json\/wp\/v2\/pages"}],"about":[{"href":"https:\/\/blogsaverroes.juntadeandalucia.es\/ceipgabrielcara\/wp-json\/wp\/v2\/types\/page"}],"author":[{"embeddable":true,"href":"https:\/\/blogsaverroes.juntadeandalucia.es\/ceipgabrielcara\/wp-json\/wp\/v2\/users\/1904"}],"replies":[{"embeddable":true,"href":"https:\/\/blogsaverroes.juntadeandalucia.es\/ceipgabrielcara\/wp-json\/wp\/v2\/comments?post=4150"}],"version-history":[{"count":21,"href":"https:\/\/blogsaverroes.juntadeandalucia.es\/ceipgabrielcara\/wp-json\/wp\/v2\/pages\/4150\/revisions"}],"predecessor-version":[{"id":6012,"href":"https:\/\/blogsaverroes.juntadeandalucia.es\/ceipgabrielcara\/wp-json\/wp\/v2\/pages\/4150\/revisions\/6012"}],"wp:attachment":[{"href":"https:\/\/blogsaverroes.juntadeandalucia.es\/ceipgabrielcara\/wp-json\/wp\/v2\/media?parent=4150"}],"curies":[{"name":"wp","href":"https:\/\/api.w.org\/{rel}","templated":true}]}}

<p>El plazo para solicitar los servicios de <span style="text-decoration: underline"><strong>Aula Matinal, Comedor y Actividades Extraescolares</strong></span> es del <strong><span style="text-decoration: underline">1 al 10 de junio de 2025</span>, ambos inclusive.</strong></p>
<p><span style="text-decoration: underline"><strong>Se priorizará la presentación de la solicitud de manera telemática junto a la matrícula</strong></span> a través de la Secretaría Virtual de la Junta de Andalucía, en el siguiente enlace:</p>
<p><u><a href="https://www.juntadeandalucia.es/educacion/secretariavirtual/solicitudes/" target="_blank" rel="noopener">https://www.juntadeandalucia.es/educacion/secretariavirtual/solicitudes/</a></u><u></u></p>
<p>En caso de que quieran solicitar alguno de estos servicios de manera presencial, deberán <strong><span style="text-decoration: underline">pedir cita previa en el teléfono 950153635</span></strong> y asistir al centro en horario de secretaría (de lunes a viernes, de 9:20 a 10:50 horas y de 12:10 a 13:30 horas).&nbsp;</p>
<p><a href="https://blogsaverroes.juntadeandalucia.es/ceipgabrielcara/files/2021/10/desc-pdf.jpg"><img loading="lazy" decoding="async" class="wp-image-5396 size-thumbnail alignleft" src="https://blogsaverroes.juntadeandalucia.es/ceipgabrielcara/files/2021/10/desc-pdf-150x150.jpg" alt="" width="150" height="150" srcset="https://blogsaverroes.juntadeandalucia.es/ceipgabrielcara/files/2021/10/desc-pdf-150x150.jpg 150w, https://blogsaverroes.juntadeandalucia.es/ceipgabrielcara/files/2021/10/desc-pdf-300x300.jpg 300w, https://blogsaverroes.juntadeandalucia.es/ceipgabrielcara/files/2021/10/desc-pdf.jpg 450w" sizes="(max-width: 150px) 100vw, 150px" /></a></p>
<p>&nbsp;</p>
<p>&nbsp;</p>
<p>*<a href="https://blogsaverroes.juntadeandalucia.es/ceipgabrielcara/files/2024/05/SOLICITUD-SERVICIOS-COMPLEMENTARIOS.pdf">Solicitud servicios complementarios (aula matinal, comedor y actividades extraescolares)</a></p>
<p>&nbsp;</p>
<p>&nbsp;</p>
<p>Documentación a aportar para solicitar Comedor y Aula Matinal:</p>
<ul>
<li>Impreso Anexo II de solicitud.</li>
<li>Informe de vida laboral de las personas que ostentan la guarda y custodia o certificado de la unidad de personal de su destino como funcionario.</li>
<li>Certificado de empresa con la duración de la jornada y el horario de trabajo.</li>
<li>En el caso de desarrollar una actividad laboral por cuenta propia, alta en el Impuesto de actividades económicas y una declaración responsable de la persona interesa sobre la vigencia de la misma y del horario que requiere la actividad.</li>
<li>Otras casuísticas recogidas en el impreso Anexo II de solicitud.</li>
</ul>
<p>Documentación a aportar para las Actividades Extraescolares:</p>
<ul>
<li>Impreso Anexo II de solicitud.</li>
</ul>
<p>Para acreditar la situación de familia monoparental será necesario aportar copia autenticada del libro de familia o documento judicial de monoparentalidad.</p>
<p>Les recordamos que la solicitud de <strong><u>bonificaciones</u></strong> de los servicios de comedor, matinal y actividades extraescolares se realizará <strong><u>del 1 al 8 de septiembre de 2025.</u></strong></p>
<p>&nbsp;</p>
<p><strong>HORARIO AULA MATINAL:&nbsp;</strong>7:30 – 9:00</p>
<p><strong>SERVICIOS COMPLEMENTARIOS: CAMBIOS, AUSENCIAS Y BAJAS</strong></p>
<p style="text-align: justify">Se recuerda que, de acuerdo con lo establecido en la <strong>Orden de 17 de abril de 2017</strong>, <em>por la que se regula la organización y funcionamiento de los servicios complementarios de aula matinal, comedor escolar y actividades extraescolares, así como el uso de las instalaciones de los centros docentes públicos de la Comunidad Autónoma de Andalucía fuera de horario escolar</em>; la <strong>solicitud de baja o modificación </strong>de la opción inicialmente elegida en el servicio de aula matinal se comunicará a la persona que ejerce la dirección del centro docente <strong>antes del último día lectivo de la semana anterior a aquella en la que se pretenda hacer </strong><strong>efectiva la baja o modificación.</strong></p>
<p>&nbsp;</p>
<p><a href="https://blogsaverroes.juntadeandalucia.es/ceipgabrielcara/files/2021/10/desc-pdf.jpg"><img loading="lazy" decoding="async" class="alignleft wp-image-5396 size-thumbnail" src="https://blogsaverroes.juntadeandalucia.es/ceipgabrielcara/files/2021/10/desc-pdf-150x150.jpg" alt="" width="150" height="150" srcset="https://blogsaverroes.juntadeandalucia.es/ceipgabrielcara/files/2021/10/desc-pdf-150x150.jpg 150w, https://blogsaverroes.juntadeandalucia.es/ceipgabrielcara/files/2021/10/desc-pdf-300x300.jpg 300w, https://blogsaverroes.juntadeandalucia.es/ceipgabrielcara/files/2021/10/desc-pdf.jpg 450w" sizes="(max-width: 150px) 100vw, 150px" /></a></p>
<p><span style="font-family: 'Arial','sans-serif'">&nbsp;</span>*<a href="https://blogsaverroes.juntadeandalucia.es/ceipgabrielcara/files/2018/03/AULA-MATINAL-CAMBIOS-Y-AUSENCIAS.pdf">Aula matinal: cambios y ausencias.</a></p>
<p>*<a href="https://blogsaverroes.juntadeandalucia.es/ceipgabrielcara/files/2018/03/CAMBIO-Nº-CUENTA.pdf">Cambio número de cuenta</a></p>
<p>*<a href="https://blogsaverroes.juntadeandalucia.es/ceipgabrielcara/files/2021/10/solicitud_baja_paf.pdf">Solicitud de baja</a></p>
<p>&nbsp;</p>

<p>El plazo para solicitar los servicios de Aula Matinal, Comedor y Actividades Extraescolares es del 1 al 10 de junio de 2025, ambos inclusive. Se priorizará la presentación de la solicitud de manera telemática&#46;&#46;&#46;</p>
