{"id":4157,"date":"2018-03-03T01:47:42","date_gmt":"2018-03-03T00:47:42","guid":{"rendered":"http:\/\/blogsaverroes.juntadeandalucia.es\/ceipgabrielcara\/?page_id=4157"},"modified":"2025-09-09T17:24:33","modified_gmt":"2025-09-09T15:24:33","slug":"actividadesextraescolares","status":"publish","type":"page","link":"https:\/\/blogsaverroes.juntadeandalucia.es\/ceipgabrielcara\/actividadesextraescolares\/","title":{"rendered":"Actividades extraescolares"},"content":{"rendered":"<p>El plazo para solicitar actividades extraescolares&nbsp;es del&nbsp;<strong>1 al 10 de junio de 2025, ambos inclusive.<\/strong><\/p>\n<p><strong>Se priorizar\u00e1 la presentaci\u00f3n de la solicitud de manera telem\u00e1tica junto a la matr\u00edcula<\/strong>&nbsp;a trav\u00e9s de la Secretar\u00eda Virtual de la Junta de Andaluc\u00eda, en el siguiente enlace:<\/p>\n<p><u><a href=\"https:\/\/www.juntadeandalucia.es\/educacion\/secretariavirtual\/solicitudes\/\" target=\"_blank\" rel=\"noopener\">https:\/\/www.juntadeandalucia.es\/educacion\/secretariavirtual\/solicitudes\/<\/a><\/u><u><\/u><\/p>\n<p>En caso de que quieran solicitar alguno de estos servicios de manera presencial, deber\u00e1n&nbsp;<strong>pedir cita previa en el tel\u00e9fono 950153635<\/strong>&nbsp;y asistir al centro en horario de secretar\u00eda (de lunes a viernes, de 9:20 a 10:50 horas y de 12:10 a 13:30 horas).&nbsp;<\/p>\n<p>&nbsp;<\/p>\n<p><a href=\"https:\/\/blogsaverroes.juntadeandalucia.es\/ceipgabrielcara\/files\/2021\/10\/desc-pdf.jpg\"><img loading=\"lazy\" decoding=\"async\" class=\"wp-image-5396 size-thumbnail alignleft\" src=\"https:\/\/blogsaverroes.juntadeandalucia.es\/ceipgabrielcara\/files\/2021\/10\/desc-pdf-150x150.jpg\" alt=\"\" width=\"150\" height=\"150\" srcset=\"https:\/\/blogsaverroes.juntadeandalucia.es\/ceipgabrielcara\/files\/2021\/10\/desc-pdf-150x150.jpg 150w, https:\/\/blogsaverroes.juntadeandalucia.es\/ceipgabrielcara\/files\/2021\/10\/desc-pdf-300x300.jpg 300w, https:\/\/blogsaverroes.juntadeandalucia.es\/ceipgabrielcara\/files\/2021\/10\/desc-pdf.jpg 450w\" sizes=\"(max-width: 150px) 100vw, 150px\" \/><\/a><\/p>\n<p>&nbsp;<\/p>\n<p>&nbsp;<\/p>\n<p>*<a href=\"https:\/\/blogsaverroes.juntadeandalucia.es\/ceipgabrielcara\/files\/2024\/05\/SOLICITUD-SERVICIOS-COMPLEMENTARIOS.pdf\">Solicitud servicios complementarios (aula matinal, comedor y actividades extraescolares)<\/a><\/p>\n<p>&nbsp;<\/p>\n<p>&nbsp;<\/p>\n<p>&nbsp;<\/p>\n<p><strong>HORARIO: <\/strong>Lunes a jueves 16 a 18 horas.<\/p>\n<p><a href=\"https:\/\/blogsaverroes.juntadeandalucia.es\/ceipgabrielcara\/files\/2025\/05\/extraescolares-25-26.jpg\"><img loading=\"lazy\" decoding=\"async\" class=\"aligncenter wp-image-6014 size-large\" src=\"https:\/\/blogsaverroes.juntadeandalucia.es\/ceipgabrielcara\/files\/2025\/05\/extraescolares-25-26-1024x650.jpg\" alt=\"\" width=\"1024\" height=\"650\" srcset=\"https:\/\/blogsaverroes.juntadeandalucia.es\/ceipgabrielcara\/files\/2025\/05\/extraescolares-25-26-1024x650.jpg 1024w, https:\/\/blogsaverroes.juntadeandalucia.es\/ceipgabrielcara\/files\/2025\/05\/extraescolares-25-26-300x191.jpg 300w, https:\/\/blogsaverroes.juntadeandalucia.es\/ceipgabrielcara\/files\/2025\/05\/extraescolares-25-26-768x488.jpg 768w, https:\/\/blogsaverroes.juntadeandalucia.es\/ceipgabrielcara\/files\/2025\/05\/extraescolares-25-26.jpg 1137w\" sizes=\"(max-width: 1024px) 100vw, 1024px\" \/><\/a><\/p>\n<p>&nbsp;<\/p>\n<p><strong>SERVICIOS COMPLEMENTARIOS: CAMBIOS, AUSENCIAS Y BAJAS<\/strong><\/p>\n<p>Se recuerda que, de acuerdo con lo establecido en la <strong>Orden de 17 de abril de 2017<\/strong>, <em>por la que se regula la organizaci\u00f3n y funcionamiento de los servicios complementarios de aula matinal, comedor escolar y actividades extraescolares, as\u00ed como el uso de las instalacionesde los centros docentes p\u00fablicos de la Comunidad Aut\u00f3noma de Andaluc\u00eda fuera de horario escolar<\/em>; la <strong>baja<\/strong> en dichas actividades <strong>se solicitar\u00e1<\/strong> a la direcci\u00f3n del centro <strong>con la antelaci\u00f3n de, al menos, una semana al inicio del mes en que se pretenda hacer efectiva la misma<\/strong>.<\/p>\n<p>&nbsp;<\/p>\n<p><a href=\"https:\/\/blogsaverroes.juntadeandalucia.es\/ceipgabrielcara\/files\/2018\/03\/CAMBIO-N\u00ba-CUENTA.pdf\">Cambio n\u00famero de cuenta<\/a><\/p>\n<p><a href=\"https:\/\/blogsaverroes.juntadeandalucia.es\/ceipgabrielcara\/files\/2019\/09\/solicitud_baja_paf.pdf\">Baja_actividades extraescolares<\/a><\/p>\n<p>&nbsp;<\/p>\n","protected":false},"excerpt":{"rendered":"<p>El plazo para solicitar actividades extraescolares&nbsp;es del&nbsp;1 al 10 de junio de 2025, ambos inclusive. Se priorizar\u00e1 la presentaci\u00f3n de la solicitud de manera telem\u00e1tica junto a la matr\u00edcula&nbsp;a trav\u00e9s de la Secretar\u00eda Virtual&#46;&#46;&#46;<\/p>\n","protected":false},"author":1904,"featured_media":0,"parent":0,"menu_order":0,"comment_status":"closed","ping_status":"closed","template":"","meta":{"ngg_post_thumbnail":0,"footnotes":""},"aioseo_notices":[],"_links":{"self":[{"href":"https:\/\/blogsaverroes.juntadeandalucia.es\/ceipgabrielcara\/wp-json\/wp\/v2\/pages\/4157"}],"collection":[{"href":"https:\/\/blogsaverroes.juntadeandalucia.es\/ceipgabrielcara\/wp-json\/wp\/v2\/pages"}],"about":[{"href":"https:\/\/blogsaverroes.juntadeandalucia.es\/ceipgabrielcara\/wp-json\/wp\/v2\/types\/page"}],"author":[{"embeddable":true,"href":"https:\/\/blogsaverroes.juntadeandalucia.es\/ceipgabrielcara\/wp-json\/wp\/v2\/users\/1904"}],"replies":[{"embeddable":true,"href":"https:\/\/blogsaverroes.juntadeandalucia.es\/ceipgabrielcara\/wp-json\/wp\/v2\/comments?post=4157"}],"version-history":[{"count":22,"href":"https:\/\/blogsaverroes.juntadeandalucia.es\/ceipgabrielcara\/wp-json\/wp\/v2\/pages\/4157\/revisions"}],"predecessor-version":[{"id":6017,"href":"https:\/\/blogsaverroes.juntadeandalucia.es\/ceipgabrielcara\/wp-json\/wp\/v2\/pages\/4157\/revisions\/6017"}],"wp:attachment":[{"href":"https:\/\/blogsaverroes.juntadeandalucia.es\/ceipgabrielcara\/wp-json\/wp\/v2\/media?parent=4157"}],"curies":[{"name":"wp","href":"https:\/\/api.w.org\/{rel}","templated":true}]}}