{"id":4980,"date":"2020-04-29T02:34:41","date_gmt":"2020-04-29T00:34:41","guid":{"rendered":"https:\/\/blogsaverroes.juntadeandalucia.es\/ceipgabrielcara\/?page_id=4980"},"modified":"2021-06-06T08:32:26","modified_gmt":"2021-06-06T06:32:26","slug":"fse","status":"publish","type":"page","link":"https:\/\/blogsaverroes.juntadeandalucia.es\/ceipgabrielcara\/fse\/","title":{"rendered":"FONDO SOCIAL EUROPEO"},"content":{"rendered":"<h2><span style=\"color: #0000ff\"><strong>CURSO 2020\/21<\/strong><\/span><\/h2>\n<p style=\"text-align: justify\">Durante el marco de programaci\u00f3n 2014-2020, la Consejer\u00eda de Educaci\u00f3n y Deporte de la Junta de Andaluc\u00eda, como \u00f3rgano competente en materia de educaci\u00f3n no universitaria, gestionar\u00e1 las ayudas susceptibles de cofinanciaci\u00f3n con Fondo Social Europeo desarrolladas en el \u00e1mbito educativo, reguladas por el Reglamento (UE) n\u00ba1304\/2013 del Parlamento Europeo y del Consejo, de 17 de Diciembre de 2013 relativo al Fondo Social Europeo y enmarcadas en el Programa Operativo Fondo Social Europeo Andaluc\u00eda.<\/p>\n<p style=\"text-align: justify\">El Plan de Acci\u00f3n en Educaci\u00f3n de la Junta de Andaluc\u00eda para el curso 2020\/2021 pretende, entre sus objetivos, dotar a los centros educativos sostenidos con fondos p\u00fablicos, que as\u00ed lo requieran, del personal docente necesario al objeto de mejorar la respuesta educativa y atender las medidas de higiene y seguridad recomendadas para contribuir a paliar los efectos producidos en los procesos de ense\u00f1anza-aprendizaje durante la pandemia. Para ello, se ha previsto la incorporaci\u00f3n en los centros docentes p\u00fablicos, con car\u00e1cter extraordinario, de profesorado de apoyo en las ense\u00f1anzas de educaci\u00f3n primaria, educaci\u00f3n secundaria obligatoria y bachillerato con cofinanciaci\u00f3n del Fondo Social Europeo.<\/p>\n<p style=\"text-align: justify\">Siguiendo las directrices comunitarias, nos comunican que nuestro centro, en el presente curso escolar 2020\/2021, es susceptible de cofinanciaci\u00f3n de \u201cRefuerzo Covid en centros educativos no universitarios de titularidad p\u00fablica de la Junta de Andaluc\u00eda\u201d.<\/p>\n<p><a href=\"https:\/\/blogsaverroes.juntadeandalucia.es\/ceipgabrielcara\/files\/2021\/06\/CARTEL-FSE.jpg\"><img loading=\"lazy\" decoding=\"async\" class=\"aligncenter size-full wp-image-5314\" src=\"https:\/\/blogsaverroes.juntadeandalucia.es\/ceipgabrielcara\/files\/2021\/06\/CARTEL-FSE.jpg\" alt=\"\" width=\"804\" height=\"532\" srcset=\"https:\/\/blogsaverroes.juntadeandalucia.es\/ceipgabrielcara\/files\/2021\/06\/CARTEL-FSE.jpg 804w, https:\/\/blogsaverroes.juntadeandalucia.es\/ceipgabrielcara\/files\/2021\/06\/CARTEL-FSE-300x199.jpg 300w, https:\/\/blogsaverroes.juntadeandalucia.es\/ceipgabrielcara\/files\/2021\/06\/CARTEL-FSE-768x508.jpg 768w\" sizes=\"(max-width: 804px) 100vw, 804px\" \/><\/a><\/p>\n<p>&nbsp;<\/p>\n<p>&nbsp;<\/p>\n<h2><span style=\"color: #0000ff\"><strong>CURSO 2019\/20<\/strong><\/span><\/h2>\n<p>En el marco del <strong>Programa Operativo Fondo Social Europeo Andaluc\u00eda<\/strong>, en nuestro centro, son susceptibles de cofinanciaci\u00f3n en el presente curso escolar 2019\/20 las siguientes operaciones:<\/p>\n<p>&#8211; Las acciones formativas programadas y desarrolladas, conducentes a reducir el abandono educativo y a mejorar los resultados de los alumnos y alumnas con Necesidades Espec\u00edficas de Apoyo Educativo (NEAE) tanto en la etapa de educaci\u00f3n infantil segundo ciclo, primaria atendidas por el profesorado de pedagog\u00eda terap\u00e9utica.<\/p>\n<p>&#8211; Las acciones de refuerzo educativo y apoyo escolar (PROA).<\/p>\n<p>&nbsp;<\/p>\n<p><a href=\"https:\/\/blogsaverroes.juntadeandalucia.es\/ceipgabrielcara\/files\/2020\/12\/PROA-cartel-modificado.png\"><img loading=\"lazy\" decoding=\"async\" class=\"aligncenter size-full wp-image-5203\" src=\"https:\/\/blogsaverroes.juntadeandalucia.es\/ceipgabrielcara\/files\/2020\/12\/PROA-cartel-modificado.png\" alt=\"\" width=\"1131\" height=\"1600\" srcset=\"https:\/\/blogsaverroes.juntadeandalucia.es\/ceipgabrielcara\/files\/2020\/12\/PROA-cartel-modificado.png 1131w, https:\/\/blogsaverroes.juntadeandalucia.es\/ceipgabrielcara\/files\/2020\/12\/PROA-cartel-modificado-212x300.png 212w, https:\/\/blogsaverroes.juntadeandalucia.es\/ceipgabrielcara\/files\/2020\/12\/PROA-cartel-modificado-724x1024.png 724w, https:\/\/blogsaverroes.juntadeandalucia.es\/ceipgabrielcara\/files\/2020\/12\/PROA-cartel-modificado-768x1086.png 768w, https:\/\/blogsaverroes.juntadeandalucia.es\/ceipgabrielcara\/files\/2020\/12\/PROA-cartel-modificado-1086x1536.png 1086w, https:\/\/blogsaverroes.juntadeandalucia.es\/ceipgabrielcara\/files\/2020\/12\/PROA-cartel-modificado-1448x2048.png 1448w, https:\/\/blogsaverroes.juntadeandalucia.es\/ceipgabrielcara\/files\/2020\/12\/PROA-cartel-modificado-17x24.png 17w, https:\/\/blogsaverroes.juntadeandalucia.es\/ceipgabrielcara\/files\/2020\/12\/PROA-cartel-modificado-25x36.png 25w, https:\/\/blogsaverroes.juntadeandalucia.es\/ceipgabrielcara\/files\/2020\/12\/PROA-cartel-modificado-34x48.png 34w\" sizes=\"(max-width: 1131px) 100vw, 1131px\" \/><\/a><\/p>\n","protected":false},"excerpt":{"rendered":"<p>CURSO 2020\/21 Durante el marco de programaci\u00f3n 2014-2020, la Consejer\u00eda de Educaci\u00f3n y Deporte de la Junta de Andaluc\u00eda, como \u00f3rgano competente en materia de educaci\u00f3n no universitaria, gestionar\u00e1 las ayudas susceptibles de cofinanciaci\u00f3n&#46;&#46;&#46;<\/p>\n","protected":false},"author":1904,"featured_media":0,"parent":0,"menu_order":0,"comment_status":"closed","ping_status":"closed","template":"","meta":{"ngg_post_thumbnail":0,"footnotes":""},"aioseo_notices":[],"_links":{"self":[{"href":"https:\/\/blogsaverroes.juntadeandalucia.es\/ceipgabrielcara\/wp-json\/wp\/v2\/pages\/4980"}],"collection":[{"href":"https:\/\/blogsaverroes.juntadeandalucia.es\/ceipgabrielcara\/wp-json\/wp\/v2\/pages"}],"about":[{"href":"https:\/\/blogsaverroes.juntadeandalucia.es\/ceipgabrielcara\/wp-json\/wp\/v2\/types\/page"}],"author":[{"embeddable":true,"href":"https:\/\/blogsaverroes.juntadeandalucia.es\/ceipgabrielcara\/wp-json\/wp\/v2\/users\/1904"}],"replies":[{"embeddable":true,"href":"https:\/\/blogsaverroes.juntadeandalucia.es\/ceipgabrielcara\/wp-json\/wp\/v2\/comments?post=4980"}],"version-history":[{"count":6,"href":"https:\/\/blogsaverroes.juntadeandalucia.es\/ceipgabrielcara\/wp-json\/wp\/v2\/pages\/4980\/revisions"}],"predecessor-version":[{"id":4983,"href":"https:\/\/blogsaverroes.juntadeandalucia.es\/ceipgabrielcara\/wp-json\/wp\/v2\/pages\/4980\/revisions\/4983"}],"wp:attachment":[{"href":"https:\/\/blogsaverroes.juntadeandalucia.es\/ceipgabrielcara\/wp-json\/wp\/v2\/media?parent=4980"}],"curies":[{"name":"wp","href":"https:\/\/api.w.org\/{rel}","templated":true}]}}

<h2><span style="color: #0000ff"><strong>CURSO 2020/21</strong></span></h2>
<p style="text-align: justify">Durante el marco de programación 2014-2020, la Consejería de Educación y Deporte de la Junta de Andalucía, como órgano competente en materia de educación no universitaria, gestionará las ayudas susceptibles de cofinanciación con Fondo Social Europeo desarrolladas en el ámbito educativo, reguladas por el Reglamento (UE) nº1304/2013 del Parlamento Europeo y del Consejo, de 17 de Diciembre de 2013 relativo al Fondo Social Europeo y enmarcadas en el Programa Operativo Fondo Social Europeo Andalucía.</p>
<p style="text-align: justify">El Plan de Acción en Educación de la Junta de Andalucía para el curso 2020/2021 pretende, entre sus objetivos, dotar a los centros educativos sostenidos con fondos públicos, que así lo requieran, del personal docente necesario al objeto de mejorar la respuesta educativa y atender las medidas de higiene y seguridad recomendadas para contribuir a paliar los efectos producidos en los procesos de enseñanza-aprendizaje durante la pandemia. Para ello, se ha previsto la incorporación en los centros docentes públicos, con carácter extraordinario, de profesorado de apoyo en las enseñanzas de educación primaria, educación secundaria obligatoria y bachillerato con cofinanciación del Fondo Social Europeo.</p>
<p style="text-align: justify">Siguiendo las directrices comunitarias, nos comunican que nuestro centro, en el presente curso escolar 2020/2021, es susceptible de cofinanciación de “Refuerzo Covid en centros educativos no universitarios de titularidad pública de la Junta de Andalucía”.</p>
<p><a href="https://blogsaverroes.juntadeandalucia.es/ceipgabrielcara/files/2021/06/CARTEL-FSE.jpg"><img loading="lazy" decoding="async" class="aligncenter size-full wp-image-5314" src="https://blogsaverroes.juntadeandalucia.es/ceipgabrielcara/files/2021/06/CARTEL-FSE.jpg" alt="" width="804" height="532" srcset="https://blogsaverroes.juntadeandalucia.es/ceipgabrielcara/files/2021/06/CARTEL-FSE.jpg 804w, https://blogsaverroes.juntadeandalucia.es/ceipgabrielcara/files/2021/06/CARTEL-FSE-300x199.jpg 300w, https://blogsaverroes.juntadeandalucia.es/ceipgabrielcara/files/2021/06/CARTEL-FSE-768x508.jpg 768w" sizes="(max-width: 804px) 100vw, 804px" /></a></p>
<p>&nbsp;</p>
<p>&nbsp;</p>
<h2><span style="color: #0000ff"><strong>CURSO 2019/20</strong></span></h2>
<p>En el marco del <strong>Programa Operativo Fondo Social Europeo Andalucía</strong>, en nuestro centro, son susceptibles de cofinanciación en el presente curso escolar 2019/20 las siguientes operaciones:</p>
<p>&#8211; Las acciones formativas programadas y desarrolladas, conducentes a reducir el abandono educativo y a mejorar los resultados de los alumnos y alumnas con Necesidades Específicas de Apoyo Educativo (NEAE) tanto en la etapa de educación infantil segundo ciclo, primaria atendidas por el profesorado de pedagogía terapéutica.</p>
<p>&#8211; Las acciones de refuerzo educativo y apoyo escolar (PROA).</p>
<p>&nbsp;</p>
<p><a href="https://blogsaverroes.juntadeandalucia.es/ceipgabrielcara/files/2020/12/PROA-cartel-modificado.png"><img loading="lazy" decoding="async" class="aligncenter size-full wp-image-5203" src="https://blogsaverroes.juntadeandalucia.es/ceipgabrielcara/files/2020/12/PROA-cartel-modificado.png" alt="" width="1131" height="1600" srcset="https://blogsaverroes.juntadeandalucia.es/ceipgabrielcara/files/2020/12/PROA-cartel-modificado.png 1131w, https://blogsaverroes.juntadeandalucia.es/ceipgabrielcara/files/2020/12/PROA-cartel-modificado-212x300.png 212w, https://blogsaverroes.juntadeandalucia.es/ceipgabrielcara/files/2020/12/PROA-cartel-modificado-724x1024.png 724w, https://blogsaverroes.juntadeandalucia.es/ceipgabrielcara/files/2020/12/PROA-cartel-modificado-768x1086.png 768w, https://blogsaverroes.juntadeandalucia.es/ceipgabrielcara/files/2020/12/PROA-cartel-modificado-1086x1536.png 1086w, https://blogsaverroes.juntadeandalucia.es/ceipgabrielcara/files/2020/12/PROA-cartel-modificado-1448x2048.png 1448w, https://blogsaverroes.juntadeandalucia.es/ceipgabrielcara/files/2020/12/PROA-cartel-modificado-17x24.png 17w, https://blogsaverroes.juntadeandalucia.es/ceipgabrielcara/files/2020/12/PROA-cartel-modificado-25x36.png 25w, https://blogsaverroes.juntadeandalucia.es/ceipgabrielcara/files/2020/12/PROA-cartel-modificado-34x48.png 34w" sizes="(max-width: 1131px) 100vw, 1131px" /></a></p>

<p>CURSO 2020/21 Durante el marco de programación 2014-2020, la Consejería de Educación y Deporte de la Junta de Andalucía, como órgano competente en materia de educación no universitaria, gestionará las ayudas susceptibles de cofinanciación&#46;&#46;&#46;</p>
