{"id":5345,"date":"2021-08-30T14:22:16","date_gmt":"2021-08-30T12:22:16","guid":{"rendered":"https:\/\/blogsaverroes.juntadeandalucia.es\/ceipgabrielcara\/?page_id=5345"},"modified":"2025-05-28T11:46:11","modified_gmt":"2025-05-28T09:46:11","slug":"bonificacion","status":"publish","type":"page","link":"https:\/\/blogsaverroes.juntadeandalucia.es\/ceipgabrielcara\/bonificacion\/","title":{"rendered":"Bonificaci\u00f3n\/Gratuidad"},"content":{"rendered":"<div><span style=\"color: #0000ff\"><strong>&nbsp;<\/strong><\/span><\/div>\n<div><span style=\"color: #0000ff\"><strong>BONIFICACI\u00d3N\/GRATUIDAD<\/strong><\/span><\/div>\n<div style=\"text-align: justify\">&nbsp;<\/div>\n<div style=\"text-align: justify\">Las familias del <strong>alumnado que haya sido admitido en cualquiera de los tres servicios ofertados (Aula Matinal, Comedor Escolar o Actividades Extraescolares)<\/strong> podr\u00e1n solicitar la Bonificaci\u00f3n\/Gratuidad.<\/div>\n<p style=\"text-align: justify\">El plazo para realizar dicha solicitud ser\u00e1 del <strong>1 al 8 de septiembre de 2025.<\/strong><\/p>\n<div style=\"text-align: justify\">&nbsp;<\/div>\n<div style=\"text-align: justify\">En caso de que quieran presentar el impreso <strong>de manera presencial<\/strong>, pueden hacerlo en la secretar\u00eda del colegio de <strong>9.30 a 13.30 horas.<br \/>\n<\/strong><\/div>\n<div style=\"text-align: justify\">Para ello, pueden solicitar dicho impreso en el propio centro o descargarlo en el siguiente enlace:<\/div>\n<div style=\"text-align: justify\"><a href=\"https:\/\/blogsaverroes.juntadeandalucia.es\/ceipgabrielcara\/files\/2021\/10\/desc-pdf.jpg\"><img loading=\"lazy\" decoding=\"async\" class=\"alignleft wp-image-5396 size-thumbnail\" src=\"https:\/\/blogsaverroes.juntadeandalucia.es\/ceipgabrielcara\/files\/2021\/10\/desc-pdf-150x150.jpg\" alt=\"\" width=\"150\" height=\"150\" srcset=\"https:\/\/blogsaverroes.juntadeandalucia.es\/ceipgabrielcara\/files\/2021\/10\/desc-pdf-150x150.jpg 150w, https:\/\/blogsaverroes.juntadeandalucia.es\/ceipgabrielcara\/files\/2021\/10\/desc-pdf-300x300.jpg 300w, https:\/\/blogsaverroes.juntadeandalucia.es\/ceipgabrielcara\/files\/2021\/10\/desc-pdf.jpg 450w\" sizes=\"(max-width: 150px) 100vw, 150px\" \/><\/a><\/div>\n<div>&nbsp;<\/div>\n<div>&nbsp;<\/div>\n<p>*<a href=\"https:\/\/blogsaverroes.juntadeandalucia.es\/ceipgabrielcara\/files\/2024\/05\/SOLICITUD-BONIFICACION.pdf\">Solicitud Bonificaci\u00f3n<\/a><\/p>\n<div>&nbsp;<\/div>\n<div>&nbsp;<\/div>\n<div>&nbsp;<\/div>\n<div style=\"text-align: justify\">Tambi\u00e9n pueden realizar este tr\u00e1mite a trav\u00e9s de la <strong>Secretar\u00eda Virtual de la Consejer\u00eda de Desarrollo Educativo y Formaci\u00f3n Profesional de manera telem\u00e1tica <\/strong> a partir del 1 de septiembre:<\/div>\n<div style=\"text-align: justify\"><a href=\"https:\/\/www.juntadeandalucia.es\/educacion\/secretariavirtual\/solicitudes\/\">https:\/\/www.juntadeandalucia.es\/educacion\/secretariavirtual\/solicitudes\/<\/a><\/div>\n","protected":false},"excerpt":{"rendered":"<p>&nbsp; BONIFICACI\u00d3N\/GRATUIDAD &nbsp; Las familias del alumnado que haya sido admitido en cualquiera de los tres servicios ofertados (Aula Matinal, Comedor Escolar o Actividades Extraescolares) podr\u00e1n solicitar la Bonificaci\u00f3n\/Gratuidad. El plazo para realizar dicha&#46;&#46;&#46;<\/p>\n","protected":false},"author":1904,"featured_media":0,"parent":0,"menu_order":0,"comment_status":"closed","ping_status":"closed","template":"","meta":{"ngg_post_thumbnail":0,"footnotes":""},"aioseo_notices":[],"_links":{"self":[{"href":"https:\/\/blogsaverroes.juntadeandalucia.es\/ceipgabrielcara\/wp-json\/wp\/v2\/pages\/5345"}],"collection":[{"href":"https:\/\/blogsaverroes.juntadeandalucia.es\/ceipgabrielcara\/wp-json\/wp\/v2\/pages"}],"about":[{"href":"https:\/\/blogsaverroes.juntadeandalucia.es\/ceipgabrielcara\/wp-json\/wp\/v2\/types\/page"}],"author":[{"embeddable":true,"href":"https:\/\/blogsaverroes.juntadeandalucia.es\/ceipgabrielcara\/wp-json\/wp\/v2\/users\/1904"}],"replies":[{"embeddable":true,"href":"https:\/\/blogsaverroes.juntadeandalucia.es\/ceipgabrielcara\/wp-json\/wp\/v2\/comments?post=5345"}],"version-history":[{"count":12,"href":"https:\/\/blogsaverroes.juntadeandalucia.es\/ceipgabrielcara\/wp-json\/wp\/v2\/pages\/5345\/revisions"}],"predecessor-version":[{"id":6016,"href":"https:\/\/blogsaverroes.juntadeandalucia.es\/ceipgabrielcara\/wp-json\/wp\/v2\/pages\/5345\/revisions\/6016"}],"wp:attachment":[{"href":"https:\/\/blogsaverroes.juntadeandalucia.es\/ceipgabrielcara\/wp-json\/wp\/v2\/media?parent=5345"}],"curies":[{"name":"wp","href":"https:\/\/api.w.org\/{rel}","templated":true}]}}

Bonificación/Gratuidad

<div><span style="color: #0000ff"><strong>&nbsp;</strong></span></div>
<div><span style="color: #0000ff"><strong>BONIFICACIÓN/GRATUIDAD</strong></span></div>
<div style="text-align: justify">&nbsp;</div>
<div style="text-align: justify">Las familias del <strong>alumnado que haya sido admitido en cualquiera de los tres servicios ofertados (Aula Matinal, Comedor Escolar o Actividades Extraescolares)</strong> podrán solicitar la Bonificación/Gratuidad.</div>
<p style="text-align: justify">El plazo para realizar dicha solicitud será del <strong>1 al 8 de septiembre de 2025.</strong></p>
<div style="text-align: justify">&nbsp;</div>
<div style="text-align: justify">En caso de que quieran presentar el impreso <strong>de manera presencial</strong>, pueden hacerlo en la secretaría del colegio de <strong>9.30 a 13.30 horas.<br />
</strong></div>
<div style="text-align: justify">Para ello, pueden solicitar dicho impreso en el propio centro o descargarlo en el siguiente enlace:</div>
<div style="text-align: justify"><a href="https://blogsaverroes.juntadeandalucia.es/ceipgabrielcara/files/2021/10/desc-pdf.jpg"><img loading="lazy" decoding="async" class="alignleft wp-image-5396 size-thumbnail" src="https://blogsaverroes.juntadeandalucia.es/ceipgabrielcara/files/2021/10/desc-pdf-150x150.jpg" alt="" width="150" height="150" srcset="https://blogsaverroes.juntadeandalucia.es/ceipgabrielcara/files/2021/10/desc-pdf-150x150.jpg 150w, https://blogsaverroes.juntadeandalucia.es/ceipgabrielcara/files/2021/10/desc-pdf-300x300.jpg 300w, https://blogsaverroes.juntadeandalucia.es/ceipgabrielcara/files/2021/10/desc-pdf.jpg 450w" sizes="(max-width: 150px) 100vw, 150px" /></a></div>
<div>&nbsp;</div>
<div>&nbsp;</div>
<p>*<a href="https://blogsaverroes.juntadeandalucia.es/ceipgabrielcara/files/2024/05/SOLICITUD-BONIFICACION.pdf">Solicitud Bonificación</a></p>
<div>&nbsp;</div>
<div>&nbsp;</div>
<div>&nbsp;</div>
<div style="text-align: justify">También pueden realizar este trámite a través de la <strong>Secretaría Virtual de la Consejería de Desarrollo Educativo y Formación Profesional de manera telemática </strong> a partir del 1 de septiembre:</div>
<div style="text-align: justify"><a href="https://www.juntadeandalucia.es/educacion/secretariavirtual/solicitudes/">https://www.juntadeandalucia.es/educacion/secretariavirtual/solicitudes/</a></div>

<p>&nbsp; BONIFICACIÓN/GRATUIDAD &nbsp; Las familias del alumnado que haya sido admitido en cualquiera de los tres servicios ofertados (Aula Matinal, Comedor Escolar o Actividades Extraescolares) podrán solicitar la Bonificación/Gratuidad. El plazo para realizar dicha&#46;&#46;&#46;</p>
