{"id":5659,"date":"2023-01-11T22:35:28","date_gmt":"2023-01-11T21:35:28","guid":{"rendered":"https:\/\/blogsaverroes.juntadeandalucia.es\/ceipgabrielcara\/?page_id=5659"},"modified":"2023-01-12T00:01:03","modified_gmt":"2023-01-11T23:01:03","slug":"proa-transformate","status":"publish","type":"page","link":"https:\/\/blogsaverroes.juntadeandalucia.es\/ceipgabrielcara\/proa-transformate\/","title":{"rendered":"PROA + Transf\u00f3rmate"},"content":{"rendered":"<h2><span style=\"color: #339966\">PROA + \u00abTransf\u00f3rmate\u00bb<\/span><\/h2>\n<h3 style=\"text-align: justify\">El Programa para la orientaci\u00f3n, avance y enriquecimiento educativo Proa+ \u201cTransf\u00f3rmate\u201d que se plantea con car\u00e1cter plurianual, 2021-2024, se presenta como mecanismo de ayuda financiera, fortalecimiento institucional y formativo a los centros, para apoyar y reforzar sus actuaciones durante el per\u00edodo 2021-2024. Dicho Programa, aprobado por Acuerdo de Consejo de Ministros de 13 de julio de 2021, tiene como objetivo mejorar los \u00edndices de \u00e9xito escolar y garantizar la permanencia del alumnado en aquellos centros p\u00fablicos de Educaci\u00f3n Primaria y Educaci\u00f3n Secundaria en los que se concentre un porcentaje elevado de j\u00f3venes en clara situaci\u00f3n de vulnerabilidad socioeducativa.<\/h3>\n<p>&nbsp;<\/p>\n<h2><span style=\"color: #339966\">Actividades palanca desarrolladas en nuestro centro (tipo B):<\/span><\/h2>\n<ul>\n<li>\n<h3><strong>Actividades de refuerzo para la mejora y \u00e9xito educativo para alumnado y familia.<\/strong><\/h3>\n<\/li>\n<li>\n<h3><strong>En mi cole cabemos todos y todas.<\/strong><\/h3>\n<\/li>\n<\/ul>\n<p>&nbsp;<\/p>\n<p>&nbsp;<\/p>\n<p><a href=\"https:\/\/blogsaverroes.juntadeandalucia.es\/ceipgabrielcara\/files\/2023\/01\/ECCT-Recreos2.png\"><img loading=\"lazy\" decoding=\"async\" class=\"aligncenter wp-image-5672 size-large\" src=\"https:\/\/blogsaverroes.juntadeandalucia.es\/ceipgabrielcara\/files\/2023\/01\/ECCT-Recreos2-1024x576.png\" alt=\"\" width=\"782\" height=\"440\" srcset=\"https:\/\/blogsaverroes.juntadeandalucia.es\/ceipgabrielcara\/files\/2023\/01\/ECCT-Recreos2-1024x576.png 1024w, https:\/\/blogsaverroes.juntadeandalucia.es\/ceipgabrielcara\/files\/2023\/01\/ECCT-Recreos2-300x169.png 300w, https:\/\/blogsaverroes.juntadeandalucia.es\/ceipgabrielcara\/files\/2023\/01\/ECCT-Recreos2-768x432.png 768w, https:\/\/blogsaverroes.juntadeandalucia.es\/ceipgabrielcara\/files\/2023\/01\/ECCT-Recreos2-1536x864.png 1536w, https:\/\/blogsaverroes.juntadeandalucia.es\/ceipgabrielcara\/files\/2023\/01\/ECCT-Recreos2.png 1600w\" sizes=\"(max-width: 782px) 100vw, 782px\" \/><\/a><\/p>\n<p>&nbsp;<\/p>\n<p>&nbsp;<\/p>\n<table style=\"width: 100.089%;border-collapse: collapse;border-style: none;height: 244px\">\n<tbody>\n<tr>\n<td style=\"width: 33.3036%;text-align: center\">\n<h2><a href=\"https:\/\/blogsaverroes.juntadeandalucia.es\/ceipgabrielcara\/files\/2023\/01\/LOGO-Junta-2.jpg\"><img loading=\"lazy\" decoding=\"async\" class=\"wp-image-5670 aligncenter\" src=\"https:\/\/blogsaverroes.juntadeandalucia.es\/ceipgabrielcara\/files\/2023\/01\/LOGO-Junta-2.jpg\" alt=\"\" width=\"149\" height=\"101\"><\/a><\/h2>\n<\/td>\n<td style=\"width: 33.3036%;text-align: center\"><img loading=\"lazy\" decoding=\"async\" class=\"wp-image-5663 aligncenter\" src=\"https:\/\/blogsaverroes.juntadeandalucia.es\/ceipgabrielcara\/files\/2023\/01\/Proa-2-defi-300x91.png\" alt=\"\" width=\"201\" height=\"61\" srcset=\"https:\/\/blogsaverroes.juntadeandalucia.es\/ceipgabrielcara\/files\/2023\/01\/Proa-2-defi-300x91.png 300w, https:\/\/blogsaverroes.juntadeandalucia.es\/ceipgabrielcara\/files\/2023\/01\/Proa-2-defi-1024x310.png 1024w, https:\/\/blogsaverroes.juntadeandalucia.es\/ceipgabrielcara\/files\/2023\/01\/Proa-2-defi-768x233.png 768w, https:\/\/blogsaverroes.juntadeandalucia.es\/ceipgabrielcara\/files\/2023\/01\/Proa-2-defi-1536x465.png 1536w, https:\/\/blogsaverroes.juntadeandalucia.es\/ceipgabrielcara\/files\/2023\/01\/Proa-2-defi.png 1600w\" sizes=\"(max-width: 201px) 100vw, 201px\" \/><\/td>\n<td style=\"width: 33.3036%;text-align: center\"><a href=\"https:\/\/blogsaverroes.juntadeandalucia.es\/ceipgabrielcara\/files\/2023\/01\/MEFP.Gob_-scaled.jpg\"><img loading=\"lazy\" decoding=\"async\" class=\"aligncenter wp-image-5666\" src=\"https:\/\/blogsaverroes.juntadeandalucia.es\/ceipgabrielcara\/files\/2023\/01\/MEFP.Gob_-300x80.jpg\" alt=\"\" width=\"203\" height=\"54\" srcset=\"https:\/\/blogsaverroes.juntadeandalucia.es\/ceipgabrielcara\/files\/2023\/01\/MEFP.Gob_-300x80.jpg 300w, https:\/\/blogsaverroes.juntadeandalucia.es\/ceipgabrielcara\/files\/2023\/01\/MEFP.Gob_-1024x274.jpg 1024w, https:\/\/blogsaverroes.juntadeandalucia.es\/ceipgabrielcara\/files\/2023\/01\/MEFP.Gob_-768x205.jpg 768w, https:\/\/blogsaverroes.juntadeandalucia.es\/ceipgabrielcara\/files\/2023\/01\/MEFP.Gob_-1536x410.jpg 1536w, https:\/\/blogsaverroes.juntadeandalucia.es\/ceipgabrielcara\/files\/2023\/01\/MEFP.Gob_-2048x547.jpg 2048w, https:\/\/blogsaverroes.juntadeandalucia.es\/ceipgabrielcara\/files\/2023\/01\/MEFP.Gob_-scaled.jpg 1600w\" sizes=\"(max-width: 203px) 100vw, 203px\" \/><\/a><\/td>\n<\/tr>\n<tr>\n<td style=\"width: 33.3036%;text-align: center\"><a href=\"https:\/\/blogsaverroes.juntadeandalucia.es\/ceipgabrielcara\/files\/2023\/01\/Logo-PRTR-vertical_COLOR.jpg\"><img loading=\"lazy\" decoding=\"async\" class=\"aligncenter wp-image-5667\" src=\"https:\/\/blogsaverroes.juntadeandalucia.es\/ceipgabrielcara\/files\/2023\/01\/Logo-PRTR-vertical_COLOR-300x169.jpg\" alt=\"\" width=\"155\" height=\"87\" srcset=\"https:\/\/blogsaverroes.juntadeandalucia.es\/ceipgabrielcara\/files\/2023\/01\/Logo-PRTR-vertical_COLOR-300x169.jpg 300w, https:\/\/blogsaverroes.juntadeandalucia.es\/ceipgabrielcara\/files\/2023\/01\/Logo-PRTR-vertical_COLOR-1024x576.jpg 1024w, https:\/\/blogsaverroes.juntadeandalucia.es\/ceipgabrielcara\/files\/2023\/01\/Logo-PRTR-vertical_COLOR-768x432.jpg 768w, https:\/\/blogsaverroes.juntadeandalucia.es\/ceipgabrielcara\/files\/2023\/01\/Logo-PRTR-vertical_COLOR-1536x864.jpg 1536w, https:\/\/blogsaverroes.juntadeandalucia.es\/ceipgabrielcara\/files\/2023\/01\/Logo-PRTR-vertical_COLOR.jpg 1600w\" sizes=\"(max-width: 155px) 100vw, 155px\" \/><\/a><\/td>\n<td style=\"width: 33.3036%;text-align: center\">&nbsp;<\/td>\n<td style=\"width: 33.3036%;text-align: center\"><a href=\"https:\/\/blogsaverroes.juntadeandalucia.es\/ceipgabrielcara\/files\/2023\/01\/ES-Financiado-por-la-Uni\u00f3n-Europea_POS-scaled.jpg\"><img loading=\"lazy\" decoding=\"async\" class=\"aligncenter wp-image-5668\" src=\"https:\/\/blogsaverroes.juntadeandalucia.es\/ceipgabrielcara\/files\/2023\/01\/ES-Financiado-por-la-Uni\u00f3n-Europea_POS-300x88.jpg\" alt=\"\" width=\"198\" height=\"58\" srcset=\"https:\/\/blogsaverroes.juntadeandalucia.es\/ceipgabrielcara\/files\/2023\/01\/ES-Financiado-por-la-Uni\u00f3n-Europea_POS-300x88.jpg 300w, https:\/\/blogsaverroes.juntadeandalucia.es\/ceipgabrielcara\/files\/2023\/01\/ES-Financiado-por-la-Uni\u00f3n-Europea_POS-1024x301.jpg 1024w, https:\/\/blogsaverroes.juntadeandalucia.es\/ceipgabrielcara\/files\/2023\/01\/ES-Financiado-por-la-Uni\u00f3n-Europea_POS-768x225.jpg 768w, https:\/\/blogsaverroes.juntadeandalucia.es\/ceipgabrielcara\/files\/2023\/01\/ES-Financiado-por-la-Uni\u00f3n-Europea_POS-1536x451.jpg 1536w, https:\/\/blogsaverroes.juntadeandalucia.es\/ceipgabrielcara\/files\/2023\/01\/ES-Financiado-por-la-Uni\u00f3n-Europea_POS-2048x601.jpg 2048w, https:\/\/blogsaverroes.juntadeandalucia.es\/ceipgabrielcara\/files\/2023\/01\/ES-Financiado-por-la-Uni\u00f3n-Europea_POS-scaled.jpg 1600w\" sizes=\"(max-width: 198px) 100vw, 198px\" \/><\/a><\/td>\n<\/tr>\n<\/tbody>\n<\/table>\n<h2>&nbsp;<\/h2>\n","protected":false},"excerpt":{"rendered":"<p>PROA + \u00abTransf\u00f3rmate\u00bb El Programa para la orientaci\u00f3n, avance y enriquecimiento educativo Proa+ \u201cTransf\u00f3rmate\u201d que se plantea con car\u00e1cter plurianual, 2021-2024, se presenta como mecanismo de ayuda financiera, fortalecimiento institucional y formativo a los&#46;&#46;&#46;<\/p>\n","protected":false},"author":1904,"featured_media":0,"parent":0,"menu_order":0,"comment_status":"closed","ping_status":"closed","template":"","meta":{"ngg_post_thumbnail":0,"footnotes":""},"aioseo_notices":[],"_links":{"self":[{"href":"https:\/\/blogsaverroes.juntadeandalucia.es\/ceipgabrielcara\/wp-json\/wp\/v2\/pages\/5659"}],"collection":[{"href":"https:\/\/blogsaverroes.juntadeandalucia.es\/ceipgabrielcara\/wp-json\/wp\/v2\/pages"}],"about":[{"href":"https:\/\/blogsaverroes.juntadeandalucia.es\/ceipgabrielcara\/wp-json\/wp\/v2\/types\/page"}],"author":[{"embeddable":true,"href":"https:\/\/blogsaverroes.juntadeandalucia.es\/ceipgabrielcara\/wp-json\/wp\/v2\/users\/1904"}],"replies":[{"embeddable":true,"href":"https:\/\/blogsaverroes.juntadeandalucia.es\/ceipgabrielcara\/wp-json\/wp\/v2\/comments?post=5659"}],"version-history":[{"count":5,"href":"https:\/\/blogsaverroes.juntadeandalucia.es\/ceipgabrielcara\/wp-json\/wp\/v2\/pages\/5659\/revisions"}],"predecessor-version":[{"id":5674,"href":"https:\/\/blogsaverroes.juntadeandalucia.es\/ceipgabrielcara\/wp-json\/wp\/v2\/pages\/5659\/revisions\/5674"}],"wp:attachment":[{"href":"https:\/\/blogsaverroes.juntadeandalucia.es\/ceipgabrielcara\/wp-json\/wp\/v2\/media?parent=5659"}],"curies":[{"name":"wp","href":"https:\/\/api.w.org\/{rel}","templated":true}]}}

PROA + Transfórmate

<h2><span style="color: #339966">PROA + «Transfórmate»</span></h2>
<h3 style="text-align: justify">El Programa para la orientación, avance y enriquecimiento educativo Proa+ “Transfórmate” que se plantea con carácter plurianual, 2021-2024, se presenta como mecanismo de ayuda financiera, fortalecimiento institucional y formativo a los centros, para apoyar y reforzar sus actuaciones durante el período 2021-2024. Dicho Programa, aprobado por Acuerdo de Consejo de Ministros de 13 de julio de 2021, tiene como objetivo mejorar los índices de éxito escolar y garantizar la permanencia del alumnado en aquellos centros públicos de Educación Primaria y Educación Secundaria en los que se concentre un porcentaje elevado de jóvenes en clara situación de vulnerabilidad socioeducativa.</h3>
<p>&nbsp;</p>
<h2><span style="color: #339966">Actividades palanca desarrolladas en nuestro centro (tipo B):</span></h2>
<ul>
<li>
<h3><strong>Actividades de refuerzo para la mejora y éxito educativo para alumnado y familia.</strong></h3>
</li>
<li>
<h3><strong>En mi cole cabemos todos y todas.</strong></h3>
</li>
</ul>
<p>&nbsp;</p>
<p>&nbsp;</p>
<p><a href="https://blogsaverroes.juntadeandalucia.es/ceipgabrielcara/files/2023/01/ECCT-Recreos2.png"><img loading="lazy" decoding="async" class="aligncenter wp-image-5672 size-large" src="https://blogsaverroes.juntadeandalucia.es/ceipgabrielcara/files/2023/01/ECCT-Recreos2-1024x576.png" alt="" width="782" height="440" srcset="https://blogsaverroes.juntadeandalucia.es/ceipgabrielcara/files/2023/01/ECCT-Recreos2-1024x576.png 1024w, https://blogsaverroes.juntadeandalucia.es/ceipgabrielcara/files/2023/01/ECCT-Recreos2-300x169.png 300w, https://blogsaverroes.juntadeandalucia.es/ceipgabrielcara/files/2023/01/ECCT-Recreos2-768x432.png 768w, https://blogsaverroes.juntadeandalucia.es/ceipgabrielcara/files/2023/01/ECCT-Recreos2-1536x864.png 1536w, https://blogsaverroes.juntadeandalucia.es/ceipgabrielcara/files/2023/01/ECCT-Recreos2.png 1600w" sizes="(max-width: 782px) 100vw, 782px" /></a></p>
<p>&nbsp;</p>
<p>&nbsp;</p>
<table style="width: 100.089%;border-collapse: collapse;border-style: none;height: 244px">
<tbody>
<tr>
<td style="width: 33.3036%;text-align: center">
<h2><a href="https://blogsaverroes.juntadeandalucia.es/ceipgabrielcara/files/2023/01/LOGO-Junta-2.jpg"><img loading="lazy" decoding="async" class="wp-image-5670 aligncenter" src="https://blogsaverroes.juntadeandalucia.es/ceipgabrielcara/files/2023/01/LOGO-Junta-2.jpg" alt="" width="149" height="101"></a></h2>
</td>
<td style="width: 33.3036%;text-align: center"><img loading="lazy" decoding="async" class="wp-image-5663 aligncenter" src="https://blogsaverroes.juntadeandalucia.es/ceipgabrielcara/files/2023/01/Proa-2-defi-300x91.png" alt="" width="201" height="61" srcset="https://blogsaverroes.juntadeandalucia.es/ceipgabrielcara/files/2023/01/Proa-2-defi-300x91.png 300w, https://blogsaverroes.juntadeandalucia.es/ceipgabrielcara/files/2023/01/Proa-2-defi-1024x310.png 1024w, https://blogsaverroes.juntadeandalucia.es/ceipgabrielcara/files/2023/01/Proa-2-defi-768x233.png 768w, https://blogsaverroes.juntadeandalucia.es/ceipgabrielcara/files/2023/01/Proa-2-defi-1536x465.png 1536w, https://blogsaverroes.juntadeandalucia.es/ceipgabrielcara/files/2023/01/Proa-2-defi.png 1600w" sizes="(max-width: 201px) 100vw, 201px" /></td>
<td style="width: 33.3036%;text-align: center"><a href="https://blogsaverroes.juntadeandalucia.es/ceipgabrielcara/files/2023/01/MEFP.Gob_-scaled.jpg"><img loading="lazy" decoding="async" class="aligncenter wp-image-5666" src="https://blogsaverroes.juntadeandalucia.es/ceipgabrielcara/files/2023/01/MEFP.Gob_-300x80.jpg" alt="" width="203" height="54" srcset="https://blogsaverroes.juntadeandalucia.es/ceipgabrielcara/files/2023/01/MEFP.Gob_-300x80.jpg 300w, https://blogsaverroes.juntadeandalucia.es/ceipgabrielcara/files/2023/01/MEFP.Gob_-1024x274.jpg 1024w, https://blogsaverroes.juntadeandalucia.es/ceipgabrielcara/files/2023/01/MEFP.Gob_-768x205.jpg 768w, https://blogsaverroes.juntadeandalucia.es/ceipgabrielcara/files/2023/01/MEFP.Gob_-1536x410.jpg 1536w, https://blogsaverroes.juntadeandalucia.es/ceipgabrielcara/files/2023/01/MEFP.Gob_-2048x547.jpg 2048w, https://blogsaverroes.juntadeandalucia.es/ceipgabrielcara/files/2023/01/MEFP.Gob_-scaled.jpg 1600w" sizes="(max-width: 203px) 100vw, 203px" /></a></td>
</tr>
<tr>
<td style="width: 33.3036%;text-align: center"><a href="https://blogsaverroes.juntadeandalucia.es/ceipgabrielcara/files/2023/01/Logo-PRTR-vertical_COLOR.jpg"><img loading="lazy" decoding="async" class="aligncenter wp-image-5667" src="https://blogsaverroes.juntadeandalucia.es/ceipgabrielcara/files/2023/01/Logo-PRTR-vertical_COLOR-300x169.jpg" alt="" width="155" height="87" srcset="https://blogsaverroes.juntadeandalucia.es/ceipgabrielcara/files/2023/01/Logo-PRTR-vertical_COLOR-300x169.jpg 300w, https://blogsaverroes.juntadeandalucia.es/ceipgabrielcara/files/2023/01/Logo-PRTR-vertical_COLOR-1024x576.jpg 1024w, https://blogsaverroes.juntadeandalucia.es/ceipgabrielcara/files/2023/01/Logo-PRTR-vertical_COLOR-768x432.jpg 768w, https://blogsaverroes.juntadeandalucia.es/ceipgabrielcara/files/2023/01/Logo-PRTR-vertical_COLOR-1536x864.jpg 1536w, https://blogsaverroes.juntadeandalucia.es/ceipgabrielcara/files/2023/01/Logo-PRTR-vertical_COLOR.jpg 1600w" sizes="(max-width: 155px) 100vw, 155px" /></a></td>
<td style="width: 33.3036%;text-align: center">&nbsp;</td>
<td style="width: 33.3036%;text-align: center"><a href="https://blogsaverroes.juntadeandalucia.es/ceipgabrielcara/files/2023/01/ES-Financiado-por-la-Unión-Europea_POS-scaled.jpg"><img loading="lazy" decoding="async" class="aligncenter wp-image-5668" src="https://blogsaverroes.juntadeandalucia.es/ceipgabrielcara/files/2023/01/ES-Financiado-por-la-Unión-Europea_POS-300x88.jpg" alt="" width="198" height="58" srcset="https://blogsaverroes.juntadeandalucia.es/ceipgabrielcara/files/2023/01/ES-Financiado-por-la-Unión-Europea_POS-300x88.jpg 300w, https://blogsaverroes.juntadeandalucia.es/ceipgabrielcara/files/2023/01/ES-Financiado-por-la-Unión-Europea_POS-1024x301.jpg 1024w, https://blogsaverroes.juntadeandalucia.es/ceipgabrielcara/files/2023/01/ES-Financiado-por-la-Unión-Europea_POS-768x225.jpg 768w, https://blogsaverroes.juntadeandalucia.es/ceipgabrielcara/files/2023/01/ES-Financiado-por-la-Unión-Europea_POS-1536x451.jpg 1536w, https://blogsaverroes.juntadeandalucia.es/ceipgabrielcara/files/2023/01/ES-Financiado-por-la-Unión-Europea_POS-2048x601.jpg 2048w, https://blogsaverroes.juntadeandalucia.es/ceipgabrielcara/files/2023/01/ES-Financiado-por-la-Unión-Europea_POS-scaled.jpg 1600w" sizes="(max-width: 198px) 100vw, 198px" /></a></td>
</tr>
</tbody>
</table>
<h2>&nbsp;</h2>

<p>PROA + «Transfórmate» El Programa para la orientación, avance y enriquecimiento educativo Proa+ “Transfórmate” que se plantea con carácter plurianual, 2021-2024, se presenta como mecanismo de ayuda financiera, fortalecimiento institucional y formativo a los&#46;&#46;&#46;</p>
