{"id":35,"date":"2015-03-13T08:21:43","date_gmt":"2015-03-13T08:21:43","guid":{"rendered":"http:\/\/blogsaverroes.juntadeandalucia.es\/pre\/ceip\/?page_id=35"},"modified":"2024-11-30T18:06:51","modified_gmt":"2024-11-30T18:06:51","slug":"datos-del-centro","status":"publish","type":"page","link":"https:\/\/blogsaverroes.juntadeandalucia.es\/ceipgaldames\/datos-del-centro\/","title":{"rendered":"Datos del centro"},"content":{"rendered":"<h4>Datos de contacto<\/h4>\n<p>Ceip Galdames<\/p>\n<p><strong>Ubicaci\u00f3n<\/strong>: <a href=\"https:\/\/www.google.com\/maps\/place\/C.E.I.P.+Galdames\/@37.223633,-7.4048817,15z\/data=!4m5!3m4!1s0x0:0x63e07ba781dadba5!8m2!3d37.2236326!4d-7.4048812\">https:\/\/www.google.com\/maps\/place\/C.E.I.P.+Galdames\/@37.223633,-7.4048817,15z\/data=!4m5!3m4!1s0x0:0x63e07ba781dadba5!8m2!3d37.2236326!4d-7.4048812<\/a><\/p>\n<p><strong>Direcci\u00f3n:<\/strong> &nbsp;Calle Galdames, n\u00ba 102 bis, Ayamonte (Huelva)<\/p>\n<p><strong>Tel\u00e9fono \/ FAX: <\/strong><span class=\"mw31Ze\" aria-label=\"Llamar al n\u00famero de tel\u00e9fono 959 34 96 25\">959 34 96 25<\/span><br \/>\n<strong>Email:&nbsp;<\/strong>21000516.edu@juntadeandalucia.es<\/p>\n<h4><strong>Horarios<\/strong><\/h4>\n<p>El horario de apertura del centro es de lunes a viernes de 9.00 a 14.00 horas (lectivo).<\/p>\n<p>El horario de tutor\u00edas a las familias ser\u00e1 los <strong>lunes&nbsp;<\/strong>de 16.00 a 17.00 horas.<\/p>\n<h4><strong>Oferta educativa<\/strong><\/h4>\n<p>Servicio de comedor: 14.00 &#8211; 16.00 horas.<\/p>\n<p>Actividades extraescolares:&nbsp;<\/p>\n<ul>\n<li>Lunes y mi\u00e9rcoles (Refuerzo de ingl\u00e9s): 16.00 &#8211; 17.00 horas.<\/li>\n<li>Martes y jueves (Taller de expresi\u00f3n corporal, musical y art\u00edstica): 16.00- 17.00<\/li>\n<\/ul>\n<h4>Instalaciones<\/h4>\n<p>El centro est\u00e1 constituido por un solo edificio en el que se encuentran las aulas de Educaci\u00f3n Infantil y Educaci\u00f3n Primaria. Adem\u00e1s, contamos con un comedor, gimnasio, aula de m\u00fasica, aula de Audici\u00f3n y Lenguaje, aula de Pedagog\u00eda Terap\u00e9utica, Biblioteca, aula de Compensaci\u00f3n Educativa y un aula adaptada a las nuevas tecnolog\u00edas.&nbsp;<\/p>\n<p>En la parte externa, tenemos dos patios diferenciados y uno de uso exclusivo de educaci\u00f3n Infantil llamado \u00abPatio Arcoiris\u00bb.<\/p>\n","protected":false},"excerpt":{"rendered":"<p>Datos de contacto Ceip Galdames Ubicaci\u00f3n: https:\/\/www.google.com\/maps\/place\/C.E.I.P.+Galdames\/@37.223633,-7.4048817,15z\/data=!4m5!3m4!1s0x0:0x63e07ba781dadba5!8m2!3d37.2236326!4d-7.4048812 Direcci\u00f3n: &nbsp;Calle Galdames, n\u00ba 102 bis, Ayamonte (Huelva) Tel\u00e9fono \/ FAX: 959 34 96 25 Email:&nbsp;21000516.edu@juntadeandalucia.es Horarios El&hellip;<\/p>\n","protected":false},"author":1,"featured_media":0,"parent":0,"menu_order":0,"comment_status":"closed","ping_status":"open","template":"","meta":{"ngg_post_thumbnail":0,"footnotes":"","_mc_calendar":[]},"aioseo_notices":[],"_links":{"self":[{"href":"https:\/\/blogsaverroes.juntadeandalucia.es\/ceipgaldames\/wp-json\/wp\/v2\/pages\/35"}],"collection":[{"href":"https:\/\/blogsaverroes.juntadeandalucia.es\/ceipgaldames\/wp-json\/wp\/v2\/pages"}],"about":[{"href":"https:\/\/blogsaverroes.juntadeandalucia.es\/ceipgaldames\/wp-json\/wp\/v2\/types\/page"}],"author":[{"embeddable":true,"href":"https:\/\/blogsaverroes.juntadeandalucia.es\/ceipgaldames\/wp-json\/wp\/v2\/users\/1"}],"replies":[{"embeddable":true,"href":"https:\/\/blogsaverroes.juntadeandalucia.es\/ceipgaldames\/wp-json\/wp\/v2\/comments?post=35"}],"version-history":[{"count":27,"href":"https:\/\/blogsaverroes.juntadeandalucia.es\/ceipgaldames\/wp-json\/wp\/v2\/pages\/35\/revisions"}],"predecessor-version":[{"id":2277,"href":"https:\/\/blogsaverroes.juntadeandalucia.es\/ceipgaldames\/wp-json\/wp\/v2\/pages\/35\/revisions\/2277"}],"wp:attachment":[{"href":"https:\/\/blogsaverroes.juntadeandalucia.es\/ceipgaldames\/wp-json\/wp\/v2\/media?parent=35"}],"curies":[{"name":"wp","href":"https:\/\/api.w.org\/{rel}","templated":true}]}}