{"id":432,"date":"2015-03-20T07:07:25","date_gmt":"2015-03-20T07:07:25","guid":{"rendered":"http:\/\/blogsaverroes.juntadeandalucia.es\/pre\/ceip\/?page_id=432"},"modified":"2025-11-07T11:19:03","modified_gmt":"2025-11-07T11:19:03","slug":"ed-primaria-2o-ciclo","status":"publish","type":"page","link":"https:\/\/blogsaverroes.juntadeandalucia.es\/ceipgarciadeleaniz\/ed-primaria-2o-ciclo\/","title":{"rendered":"ED. PRIMARIA 3\u00ba"},"content":{"rendered":"<p><img loading=\"lazy\" decoding=\"async\" class=\" wp-image-1616 aligncenter\" src=\"http:\/\/blogsaverroes.juntadeandalucia.es\/temahueman\/files\/2015\/03\/educacion2-300x255.jpg\" alt=\"educacion2\" width=\"241\" height=\"205\" srcset=\"https:\/\/blogsaverroes.juntadeandalucia.es\/ceipgarciadeleaniz\/files\/2015\/03\/educacion2-300x255.jpg 300w, https:\/\/blogsaverroes.juntadeandalucia.es\/ceipgarciadeleaniz\/files\/2015\/03\/educacion2.jpg 640w\" sizes=\"(max-width: 241px) 100vw, 241px\" \/><\/p>\n<h3 style=\"text-align: center\">&nbsp;<\/h3>\n<h1 style=\"text-align: justify\"><strong><span style=\"color: #ff0000\">3\u00ba A<\/span><\/strong><\/h1>\n<h6><strong>TUTORA: LUZ MARINA HIGALGO CABA\u00d1AS<\/strong><\/h6>\n<p>Correo electr\u00f3nico: <a href=\"mailto:lhidcab071@g.educaand.es\">lhidcab071@g.educaand.es<\/a><\/p>\n<p>&nbsp;<\/p>\n<h1 style=\"text-align: justify\"><span style=\"color: #ff0000\"><strong>3\u00ba B<\/strong><\/span><\/h1>\n<h6><strong>TUTORA: M\u00aa ROSARIO ROMERA AGRAZ<\/strong><\/h6>\n<p>Correo electr\u00f3nico: <a href=\"mailto:mromagr306@g.educaand.es\">mromagr306@g.educaand.es<\/a><\/p>\n<p><a href=\"https:\/\/classroom.google.com\/u\/0\/h?hl=es\"><img loading=\"lazy\" decoding=\"async\" class=\"size-medium wp-image-3791 aligncenter\" src=\"https:\/\/blogsaverroes.juntadeandalucia.es\/ceipgarciadeleaniz\/files\/2020\/09\/descarga-300x164.jpg\" alt=\"\" width=\"300\" height=\"164\" srcset=\"https:\/\/blogsaverroes.juntadeandalucia.es\/ceipgarciadeleaniz\/files\/2020\/09\/descarga-300x164.jpg 300w, https:\/\/blogsaverroes.juntadeandalucia.es\/ceipgarciadeleaniz\/files\/2020\/09\/descarga-24x13.jpg 24w, https:\/\/blogsaverroes.juntadeandalucia.es\/ceipgarciadeleaniz\/files\/2020\/09\/descarga-36x20.jpg 36w, https:\/\/blogsaverroes.juntadeandalucia.es\/ceipgarciadeleaniz\/files\/2020\/09\/descarga-48x26.jpg 48w, https:\/\/blogsaverroes.juntadeandalucia.es\/ceipgarciadeleaniz\/files\/2020\/09\/descarga.jpg 304w\" sizes=\"(max-width: 300px) 100vw, 300px\" \/><\/a><\/p>\n<h3 style=\"text-align: center\">Pincha aqu\u00ed para acceder a recursos de las asignaturas:<\/h3>\n<h1 style=\"text-align: center\"><a href=\"https:\/\/blogsaverroes.juntadeandalucia.es\/ceipgarciadeleaniz\/category\/lengua\/\"><span style=\"color: #0000ff\">LENGUA<\/span><\/a><\/h1>\n<h2 style=\"text-align: center\"><a href=\"https:\/\/blogsaverroes.juntadeandalucia.es\/ceipgarciadeleaniz\/category\/matematicas\/\"><span style=\"color: #ff0000\">MATEM\u00c1TICAS<\/span><\/a><\/h2>\n<h2 style=\"text-align: center\"><a href=\"https:\/\/blogsaverroes.juntadeandalucia.es\/ceipgarciadeleaniz\/category\/conocimiento-del-medio\/\"><span style=\"color: #00ff00\">CONOCIMIENTO DEL MEDIO<\/span><\/a><\/h2>\n<h2 style=\"text-align: center\"><span style=\"color: #ffcc00\"><a style=\"color: #ffcc00\" href=\"https:\/\/blogsaverroes.juntadeandalucia.es\/ceipgarciadeleaniz\/category\/ingles-2\/\">INGL\u00c9S<\/a><\/span><\/h2>\n<h2 style=\"text-align: center\"><span style=\"color: #800080\"><a style=\"color: #800080\" href=\"https:\/\/blogsaverroes.juntadeandalucia.es\/ceipgarciadeleaniz\/category\/musica\/\">M\u00daSICA<\/a><\/span><\/h2>\n<h2 style=\"text-align: center\"><a href=\"https:\/\/blogsaverroes.juntadeandalucia.es\/ceipgarciadeleaniz\/category\/ed-fisica\/\"><span style=\"color: #000080\">EDUCACI\u00d3N F\u00cdSICA<\/span><\/a><\/h2>\n<h2 style=\"text-align: center\"><a href=\"https:\/\/blogsaverroes.juntadeandalucia.es\/ceipgarciadeleaniz\/category\/religion-2\/\"><span style=\"color: #00ffff\">RELIGI\u00d3N<\/span><\/a><\/h2>\n<h2 style=\"text-align: center\"><a href=\"https:\/\/blogsaverroes.juntadeandalucia.es\/ceipgarciadeleaniz\/category\/ed-plastica\/\"><span style=\"color: #ff00ff\">PL\u00c1STICA<\/span><\/a><\/h2>\n<p style=\"text-align: center\">&nbsp;<\/p>\n<p>&nbsp;<\/p>\n<h3>&nbsp;<\/h3>\n","protected":false},"excerpt":{"rendered":"<p>&nbsp; 3\u00ba A TUTORA: LUZ MARINA HIGALGO CABA\u00d1AS Correo electr\u00f3nico: lhidcab071@g.educaand.es &nbsp; 3\u00ba B TUTORA: M\u00aa ROSARIO ROMERA AGRAZ Correo electr\u00f3nico: mromagr306@g.educaand.es Pincha aqu\u00ed para acceder a recursos de las asignaturas: LENGUA MATEM\u00c1TICAS CONOCIMIENTO DEL MEDIO INGL\u00c9S M\u00daSICA EDUCACI\u00d3N F\u00cdSICA RELIGI\u00d3N PL\u00c1STICA &nbsp; &nbsp; &nbsp;<\/p>\n","protected":false},"author":1,"featured_media":0,"parent":0,"menu_order":0,"comment_status":"open","ping_status":"open","template":"","meta":{"ngg_post_thumbnail":0,"footnotes":"","_mc_calendar":[]},"aioseo_notices":[],"_links":{"self":[{"href":"https:\/\/blogsaverroes.juntadeandalucia.es\/ceipgarciadeleaniz\/wp-json\/wp\/v2\/pages\/432"}],"collection":[{"href":"https:\/\/blogsaverroes.juntadeandalucia.es\/ceipgarciadeleaniz\/wp-json\/wp\/v2\/pages"}],"about":[{"href":"https:\/\/blogsaverroes.juntadeandalucia.es\/ceipgarciadeleaniz\/wp-json\/wp\/v2\/types\/page"}],"author":[{"embeddable":true,"href":"https:\/\/blogsaverroes.juntadeandalucia.es\/ceipgarciadeleaniz\/wp-json\/wp\/v2\/users\/1"}],"replies":[{"embeddable":true,"href":"https:\/\/blogsaverroes.juntadeandalucia.es\/ceipgarciadeleaniz\/wp-json\/wp\/v2\/comments?post=432"}],"version-history":[{"count":31,"href":"https:\/\/blogsaverroes.juntadeandalucia.es\/ceipgarciadeleaniz\/wp-json\/wp\/v2\/pages\/432\/revisions"}],"predecessor-version":[{"id":5485,"href":"https:\/\/blogsaverroes.juntadeandalucia.es\/ceipgarciadeleaniz\/wp-json\/wp\/v2\/pages\/432\/revisions\/5485"}],"wp:attachment":[{"href":"https:\/\/blogsaverroes.juntadeandalucia.es\/ceipgarciadeleaniz\/wp-json\/wp\/v2\/media?parent=432"}],"curies":[{"name":"wp","href":"https:\/\/api.w.org\/{rel}","templated":true}]}}