{"id":2305,"date":"2020-03-10T11:13:28","date_gmt":"2020-03-10T11:13:28","guid":{"rendered":"https:\/\/blogsaverroes.juntadeandalucia.es\/ceipgenarorincon\/?page_id=2305"},"modified":"2021-10-26T10:18:05","modified_gmt":"2021-10-26T10:18:05","slug":"actividades-extraescolares-2","status":"publish","type":"page","link":"https:\/\/blogsaverroes.juntadeandalucia.es\/ceipgenarorincon\/actividades-extraescolares-2\/","title":{"rendered":"Actividades Extraescolares"},"content":{"rendered":"<p><span style=\"text-decoration: underline\"><strong>IMPORTANTE: DURANTE ESTE A\u00d1O NO SE HAN PROGRAMADO ACTIVIDADES&nbsp; EXTRAESCOLARES&nbsp;<\/strong><\/span><\/p>\n<p>Estamos a la espera de que los niveles de contagio bajen o que empiece la vacunaci\u00f3n de los&nbsp; menores de 12 a\u00f1os.&nbsp;<\/p>\n<p>A lo largo del curso podremos ofertar algunas actividades que se realicen al aire libre o en grupos de convivencia.&nbsp;<\/p>\n<p>Las actividades extraescolares tienen un car\u00e1cter voluntario para el alumnado y en ning\u00fan caso forman parte del proceso de evaluaci\u00f3n del alumnado. La atenci\u00f3n a este tipo de alumnado se realiza con personal que cuenta con la formaci\u00f3n y cualificaci\u00f3n adecuada a las actividades a desarrollar.<\/p>\n<p>Intentamos que sean actividades motivadoras para el alumnado y cada curso se dise\u00f1ar\u00e1 una nueva adecuada al inter\u00e9s de los ni\u00f1os y ni\u00f1as.<\/p>\n<p>&nbsp;<\/p>\n<p>&nbsp;<\/p>\n<p>&nbsp;<\/p>\n","protected":false},"excerpt":{"rendered":"<p>IMPORTANTE: DURANTE ESTE A\u00d1O NO SE HAN PROGRAMADO ACTIVIDADES&nbsp; EXTRAESCOLARES&nbsp; Estamos a la espera de que los niveles de contagio bajen o que empiece la vacunaci\u00f3n de los&nbsp; menores de 12 a\u00f1os.&nbsp; A lo&#46;&#46;&#46;<\/p>\n","protected":false},"author":2037,"featured_media":0,"parent":0,"menu_order":0,"comment_status":"closed","ping_status":"closed","template":"","meta":{"ngg_post_thumbnail":0,"footnotes":"","_mc_calendar":[]},"aioseo_notices":[],"_links":{"self":[{"href":"https:\/\/blogsaverroes.juntadeandalucia.es\/ceipgenarorincon\/wp-json\/wp\/v2\/pages\/2305"}],"collection":[{"href":"https:\/\/blogsaverroes.juntadeandalucia.es\/ceipgenarorincon\/wp-json\/wp\/v2\/pages"}],"about":[{"href":"https:\/\/blogsaverroes.juntadeandalucia.es\/ceipgenarorincon\/wp-json\/wp\/v2\/types\/page"}],"author":[{"embeddable":true,"href":"https:\/\/blogsaverroes.juntadeandalucia.es\/ceipgenarorincon\/wp-json\/wp\/v2\/users\/2037"}],"replies":[{"embeddable":true,"href":"https:\/\/blogsaverroes.juntadeandalucia.es\/ceipgenarorincon\/wp-json\/wp\/v2\/comments?post=2305"}],"version-history":[{"count":8,"href":"https:\/\/blogsaverroes.juntadeandalucia.es\/ceipgenarorincon\/wp-json\/wp\/v2\/pages\/2305\/revisions"}],"predecessor-version":[{"id":4831,"href":"https:\/\/blogsaverroes.juntadeandalucia.es\/ceipgenarorincon\/wp-json\/wp\/v2\/pages\/2305\/revisions\/4831"}],"wp:attachment":[{"href":"https:\/\/blogsaverroes.juntadeandalucia.es\/ceipgenarorincon\/wp-json\/wp\/v2\/media?parent=2305"}],"curies":[{"name":"wp","href":"https:\/\/api.w.org\/{rel}","templated":true}]}}

<p><span style="text-decoration: underline"><strong>IMPORTANTE: DURANTE ESTE AÑO NO SE HAN PROGRAMADO ACTIVIDADES&nbsp; EXTRAESCOLARES&nbsp;</strong></span></p>
<p>Estamos a la espera de que los niveles de contagio bajen o que empiece la vacunación de los&nbsp; menores de 12 años.&nbsp;</p>
<p>A lo largo del curso podremos ofertar algunas actividades que se realicen al aire libre o en grupos de convivencia.&nbsp;</p>
<p>Las actividades extraescolares tienen un carácter voluntario para el alumnado y en ningún caso forman parte del proceso de evaluación del alumnado. La atención a este tipo de alumnado se realiza con personal que cuenta con la formación y cualificación adecuada a las actividades a desarrollar.</p>
<p>Intentamos que sean actividades motivadoras para el alumnado y cada curso se diseñará una nueva adecuada al interés de los niños y niñas.</p>
<p>&nbsp;</p>
<p>&nbsp;</p>
<p>&nbsp;</p>

<p>IMPORTANTE: DURANTE ESTE AÑO NO SE HAN PROGRAMADO ACTIVIDADES&nbsp; EXTRAESCOLARES&nbsp; Estamos a la espera de que los niveles de contagio bajen o que empiece la vacunación de los&nbsp; menores de 12 años.&nbsp; A lo&#46;&#46;&#46;</p>
