{"id":2306,"date":"2020-03-10T11:13:28","date_gmt":"2020-03-10T11:13:28","guid":{"rendered":"https:\/\/blogsaverroes.juntadeandalucia.es\/ceipgenarorincon\/?page_id=2306"},"modified":"2025-01-20T14:41:16","modified_gmt":"2025-01-20T14:41:16","slug":"plan-de-acompanamiento","status":"publish","type":"page","link":"https:\/\/blogsaverroes.juntadeandalucia.es\/ceipgenarorincon\/plan-de-acompanamiento\/","title":{"rendered":"Plan de Acompa\u00f1amiento"},"content":{"rendered":"<p>La Consejer\u00eda de Educaci\u00f3n, con objeto de garantizar la igualdad de oportunidades, incrementar el<br \/>\n\u00e9xito escolar del alumnado y prevenir el absentismo y el abandono escolar temprano, promueve el desarrollo de<br \/>\ndiferentes actuaciones que ponen el foco en la adecuaci\u00f3n de la respuesta educativa al alumnado con necesidades<br \/>\nespec\u00edficas de apoyo educativo por precisar acciones de car\u00e1cter compensatorio (entre el que se incluye al alumnado con necesidades asociadas a motivos de salud) as\u00ed como en aquel alumnado que presenta dichas necesidades por incorporaci\u00f3n tard\u00eda al sistema educativo.<br \/>\nEntre estas actuaciones se encuentra el Programa de Refuerzo, Orientaci\u00f3n y Apoyo en los centros docentes p\u00fablicos dependientes de la Consejer\u00eda de Educaci\u00f3n de la Junta de Andaluc\u00eda (PROA Andaluc\u00eda) que supone la continuidad de las actuaciones que se ven\u00edan realizando en cursos anteriores amparadas por el marco normativo que se ha expuesto en los p\u00e1rrafos anteriores y por sucesivos convenios firmados con el Ministerio de Educaci\u00f3n para el desarrollo del Plan PROA (Plan de refuerzo, orientaci\u00f3n y apoyo).<\/p>\n<p>En nuestro centro el Plan PROA se imparte desde<strong> 3\u00ba de Primaria hasta 2\u00ba de la ESO<\/strong>, contando con grupos de atenci\u00f3n al alumnado de estas edades. Este plan se lleva a cabo por mentores y por profesores de nuestro colegio. Pueden apuntarse a trav\u00e9s de secretar\u00eda o por los tutores .<\/p>\n<p>El horario&nbsp; se realiza&nbsp; martes y mi\u00e9rcoles&nbsp; .<\/p>\n<p>&nbsp;<\/p>\n<p><a href=\"https:\/\/blogsaverroes.juntadeandalucia.es\/ceipgenarorincon\/files\/2020\/04\/Acompa\u00f1amiento-escolar.jpg\"><img loading=\"lazy\" decoding=\"async\" class=\"alignnone size-medium wp-image-2743\" src=\"https:\/\/blogsaverroes.juntadeandalucia.es\/ceipgenarorincon\/files\/2020\/04\/Acompa\u00f1amiento-escolar-300x225.jpg\" alt=\"\" width=\"300\" height=\"225\" srcset=\"https:\/\/blogsaverroes.juntadeandalucia.es\/ceipgenarorincon\/files\/2020\/04\/Acompa\u00f1amiento-escolar-300x225.jpg 300w, https:\/\/blogsaverroes.juntadeandalucia.es\/ceipgenarorincon\/files\/2020\/04\/Acompa\u00f1amiento-escolar-768x576.jpg 768w, https:\/\/blogsaverroes.juntadeandalucia.es\/ceipgenarorincon\/files\/2020\/04\/Acompa\u00f1amiento-escolar-24x18.jpg 24w, https:\/\/blogsaverroes.juntadeandalucia.es\/ceipgenarorincon\/files\/2020\/04\/Acompa\u00f1amiento-escolar-36x27.jpg 36w, https:\/\/blogsaverroes.juntadeandalucia.es\/ceipgenarorincon\/files\/2020\/04\/Acompa\u00f1amiento-escolar-48x36.jpg 48w, https:\/\/blogsaverroes.juntadeandalucia.es\/ceipgenarorincon\/files\/2020\/04\/Acompa\u00f1amiento-escolar.jpg 960w\" sizes=\"(max-width: 300px) 100vw, 300px\" \/><\/a><\/p>\n<p>Normativa:<\/p>\n<p>&nbsp;<\/p>\n<p><a href=\"https:\/\/www.adideandalucia.es\/normas\/instruc\/Instrucciones24septiembre2018PlanProa.pdf\" target=\"_blank\" rel=\"noopener noreferrer\">&nbsp; INSTRUCCIONES de 24 de septiembre de 2018<\/a>,&nbsp;<\/p>\n<p>&nbsp;<\/p>\n","protected":false},"excerpt":{"rendered":"<p>La Consejer\u00eda de Educaci\u00f3n, con objeto de garantizar la igualdad de oportunidades, incrementar el \u00e9xito escolar del alumnado y prevenir el absentismo y el abandono escolar temprano, promueve el desarrollo de diferentes actuaciones que&#46;&#46;&#46;<\/p>\n","protected":false},"author":2037,"featured_media":0,"parent":0,"menu_order":0,"comment_status":"closed","ping_status":"closed","template":"","meta":{"ngg_post_thumbnail":0,"footnotes":"","_mc_calendar":[]},"aioseo_notices":[],"_links":{"self":[{"href":"https:\/\/blogsaverroes.juntadeandalucia.es\/ceipgenarorincon\/wp-json\/wp\/v2\/pages\/2306"}],"collection":[{"href":"https:\/\/blogsaverroes.juntadeandalucia.es\/ceipgenarorincon\/wp-json\/wp\/v2\/pages"}],"about":[{"href":"https:\/\/blogsaverroes.juntadeandalucia.es\/ceipgenarorincon\/wp-json\/wp\/v2\/types\/page"}],"author":[{"embeddable":true,"href":"https:\/\/blogsaverroes.juntadeandalucia.es\/ceipgenarorincon\/wp-json\/wp\/v2\/users\/2037"}],"replies":[{"embeddable":true,"href":"https:\/\/blogsaverroes.juntadeandalucia.es\/ceipgenarorincon\/wp-json\/wp\/v2\/comments?post=2306"}],"version-history":[{"count":7,"href":"https:\/\/blogsaverroes.juntadeandalucia.es\/ceipgenarorincon\/wp-json\/wp\/v2\/pages\/2306\/revisions"}],"predecessor-version":[{"id":5783,"href":"https:\/\/blogsaverroes.juntadeandalucia.es\/ceipgenarorincon\/wp-json\/wp\/v2\/pages\/2306\/revisions\/5783"}],"wp:attachment":[{"href":"https:\/\/blogsaverroes.juntadeandalucia.es\/ceipgenarorincon\/wp-json\/wp\/v2\/media?parent=2306"}],"curies":[{"name":"wp","href":"https:\/\/api.w.org\/{rel}","templated":true}]}}

Plan de Acompañamiento

<p>La Consejería de Educación, con objeto de garantizar la igualdad de oportunidades, incrementar el<br />
éxito escolar del alumnado y prevenir el absentismo y el abandono escolar temprano, promueve el desarrollo de<br />
diferentes actuaciones que ponen el foco en la adecuación de la respuesta educativa al alumnado con necesidades<br />
específicas de apoyo educativo por precisar acciones de carácter compensatorio (entre el que se incluye al alumnado con necesidades asociadas a motivos de salud) así como en aquel alumnado que presenta dichas necesidades por incorporación tardía al sistema educativo.<br />
Entre estas actuaciones se encuentra el Programa de Refuerzo, Orientación y Apoyo en los centros docentes públicos dependientes de la Consejería de Educación de la Junta de Andalucía (PROA Andalucía) que supone la continuidad de las actuaciones que se venían realizando en cursos anteriores amparadas por el marco normativo que se ha expuesto en los párrafos anteriores y por sucesivos convenios firmados con el Ministerio de Educación para el desarrollo del Plan PROA (Plan de refuerzo, orientación y apoyo).</p>
<p>En nuestro centro el Plan PROA se imparte desde<strong> 3º de Primaria hasta 2º de la ESO</strong>, contando con grupos de atención al alumnado de estas edades. Este plan se lleva a cabo por mentores y por profesores de nuestro colegio. Pueden apuntarse a través de secretaría o por los tutores .</p>
<p>El horario&nbsp; se realiza&nbsp; martes y miércoles&nbsp; .</p>
<p>&nbsp;</p>
<p><a href="https://blogsaverroes.juntadeandalucia.es/ceipgenarorincon/files/2020/04/Acompañamiento-escolar.jpg"><img loading="lazy" decoding="async" class="alignnone size-medium wp-image-2743" src="https://blogsaverroes.juntadeandalucia.es/ceipgenarorincon/files/2020/04/Acompañamiento-escolar-300x225.jpg" alt="" width="300" height="225" srcset="https://blogsaverroes.juntadeandalucia.es/ceipgenarorincon/files/2020/04/Acompañamiento-escolar-300x225.jpg 300w, https://blogsaverroes.juntadeandalucia.es/ceipgenarorincon/files/2020/04/Acompañamiento-escolar-768x576.jpg 768w, https://blogsaverroes.juntadeandalucia.es/ceipgenarorincon/files/2020/04/Acompañamiento-escolar-24x18.jpg 24w, https://blogsaverroes.juntadeandalucia.es/ceipgenarorincon/files/2020/04/Acompañamiento-escolar-36x27.jpg 36w, https://blogsaverroes.juntadeandalucia.es/ceipgenarorincon/files/2020/04/Acompañamiento-escolar-48x36.jpg 48w, https://blogsaverroes.juntadeandalucia.es/ceipgenarorincon/files/2020/04/Acompañamiento-escolar.jpg 960w" sizes="(max-width: 300px) 100vw, 300px" /></a></p>
<p>Normativa:</p>
<p>&nbsp;</p>
<p><a href="https://www.adideandalucia.es/normas/instruc/Instrucciones24septiembre2018PlanProa.pdf" target="_blank" rel="noopener noreferrer">&nbsp; INSTRUCCIONES de 24 de septiembre de 2018</a>,&nbsp;</p>
<p>&nbsp;</p>

<p>La Consejería de Educación, con objeto de garantizar la igualdad de oportunidades, incrementar el éxito escolar del alumnado y prevenir el absentismo y el abandono escolar temprano, promueve el desarrollo de diferentes actuaciones que&#46;&#46;&#46;</p>
