{"id":2314,"date":"2020-03-10T11:13:28","date_gmt":"2020-03-10T11:13:28","guid":{"rendered":"https:\/\/blogsaverroes.juntadeandalucia.es\/ceipgenarorincon\/?page_id=2314"},"modified":"2021-11-15T09:14:27","modified_gmt":"2021-11-15T09:14:27","slug":"plan-de-centro","status":"publish","type":"page","link":"https:\/\/blogsaverroes.juntadeandalucia.es\/ceipgenarorincon\/plan-de-centro\/","title":{"rendered":"Proyecto Educativo Infantil y Primaria"},"content":{"rendered":"<p>&nbsp;<\/p>\n<p style=\"text-align: left\">&nbsp;<\/p>\n<p>Un centro se define en gran medida por su <strong>Proyecto Educativo<\/strong>. En \u00e9l se plasma el modelo educativo y la concreci\u00f3n de la normativa que un centro realiza respecto a las ense\u00f1anzas que imparte. Aspectos tales como las finales educativas, objetivos, atenci\u00f3n a la diversidad, etc.<\/p>\n<p>Que la web de un centro informe de su Proyecto Educativo es una apuesta clara por la <strong>transparencia<\/strong>.<\/p>\n<p>Este espacio puede mostrar tanto los aspectos esenciales del Proyecto como enlazar a otros documentos o secciones con informaci\u00f3n m\u00e1s detallada.<\/p>\n<p><a href=\"https:\/\/blogsaverroes.juntadeandalucia.es\/ceipgenarorincon\/files\/2015\/03\/proyecto.png\"><img loading=\"lazy\" decoding=\"async\" class=\"size-medium wp-image-1662 alignright\" src=\"https:\/\/blogsaverroes.juntadeandalucia.es\/ceipgenarorincon\/files\/2015\/03\/proyecto-300x266.png\" alt=\"\" width=\"300\" height=\"266\" srcset=\"https:\/\/blogsaverroes.juntadeandalucia.es\/ceipgenarorincon\/files\/2015\/03\/proyecto-300x266.png 300w, https:\/\/blogsaverroes.juntadeandalucia.es\/ceipgenarorincon\/files\/2015\/03\/proyecto.png 640w\" sizes=\"(max-width: 300px) 100vw, 300px\" \/><\/a><\/p>\n<p>&nbsp;<\/p>\n<blockquote><p>\u201cEl Proyecto Educativo de Centro es el instrumento que recoge y comunica una propuesta integral para orientar coherentemente las pr\u00e1cticas educativas que se llevan a cabo en una instituci\u00f3n escolar\u201d<\/p><\/blockquote>\n<p>&nbsp;<\/p>\n<p>&nbsp;<\/p>\n<h1><em><strong>CURSO 2021-2022<\/strong><\/em><\/h1>\n<p>&nbsp;<\/p>\n<p>El Plan de Centro es un documento institucional que recoge los acuerdos que las organizaciones educativas construyamos y servir\u00e1 para establecer la hoja de ruta que guiar\u00e1 nuestras actuaciones y que estar\u00e1n en consonancia con los valores, los objetivos y las prioridades de actuaci\u00f3n del Centro Educativo.&nbsp; Asimismo, incorporar\u00e1 la concreci\u00f3n de los curr\u00edculos establecidos por la Administraci\u00f3n educativa que corresponde fijar y aprobar al Claustro, as\u00ed como el tratamiento transversal en las \u00e1reas, materias o m\u00f3dulos de la educaci\u00f3n en valores y otras ense\u00f1anzas.<\/p>\n<p>Estamos inmersos en una pandemia por <strong>la COVID 19<\/strong>, que ha trasformado nuestra sociedad y por lo tanto nuestra escuela.<\/p>\n<p>La Junta de Andaluc\u00eda ante la situaci\u00f3n originada para&nbsp; garantizar la continuidad acad\u00e9mica del alumnado, ha&nbsp; establecido&nbsp; las pautas de actuaci\u00f3n organizativa y curricular necesarias para que los centros docentes puedan planificar y organizar el curso acad\u00e9mico 2021\/2022.<\/p>\n<p><a href=\"https:\/\/blogsaverroes.juntadeandalucia.es\/ceipgenarorincon\/files\/2021\/11\/PLAN-DE-CENTRO.zip\">PLAN DE CENTRO<\/a> <a href=\"https:\/\/blogsaverroes.juntadeandalucia.es\/ceipgenarorincon\/files\/2021\/11\/PLAN-DE-CENTRO-21-22.pdf\">PLAN DE CENTRO 21-22<\/a><\/p>\n<p>&nbsp;<\/p>\n<p>&nbsp;<\/p>\n<p>&nbsp;<\/p>\n<p>&nbsp;<\/p>\n<p>&nbsp;<\/p>\n<p>&nbsp;<\/p>\n<p>&nbsp;<\/p>\n<p>&nbsp;<\/p>\n<blockquote>\n<h1><em><strong>CURSO 2020-2021<\/strong><\/em><\/h1>\n<\/blockquote>\n<p>Estamos inmersos en una pandemia por <strong>la COVID 19<\/strong>, que ha trasformado nuestra sociedad y por lo tanto nuestra escuela.<\/p>\n<p>La Junta de Andaluc\u00eda Ante la situaci\u00f3n originada tras la declaraci\u00f3n del estado de alarma en nuestro pa\u00eds mediante el <strong>Real Decreto 463\/2020, de 14 de marzo<\/strong>, y para&nbsp; garantizar la continuidad acad\u00e9mica del alumnado, ha&nbsp; establecido&nbsp; las pautas de actuaci\u00f3n organizativa y curricular necesarias para que los centros docentes puedan planificar y organizar el curso acad\u00e9mico 2020\/2021, de forma que se garantice la consolidaci\u00f3n, adquisici\u00f3n, refuerzo o apoyo de los aprendizajes que hayan podido verse afectados por la excepcionalidad de la situaci\u00f3n del curso 2019\/2020.<\/p>\n<p>A lo largo del curso nos podemos encontrar con escenarios diferentes de ense\u00f1anzas, no pudiendo excluir modalidades no presenciales de forma m\u00e1s o menos temporal.<\/p>\n<p>Por lo tanto, la Direcci\u00f3n General de Ordenaci\u00f3n y Evaluaci\u00f3n Educativa, procede a dictar varias instrucciones que unifican criterios a la hora de adoptar decisiones relevantes.<\/p>\n<p>Nuestro PLAN DE CENTRO ha sufrido grandes modificaciones debido a esta pandemia, ha sido aprobado tanto por el Claustro de profesorado como por el Consejo Escolar.&nbsp;<\/p>\n<p>Pueden consultar los documentos que rigen la vida en el centro en los siguientes enlaces.&nbsp;<\/p>\n<p>&nbsp;<\/p>\n<p><a href=\"https:\/\/blogsaverroes.juntadeandalucia.es\/ceipgenarorincon\/files\/2020\/11\/PROYECTO-EDUCATIVO-20-21.pdf\">PROYECTO EDUCATIVO 20&#8212;21<\/a><\/p>\n<p><a href=\"https:\/\/blogsaverroes.juntadeandalucia.es\/ceipgenarorincon\/files\/2020\/11\/PROYECTO-DE-GESTI\u00d3N-2020-21.pdf\">PROYECTO DE GESTI\u00d3N 2020-21<\/a><\/p>\n<p><a href=\"https:\/\/blogsaverroes.juntadeandalucia.es\/ceipgenarorincon\/files\/2020\/11\/ROF-CALETA-DEFINITIVO-2020-21.pdf\">ROF CALETA DEFINITIVO 2020-21<\/a><\/p>\n<p><a href=\"https:\/\/blogsaverroes.juntadeandalucia.es\/ceipgenarorincon\/files\/2020\/11\/ESO_PROYECTO-EDUCATIVO-20_21.docx.pdf\">ESO_PROYECTO EDUCATIVO 20_21.docx<\/a><\/p>\n<p>&nbsp;<\/p>\n","protected":false},"excerpt":{"rendered":"<p>&nbsp; &nbsp; Un centro se define en gran medida por su Proyecto Educativo. En \u00e9l se plasma el modelo educativo y la concreci\u00f3n de la normativa que un centro realiza respecto a las ense\u00f1anzas&#46;&#46;&#46;<\/p>\n","protected":false},"author":2037,"featured_media":0,"parent":0,"menu_order":0,"comment_status":"closed","ping_status":"closed","template":"","meta":{"ngg_post_thumbnail":0,"footnotes":"","_mc_calendar":[]},"aioseo_notices":[],"_links":{"self":[{"href":"https:\/\/blogsaverroes.juntadeandalucia.es\/ceipgenarorincon\/wp-json\/wp\/v2\/pages\/2314"}],"collection":[{"href":"https:\/\/blogsaverroes.juntadeandalucia.es\/ceipgenarorincon\/wp-json\/wp\/v2\/pages"}],"about":[{"href":"https:\/\/blogsaverroes.juntadeandalucia.es\/ceipgenarorincon\/wp-json\/wp\/v2\/types\/page"}],"author":[{"embeddable":true,"href":"https:\/\/blogsaverroes.juntadeandalucia.es\/ceipgenarorincon\/wp-json\/wp\/v2\/users\/2037"}],"replies":[{"embeddable":true,"href":"https:\/\/blogsaverroes.juntadeandalucia.es\/ceipgenarorincon\/wp-json\/wp\/v2\/comments?post=2314"}],"version-history":[{"count":9,"href":"https:\/\/blogsaverroes.juntadeandalucia.es\/ceipgenarorincon\/wp-json\/wp\/v2\/pages\/2314\/revisions"}],"predecessor-version":[{"id":4881,"href":"https:\/\/blogsaverroes.juntadeandalucia.es\/ceipgenarorincon\/wp-json\/wp\/v2\/pages\/2314\/revisions\/4881"}],"wp:attachment":[{"href":"https:\/\/blogsaverroes.juntadeandalucia.es\/ceipgenarorincon\/wp-json\/wp\/v2\/media?parent=2314"}],"curies":[{"name":"wp","href":"https:\/\/api.w.org\/{rel}","templated":true}]}}

<p>&nbsp;</p>
<p style="text-align: left">&nbsp;</p>
<p>Un centro se define en gran medida por su <strong>Proyecto Educativo</strong>. En él se plasma el modelo educativo y la concreción de la normativa que un centro realiza respecto a las enseñanzas que imparte. Aspectos tales como las finales educativas, objetivos, atención a la diversidad, etc.</p>
<p>Que la web de un centro informe de su Proyecto Educativo es una apuesta clara por la <strong>transparencia</strong>.</p>
<p>Este espacio puede mostrar tanto los aspectos esenciales del Proyecto como enlazar a otros documentos o secciones con información más detallada.</p>
<p><a href="https://blogsaverroes.juntadeandalucia.es/ceipgenarorincon/files/2015/03/proyecto.png"><img loading="lazy" decoding="async" class="size-medium wp-image-1662 alignright" src="https://blogsaverroes.juntadeandalucia.es/ceipgenarorincon/files/2015/03/proyecto-300x266.png" alt="" width="300" height="266" srcset="https://blogsaverroes.juntadeandalucia.es/ceipgenarorincon/files/2015/03/proyecto-300x266.png 300w, https://blogsaverroes.juntadeandalucia.es/ceipgenarorincon/files/2015/03/proyecto.png 640w" sizes="(max-width: 300px) 100vw, 300px" /></a></p>
<p>&nbsp;</p>
<blockquote><p>“El Proyecto Educativo de Centro es el instrumento que recoge y comunica una propuesta integral para orientar coherentemente las prácticas educativas que se llevan a cabo en una institución escolar”</p></blockquote>
<p>&nbsp;</p>
<p>&nbsp;</p>
<h1><em><strong>CURSO 2021-2022</strong></em></h1>
<p>&nbsp;</p>
<p>El Plan de Centro es un documento institucional que recoge los acuerdos que las organizaciones educativas construyamos y servirá para establecer la hoja de ruta que guiará nuestras actuaciones y que estarán en consonancia con los valores, los objetivos y las prioridades de actuación del Centro Educativo.&nbsp; Asimismo, incorporará la concreción de los currículos establecidos por la Administración educativa que corresponde fijar y aprobar al Claustro, así como el tratamiento transversal en las áreas, materias o módulos de la educación en valores y otras enseñanzas.</p>
<p>Estamos inmersos en una pandemia por <strong>la COVID 19</strong>, que ha trasformado nuestra sociedad y por lo tanto nuestra escuela.</p>
<p>La Junta de Andalucía ante la situación originada para&nbsp; garantizar la continuidad académica del alumnado, ha&nbsp; establecido&nbsp; las pautas de actuación organizativa y curricular necesarias para que los centros docentes puedan planificar y organizar el curso académico 2021/2022.</p>
<p><a href="https://blogsaverroes.juntadeandalucia.es/ceipgenarorincon/files/2021/11/PLAN-DE-CENTRO.zip">PLAN DE CENTRO</a> <a href="https://blogsaverroes.juntadeandalucia.es/ceipgenarorincon/files/2021/11/PLAN-DE-CENTRO-21-22.pdf">PLAN DE CENTRO 21-22</a></p>
<p>&nbsp;</p>
<p>&nbsp;</p>
<p>&nbsp;</p>
<p>&nbsp;</p>
<p>&nbsp;</p>
<p>&nbsp;</p>
<p>&nbsp;</p>
<p>&nbsp;</p>
<blockquote>
<h1><em><strong>CURSO 2020-2021</strong></em></h1>
</blockquote>
<p>Estamos inmersos en una pandemia por <strong>la COVID 19</strong>, que ha trasformado nuestra sociedad y por lo tanto nuestra escuela.</p>
<p>La Junta de Andalucía Ante la situación originada tras la declaración del estado de alarma en nuestro país mediante el <strong>Real Decreto 463/2020, de 14 de marzo</strong>, y para&nbsp; garantizar la continuidad académica del alumnado, ha&nbsp; establecido&nbsp; las pautas de actuación organizativa y curricular necesarias para que los centros docentes puedan planificar y organizar el curso académico 2020/2021, de forma que se garantice la consolidación, adquisición, refuerzo o apoyo de los aprendizajes que hayan podido verse afectados por la excepcionalidad de la situación del curso 2019/2020.</p>
<p>A lo largo del curso nos podemos encontrar con escenarios diferentes de enseñanzas, no pudiendo excluir modalidades no presenciales de forma más o menos temporal.</p>
<p>Por lo tanto, la Dirección General de Ordenación y Evaluación Educativa, procede a dictar varias instrucciones que unifican criterios a la hora de adoptar decisiones relevantes.</p>
<p>Nuestro PLAN DE CENTRO ha sufrido grandes modificaciones debido a esta pandemia, ha sido aprobado tanto por el Claustro de profesorado como por el Consejo Escolar.&nbsp;</p>
<p>Pueden consultar los documentos que rigen la vida en el centro en los siguientes enlaces.&nbsp;</p>
<p>&nbsp;</p>
<p><a href="https://blogsaverroes.juntadeandalucia.es/ceipgenarorincon/files/2020/11/PROYECTO-EDUCATIVO-20-21.pdf">PROYECTO EDUCATIVO 20&#8212;21</a></p>
<p><a href="https://blogsaverroes.juntadeandalucia.es/ceipgenarorincon/files/2020/11/PROYECTO-DE-GESTIÓN-2020-21.pdf">PROYECTO DE GESTIÓN 2020-21</a></p>
<p><a href="https://blogsaverroes.juntadeandalucia.es/ceipgenarorincon/files/2020/11/ROF-CALETA-DEFINITIVO-2020-21.pdf">ROF CALETA DEFINITIVO 2020-21</a></p>
<p><a href="https://blogsaverroes.juntadeandalucia.es/ceipgenarorincon/files/2020/11/ESO_PROYECTO-EDUCATIVO-20_21.docx.pdf">ESO_PROYECTO EDUCATIVO 20_21.docx</a></p>
<p>&nbsp;</p>

<p>&nbsp; &nbsp; Un centro se define en gran medida por su Proyecto Educativo. En él se plasma el modelo educativo y la concreción de la normativa que un centro realiza respecto a las enseñanzas&#46;&#46;&#46;</p>
